93.34.236.243 - - [20/Jun/2021:15:00:04 +0200] "POST /module/zonethememanager/getFinalDateMiniature HTTP/1.0" 200 28126 "https://www.fuzion.it/" "Mozilla/5.0 (Macintosh; Intel Mac OS X 10_15_7) AppleWebKit/537.36 (KHTML, like Gecko) Chrome/91.0.4472.106 Safari/537.36"
93.34.236.243 - - [20/Jun/2021:15:00:05 +0200] "GET /1458-home_default/lampade-t10-w5w-5-led-canbus-fuzion.jpg HTTP/1.0" 200 9173 "https://www.fuzion.it/" "Mozilla/5.0 (Macintosh; Intel Mac OS X 10_15_7) AppleWebKit/537.36 (KHTML, like Gecko) Chrome/91.0.4472.106 Safari/537.36"
93.34.236.243 - - [20/Jun/2021:15:00:05 +0200] "GET /95-home_default/kit-xenon-h7-c-digital-64bit-35w-alta-qualita-.jpg HTTP/1.0" 200 7834 "https://www.fuzion.it/" "Mozilla/5.0 (Macintosh; Intel Mac OS X 10_15_7) AppleWebKit/537.36 (KHTML, like Gecko) Chrome/91.0.4472.106 Safari/537.36"
93.34.236.243 - - [20/Jun/2021:15:00:05 +0200] "GET /2719-home_default/lampade-t10-w5w-16-led-new-canbus-pro-power-fuzion.jpg HTTP/1.0" 200 70333 "https://www.fuzion.it/" "Mozilla/5.0 (Macintosh; Intel Mac OS X 10_15_7) AppleWebKit/537.36 (KHTML, like Gecko) Chrome/91.0.4472.106 Safari/537.36"
93.34.236.243 - - [20/Jun/2021:15:00:05 +0200] "GET /2702-home_default/lampade-siluro-c5w-c10w-plafoniera-targa-1-led-canbus-pro-power-fuzion.jpg HTTP/1.0" 200 94700 "https://www.fuzion.it/" "Mozilla/5.0 (Macintosh; Intel Mac OS X 10_15_7) AppleWebKit/537.36 (KHTML, like Gecko) Chrome/91.0.4472.106 Safari/537.36"
93.34.236.243 - - [20/Jun/2021:15:00:05 +0200] "GET /1079-home_default/h7-alogene-super-white-pro-effetto-xenon-hid-fuzion.jpg HTTP/1.0" 200 11324 "https://www.fuzion.it/" "Mozilla/5.0 (Macintosh; Intel Mac OS X 10_15_7) AppleWebKit/537.36 (KHTML, like Gecko) Chrome/91.0.4472.106 Safari/537.36"
93.34.236.243 - - [20/Jun/2021:15:00:06 +0200] "POST /module/zonemegamenu/menuDropdownContent HTTP/1.0" 200 479 "https://www.fuzion.it/" "Mozilla/5.0 (Macintosh; Intel Mac OS X 10_15_7) AppleWebKit/537.36 (KHTML, like Gecko) Chrome/91.0.4472.106 Safari/537.36"
93.34.236.243 - - [20/Jun/2021:15:00:06 +0200] "POST /module/zonethememanager/categoryTree HTTP/1.0" 200 10897 "https://www.fuzion.it/" "Mozilla/5.0 (Macintosh; Intel Mac OS X 10_15_7) AppleWebKit/537.36 (KHTML, like Gecko) Chrome/91.0.4472.106 Safari/537.36"
93.34.236.243 - - [20/Jun/2021:15:00:08 +0200] "GET /1709-home_default/hb1-9004-kit-bi-led-36w-canbus-alta-qualita-fuzion.jpg HTTP/1.0" 200 11792 "https://www.fuzion.it/" "Mozilla/5.0 (Macintosh; Intel Mac OS X 10_15_7) AppleWebKit/537.36 (KHTML, like Gecko) Chrome/91.0.4472.106 Safari/537.36"
93.34.236.243 - - [20/Jun/2021:15:00:08 +0200] "GET /2262-home_default/hb4-9006-kit-led-36w-canbus-alta-qualita-fuzion.jpg HTTP/1.0" 200 86835 "https://www.fuzion.it/" "Mozilla/5.0 (Macintosh; Intel Mac OS X 10_15_7) AppleWebKit/537.36 (KHTML, like Gecko) Chrome/91.0.4472.106 Safari/537.36"
93.34.236.243 - - [20/Jun/2021:15:00:08 +0200] "GET /2258-home_default/hb3-9005-kit-led-36w-canbus-alta-qualita-fuzion.jpg HTTP/1.0" 200 86835 "https://www.fuzion.it/" "Mozilla/5.0 (Macintosh; Intel Mac OS X 10_15_7) AppleWebKit/537.36 (KHTML, like Gecko) Chrome/91.0.4472.106 Safari/537.36"
93.34.236.243 - - [20/Jun/2021:15:00:08 +0200] "GET /2267-home_default/h16-5202-kit-led-36w-canbus-alta-qualita-fuzion.jpg HTTP/1.0" 200 85482 "https://www.fuzion.it/" "Mozilla/5.0 (Macintosh; Intel Mac OS X 10_15_7) AppleWebKit/537.36 (KHTML, like Gecko) Chrome/91.0.4472.106 Safari/537.36"
93.34.236.243 - - [20/Jun/2021:15:00:08 +0200] "GET /2331-home_default/h8-kit-led-matrix-50w-canbus-pro-fuzion.jpg HTTP/1.0" 200 80478 "https://www.fuzion.it/" "Mozilla/5.0 (Macintosh; Intel Mac OS X 10_15_7) AppleWebKit/537.36 (KHTML, like Gecko) Chrome/91.0.4472.106 Safari/537.36"
93.34.236.243 - - [20/Jun/2021:15:00:08 +0200] "GET /2340-home_default/h9-kit-led-matrix-50w-canbus-pro-fuzion.jpg HTTP/1.0" 200 80478 "https://www.fuzion.it/" "Mozilla/5.0 (Macintosh; Intel Mac OS X 10_15_7) AppleWebKit/537.36 (KHTML, like Gecko) Chrome/91.0.4472.106 Safari/537.36"
93.34.236.243 - - [20/Jun/2021:15:00:08 +0200] "GET /2358-home_default/h10-kit-led-matrix-50w-canbus-pro-fuzion.jpg HTTP/1.0" 200 91581 "https://www.fuzion.it/" "Mozilla/5.0 (Macintosh; Intel Mac OS X 10_15_7) AppleWebKit/537.36 (KHTML, like Gecko) Chrome/91.0.4472.106 Safari/537.36"
93.34.236.243 - - [20/Jun/2021:15:00:08 +0200] "GET /2349-home_default/h11-kit-led-matrix-50w-canbus-pro-fuzion.jpg HTTP/1.0" 200 80478 "https://www.fuzion.it/" "Mozilla/5.0 (Macintosh; Intel Mac OS X 10_15_7) AppleWebKit/537.36 (KHTML, like Gecko) Chrome/91.0.4472.106 Safari/537.36"
93.34.236.243 - - [20/Jun/2021:15:00:09 +0200] "GET /2879-home_default/kit-ricambio-lampade-xenon-d3s-oem-xenpro-fuzion-pro-quality.jpg HTTP/1.0" 200 83305 "https://www.fuzion.it/" "Mozilla/5.0 (Macintosh; Intel Mac OS X 10_15_7) AppleWebKit/537.36 (KHTML, like Gecko) Chrome/91.0.4472.106 Safari/537.36"
93.34.236.243 - - [20/Jun/2021:15:00:09 +0200] "GET /1222-home_default/kit-4-sensori-di-parcheggio-con-display-lcd-a-colori-pro-fuzion.jpg HTTP/1.0" 200 16567 "https://www.fuzion.it/" "Mozilla/5.0 (Macintosh; Intel Mac OS X 10_15_7) AppleWebKit/537.36 (KHTML, like Gecko) Chrome/91.0.4472.106 Safari/537.36"
93.34.236.243 - - [20/Jun/2021:15:00:09 +0200] "GET /843-home_default/kit-ricambio-lampade-xenon-d4s-oem-xenpro-fuzion-pro-quality.jpg HTTP/1.0" 200 7671 "https://www.fuzion.it/" "Mozilla/5.0 (Macintosh; Intel Mac OS X 10_15_7) AppleWebKit/537.36 (KHTML, like Gecko) Chrome/91.0.4472.106 Safari/537.36"
93.34.236.243 - - [20/Jun/2021:15:00:09 +0200] "GET /2168-home_default/h16-alogene-super-white-pro-effetto-xenon-hid-fuzion.jpg HTTP/1.0" 200 11559 "https://www.fuzion.it/" "Mozilla/5.0 (Macintosh; Intel Mac OS X 10_15_7) AppleWebKit/537.36 (KHTML, like Gecko) Chrome/91.0.4472.106 Safari/537.36"
93.34.236.243 - - [20/Jun/2021:15:00:09 +0200] "GET /2162-home_default/h12-alogene-super-white-pro-effetto-xenon-hid-fuzion.jpg HTTP/1.0" 200 11005 "https://www.fuzion.it/" "Mozilla/5.0 (Macintosh; Intel Mac OS X 10_15_7) AppleWebKit/537.36 (KHTML, like Gecko) Chrome/91.0.4472.106 Safari/537.36"
93.34.236.243 - - [20/Jun/2021:15:00:09 +0200] "GET /1215-home_default/kit-4-sensori-di-parcheggio-con-display-led-slim-pro-fuzion.jpg HTTP/1.0" 200 14743 "https://www.fuzion.it/" "Mozilla/5.0 (Macintosh; Intel Mac OS X 10_15_7) AppleWebKit/537.36 (KHTML, like Gecko) Chrome/91.0.4472.106 Safari/537.36"
93.34.236.243 - - [20/Jun/2021:15:00:09 +0200] "GET /2159-home_default/h2-alogene-super-white-pro-effetto-xenon-hid-fuzion.jpg HTTP/1.0" 200 12136 "https://www.fuzion.it/" "Mozilla/5.0 (Macintosh; Intel Mac OS X 10_15_7) AppleWebKit/537.36 (KHTML, like Gecko) Chrome/91.0.4472.106 Safari/537.36"
93.34.236.243 - - [20/Jun/2021:15:00:09 +0200] "GET /1178-home_default/ba15s-p21w-1156-chrome-pro-luci-di-segnalazione-fuzion.jpg HTTP/1.0" 200 10664 "https://www.fuzion.it/" "Mozilla/5.0 (Macintosh; Intel Mac OS X 10_15_7) AppleWebKit/537.36 (KHTML, like Gecko) Chrome/91.0.4472.106 Safari/537.36"
80.211.21.168 - - [20/Jun/2021:15:00:02 +0200] "GET /mcadmin/index.php?controller=AdminSearch&action=searchCron&ajax=1&full=1&token=3ztiax6t&id_shop=1 HTTP/1.0" 200 1048 "-" "curl/7.29.0"
93.34.236.243 - - [20/Jun/2021:15:00:13 +0200] "GET /2274-home_default/881-h27-kit-led-36w-canbus-alta-qualita-fuzion.jpg HTTP/1.0" 200 90686 "https://www.fuzion.it/" "Mozilla/5.0 (Macintosh; Intel Mac OS X 10_15_7) AppleWebKit/537.36 (KHTML, like Gecko) Chrome/91.0.4472.106 Safari/537.36"
93.34.236.243 - - [20/Jun/2021:15:00:13 +0200] "GET /2271-home_default/880-h26-kit-led-36w-canbus-alta-qualita-fuzion.jpg HTTP/1.0" 200 90686 "https://www.fuzion.it/" "Mozilla/5.0 (Macintosh; Intel Mac OS X 10_15_7) AppleWebKit/537.36 (KHTML, like Gecko) Chrome/91.0.4472.106 Safari/537.36"
93.34.236.243 - - [20/Jun/2021:15:00:13 +0200] "GET /2278-home_default/hir2-9012-kit-led-36w-canbus-alta-qualita-fuzion.jpg HTTP/1.0" 200 86090 "https://www.fuzion.it/" "Mozilla/5.0 (Macintosh; Intel Mac OS X 10_15_7) AppleWebKit/537.36 (KHTML, like Gecko) Chrome/91.0.4472.106 Safari/537.36"
93.34.236.243 - - [20/Jun/2021:15:00:13 +0200] "GET /1727-home_default/hb5-9007-kit-bi-led-36w-canbus-alta-qualita-fuzion.jpg HTTP/1.0" 200 11792 "https://www.fuzion.it/" "Mozilla/5.0 (Macintosh; Intel Mac OS X 10_15_7) AppleWebKit/537.36 (KHTML, like Gecko) Chrome/91.0.4472.106 Safari/537.36"
93.34.236.243 - - [20/Jun/2021:15:00:13 +0200] "GET /2289-home_default/h1-kit-led-matrix-50w-canbus-pro-fuzion.jpg HTTP/1.0" 200 87327 "https://www.fuzion.it/" "Mozilla/5.0 (Macintosh; Intel Mac OS X 10_15_7) AppleWebKit/537.36 (KHTML, like Gecko) Chrome/91.0.4472.106 Safari/537.36"
93.34.236.243 - - [20/Jun/2021:15:00:13 +0200] "GET /2302-home_default/h3-kit-led-matrix-50w-canbus-pro-fuzion.jpg HTTP/1.0" 200 84941 "https://www.fuzion.it/" "Mozilla/5.0 (Macintosh; Intel Mac OS X 10_15_7) AppleWebKit/537.36 (KHTML, like Gecko) Chrome/91.0.4472.106 Safari/537.36"
93.34.236.243 - - [20/Jun/2021:15:00:13 +0200] "GET /2316-home_default/h4-kit-bi-led-matrix-50w-canbus-pro-fuzion.jpg HTTP/1.0" 200 75652 "https://www.fuzion.it/" "Mozilla/5.0 (Macintosh; Intel Mac OS X 10_15_7) AppleWebKit/537.36 (KHTML, like Gecko) Chrome/91.0.4472.106 Safari/537.36"
93.34.236.243 - - [20/Jun/2021:15:00:13 +0200] "GET /2901-home_default/kit-ricambio-lampade-xenon-d2s-35w-hid-standard-fuzion.jpg HTTP/1.0" 200 75198 "https://www.fuzion.it/" "Mozilla/5.0 (Macintosh; Intel Mac OS X 10_15_7) AppleWebKit/537.36 (KHTML, like Gecko) Chrome/91.0.4472.106 Safari/537.36"
93.34.236.243 - - [20/Jun/2021:15:00:13 +0200] "GET /2873-home_default/kit-ricambio-lampade-xenon-d1s-oem-xenpro-fuzion-pro-quality.jpg HTTP/1.0" 200 76700 "https://www.fuzion.it/" "Mozilla/5.0 (Macintosh; Intel Mac OS X 10_15_7) AppleWebKit/537.36 (KHTML, like Gecko) Chrome/91.0.4472.106 Safari/537.36"
93.34.236.243 - - [20/Jun/2021:15:00:13 +0200] "GET /2907-home_default/kit-ricambio-lampade-xenon-d3s-hid-standard-fuzion.jpg HTTP/1.0" 200 71279 "https://www.fuzion.it/" "Mozilla/5.0 (Macintosh; Intel Mac OS X 10_15_7) AppleWebKit/537.36 (KHTML, like Gecko) Chrome/91.0.4472.106 Safari/537.36"
93.34.236.243 - - [20/Jun/2021:15:00:13 +0200] "GET /3066-home_default/kit-2-sensori-di-parcheggio-con-retrocamera-hd-170-3-in-1-pro-fuzion.jpg HTTP/1.0" 200 51813 "https://www.fuzion.it/" "Mozilla/5.0 (Macintosh; Intel Mac OS X 10_15_7) AppleWebKit/537.36 (KHTML, like Gecko) Chrome/91.0.4472.106 Safari/537.36"
93.34.236.243 - - [20/Jun/2021:15:00:13 +0200] "GET /3051-home_default/kit-sensore-di-parcheggio-con-retrocamera-hd-170-all-in-one-pro-fuzion.jpg HTTP/1.0" 200 67149 "https://www.fuzion.it/" "Mozilla/5.0 (Macintosh; Intel Mac OS X 10_15_7) AppleWebKit/537.36 (KHTML, like Gecko) Chrome/91.0.4472.106 Safari/537.36"
93.34.236.243 - - [20/Jun/2021:15:00:13 +0200] "GET /1247-home_default/kit-8-sensori-di-parcheggio-fronteretro-con-display-lcd-a-colori-pro-fuzion.jpg HTTP/1.0" 200 17382 "https://www.fuzion.it/" "Mozilla/5.0 (Macintosh; Intel Mac OS X 10_15_7) AppleWebKit/537.36 (KHTML, like Gecko) Chrome/91.0.4472.106 Safari/537.36"
93.34.236.243 - - [20/Jun/2021:15:00:14 +0200] "GET /1988-home_default/kit-8-sensori-di-parcheggio-fronteretro-con-display-led-slim-pro-fuzion.jpg HTTP/1.0" 200 17159 "https://www.fuzion.it/" "Mozilla/5.0 (Macintosh; Intel Mac OS X 10_15_7) AppleWebKit/537.36 (KHTML, like Gecko) Chrome/91.0.4472.106 Safari/537.36"
93.34.236.243 - - [20/Jun/2021:15:00:14 +0200] "GET /2186-home_default/hb4a-9006xs-alogene-super-white-pro-effetto-xenon-hid-fuzion.jpg HTTP/1.0" 200 9091 "https://www.fuzion.it/" "Mozilla/5.0 (Macintosh; Intel Mac OS X 10_15_7) AppleWebKit/537.36 (KHTML, like Gecko) Chrome/91.0.4472.106 Safari/537.36"
93.34.236.243 - - [20/Jun/2021:15:00:14 +0200] "GET /2190-home_default/hir1-9011-alogene-super-white-pro-effetto-xenon-hid-fuzion.jpg HTTP/1.0" 200 11082 "https://www.fuzion.it/" "Mozilla/5.0 (Macintosh; Intel Mac OS X 10_15_7) AppleWebKit/537.36 (KHTML, like Gecko) Chrome/91.0.4472.106 Safari/537.36"
93.34.236.243 - - [20/Jun/2021:15:00:14 +0200] "GET /2194-home_default/t10-w5w-chrome-pro-luci-di-segnalazione-fuzion.jpg HTTP/1.0" 200 9831 "https://www.fuzion.it/" "Mozilla/5.0 (Macintosh; Intel Mac OS X 10_15_7) AppleWebKit/537.36 (KHTML, like Gecko) Chrome/91.0.4472.106 Safari/537.36"
93.34.236.243 - - [20/Jun/2021:15:00:14 +0200] "GET /2178-home_default/hb3a-9005xs-alogene-super-white-pro-effetto-xenon-hid-fuzion.jpg HTTP/1.0" 200 12460 "https://www.fuzion.it/" "Mozilla/5.0 (Macintosh; Intel Mac OS X 10_15_7) AppleWebKit/537.36 (KHTML, like Gecko) Chrome/91.0.4472.106 Safari/537.36"
93.34.236.243 - - [20/Jun/2021:15:00:19 +0200] "GET /1157-home_default/w5w-t10-alogene-super-white-pro-effetto-xenon-hid-fuzion.jpg HTTP/1.0" 200 11804 "https://www.fuzion.it/" "Mozilla/5.0 (Macintosh; Intel Mac OS X 10_15_7) AppleWebKit/537.36 (KHTML, like Gecko) Chrome/91.0.4472.106 Safari/537.36"
66.249.89.200 - - [20/Jun/2021:15:01:36 +0200] "POST /module/zonethememanager/getFinalDate HTTP/1.0" 200 775 "https://www.fuzion.it/ricambi-xenon-auto-professionali/387-kit-ricambio-lampade-xenon-d3s-oem-xenpro-fuzion-pro-quality.html" "Mozilla/5.0 (iPhone; CPU iPhone OS 9_1 like Mac OS X) AppleWebKit/601.1.46 (KHTML, like Gecko) Version/9.0 Mobile/13B143 Safari/601.1 (compatible; AdsBot-Google-Mobile; +http://www.google.com/mobile/adsbot.html)"
185.191.171.16 - - [20/Jun/2021:15:02:52 +0200] "GET /kit-xenon-digital-64bit-55w/63-kit-bi-xenon-h4-3-digital-64bit-55w-alta-qualita-.html HTTP/1.0" 200 144504 "-" "Mozilla/5.0 (compatible; SemrushBot/7~bl; +http://www.semrush.com/bot.html)"
54.36.148.88 - - [20/Jun/2021:15:02:53 +0200] "GET /ricambi-xenon-moto-e-scooter/424-kit-ricambio-lampade-xenon-moto-h7-r-xenpro-fuzion-pro-quality.html HTTP/1.0" 200 144977 "-" "Mozilla/5.0 (compatible; AhrefsBot/7.0; +http://ahrefs.com/robot/)"
151.57.60.51 - - [20/Jun/2021:15:03:40 +0200] "GET /1071-medium_default/h7-alogene-super-white-pro-effetto-xenon-hid-fuzion.jpg HTTP/1.0" 200 38535 "https://www.google.com/blank.html" "Mozilla/5.0 (Linux; Android 7.0; SM-J530F Build/NRD90M; wv) AppleWebKit/537.36 (KHTML, like Gecko) Version/4.0 Chrome/80.0.3987.99 Mobile Safari/537.36 GSA/11.16.13.21.arm"
93.34.236.243 - - [20/Jun/2021:15:04:02 +0200] "GET /contattaci HTTP/1.0" 200 52557 "https://www.fuzion.it/" "Mozilla/5.0 (Macintosh; Intel Mac OS X 10_15_7) AppleWebKit/537.36 (KHTML, like Gecko) Chrome/91.0.4472.106 Safari/537.36"
93.34.236.243 - - [20/Jun/2021:15:04:02 +0200] "POST /module/newsletterpro/ajax HTTP/1.0" 200 519 "https://www.fuzion.it/contattaci" "Mozilla/5.0 (Macintosh; Intel Mac OS X 10_15_7) AppleWebKit/537.36 (KHTML, like Gecko) Chrome/91.0.4472.106 Safari/537.36"
93.34.236.243 - - [20/Jun/2021:15:04:03 +0200] "POST /module/zonemegamenu/menuDropdownContent HTTP/1.0" 200 479 "https://www.fuzion.it/contattaci" "Mozilla/5.0 (Macintosh; Intel Mac OS X 10_15_7) AppleWebKit/537.36 (KHTML, like Gecko) Chrome/91.0.4472.106 Safari/537.36"
93.34.236.243 - - [20/Jun/2021:15:04:04 +0200] "POST /module/zonethememanager/categoryTree HTTP/1.0" 200 10897 "https://www.fuzion.it/contattaci" "Mozilla/5.0 (Macintosh; Intel Mac OS X 10_15_7) AppleWebKit/537.36 (KHTML, like Gecko) Chrome/91.0.4472.106 Safari/537.36"
173.252.87.119 - - [20/Jun/2021:15:05:56 +0200] "GET /facebookproductad.xml.php?id_shop=1&id_lang=2&country=IT&currency_iso=EUR&token=4adc503825c1701d7c6a53b252364f85 HTTP/1.0" 200 2525123 "-" "facebookexternalhit/1.1 (+http://www.facebook.com/externalhit_uatext.php)"
54.36.149.81 - - [20/Jun/2021:15:08:02 +0200] "GET /kit-xenon-canbus-64bit-55w/144-519-kit-xenon-h4-2-canbus-64bit-55w-alta-qualita-.html HTTP/1.0" 200 140089 "-" "Mozilla/5.0 (compatible; AhrefsBot/7.0; +http://ahrefs.com/robot/)"
207.46.13.52 - - [20/Jun/2021:15:10:45 +0200] "GET /led-interni-esterni-1224v/577-lampade-hb5-9007-50w-led-canbus-fuzion.html HTTP/1.0" 200 130398 "-" "Mozilla/5.0 (compatible; bingbot/2.0; +http://www.bing.com/bingbot.htm)"
40.77.167.16 - - [20/Jun/2021:15:11:34 +0200] "GET /189-lampade-xenon-oem-originali HTTP/1.0" 200 171617 "-" "Mozilla/5.0 (compatible; bingbot/2.0; +http://www.bing.com/bingbot.htm)"
146.241.14.89 - - [20/Jun/2021:15:11:47 +0200] "GET /module/newsletterpro/api?action=openedEmail&token=b1bea600d7f8a5312bae42ecdb85343c&email=manuelito.carbani@alice.it HTTP/1.0" 200 1610 "-" "Mozilla/5.0 (iPhone; CPU iPhone OS 14_6 like Mac OS X) AppleWebKit/605.1.15 (KHTML, like Gecko) Mobile/15E148"
207.46.13.52 - - [20/Jun/2021:15:11:55 +0200] "GET /37-kit-led-auto-moto-e-24v HTTP/1.0" 301 407 "-" "Mozilla/5.0 (compatible; bingbot/2.0; +http://www.bing.com/bingbot.htm)"
66.249.81.184 - - [20/Jun/2021:15:13:00 +0200] "GET /1079-medium_default/h7-alogene-super-white-pro-effetto-xenon-hid-fuzion.jpg HTTP/1.0" 200 26045 "-" "Mozilla/5.0 (Windows NT 5.1; rv:11.0) Gecko Firefox/11.0 (via ggpht.com GoogleImageProxy)"
66.249.81.184 - - [20/Jun/2021:15:13:00 +0200] "GET /module/newsletterpro/api?action=openedEmail&token=b1bea600d7f8a5312bae42ecdb85343c&email=ivano.bortolomai@gmail.com HTTP/1.0" 200 1610 "-" "Mozilla/5.0 (Windows NT 5.1; rv:11.0) Gecko Firefox/11.0 (via ggpht.com GoogleImageProxy)"
54.36.148.37 - - [20/Jun/2021:15:13:14 +0200] "GET /lampade-alogene-12volt/479-h4-alogene-super-white-pro-effetto-xenon-hid-fuzion.html?wsr_p=2 HTTP/1.0" 200 155781 "-" "Mozilla/5.0 (compatible; AhrefsBot/7.0; +http://ahrefs.com/robot/)"
66.249.89.200 - - [20/Jun/2021:15:13:54 +0200] "POST /module/zonethememanager/getFinalDateMiniature HTTP/1.0" 200 6144 "https://www.fuzion.it/114-led-interni-esterni-1224v" "AdsBot-Google (+http://www.google.com/adsbot.html)"
66.249.89.200 - - [20/Jun/2021:15:14:15 +0200] "POST /module/newsletterpro/ajax HTTP/1.0" 200 519 "https://www.fuzion.it/114-led-interni-esterni-1224v" "AdsBot-Google (+http://www.google.com/adsbot.html)"
66.249.89.202 - - [20/Jun/2021:15:14:18 +0200] "POST /module/newsletterpro/ajax HTTP/1.0" 200 519 "https://www.fuzion.it/kit-led-moto-professionali/610-h4-kit-bi-led-matrix-moto-50w-canbus-pro-fuzion.html" "AdsBot-Google (+http://www.google.com/adsbot.html)"
66.249.89.200 - - [20/Jun/2021:15:14:18 +0200] "POST /module/zonemegamenu/menuDropdownContent HTTP/1.0" 200 479 "https://www.fuzion.it/114-led-interni-esterni-1224v" "AdsBot-Google (+http://www.google.com/adsbot.html)"
66.249.89.202 - - [20/Jun/2021:15:14:19 +0200] "POST /module/zonethememanager/categoryTree HTTP/1.0" 200 10897 "https://www.fuzion.it/114-led-interni-esterni-1224v" "AdsBot-Google (+http://www.google.com/adsbot.html)"
66.249.89.200 - - [20/Jun/2021:15:14:26 +0200] "POST /module/zonemegamenu/menuDropdownContent HTTP/1.0" 200 479 "https://www.fuzion.it/kit-led-moto-professionali/610-h4-kit-bi-led-matrix-moto-50w-canbus-pro-fuzion.html" "AdsBot-Google (+http://www.google.com/adsbot.html)"
151.26.21.149 - - [20/Jun/2021:15:15:02 +0200] "GET /kit-led-moto-professionali/610-h4-kit-bi-led-matrix-moto-50w-canbus-pro-fuzion.html HTTP/1.0" 200 173639 "https://www.fuzion.it/kit-led-moto-alta-qualita-/602-h4-kit-bi-led-36w-canbus-alta-qualita-fuzion.html" "Mozilla/5.0 (iPhone; CPU iPhone OS 14_6 like Mac OS X) AppleWebKit/605.1.15 (KHTML, like Gecko) Version/14.1.1 Mobile/15E148 Safari/604.1"
151.26.21.149 - - [20/Jun/2021:15:15:03 +0200] "POST /module/newsletterpro/ajax HTTP/1.0" 200 519 "https://www.fuzion.it/kit-led-moto-professionali/610-h4-kit-bi-led-matrix-moto-50w-canbus-pro-fuzion.html" "Mozilla/5.0 (iPhone; CPU iPhone OS 14_6 like Mac OS X) AppleWebKit/605.1.15 (KHTML, like Gecko) Version/14.1.1 Mobile/15E148 Safari/604.1"
212.82.108.87 - - [20/Jun/2021:15:15:08 +0200] "GET /module/newsletterpro/api?action=openedEmail&token=b1bea600d7f8a5312bae42ecdb85343c&email=mariobarba@yahoo.it HTTP/1.0" 200 1610 "-" "YahooMailProxy; https://help.yahoo.com/kb/yahoo-mail-proxy-SLN28749.html"
37.183.2.133 - - [20/Jun/2021:15:15:36 +0200] "GET /2879-large_default/kit-ricambio-lampade-xenon-d3s-oem-xenpro-fuzion-pro-quality.jpg HTTP/1.0" 200 372423 "https://www.google.com/" "Mozilla/5.0 (Windows NT 10.0; Win64; x64) AppleWebKit/537.36 (KHTML, like Gecko) Chrome/91.0.4472.106 Safari/537.36"
37.183.2.133 - - [20/Jun/2021:15:15:46 +0200] "GET /ricambi-xenon-auto-professionali/387-kit-ricambio-lampade-xenon-d3s-oem-xenpro-fuzion-pro-quality.html HTTP/1.0" 200 170951 "https://www.google.com/" "Mozilla/5.0 (Windows NT 10.0; Win64; x64) AppleWebKit/537.36 (KHTML, like Gecko) Chrome/91.0.4472.106 Safari/537.36"
37.183.2.133 - - [20/Jun/2021:15:15:47 +0200] "GET /2880-small_default/kit-ricambio-lampade-xenon-d3s-oem-xenpro-fuzion-pro-quality.jpg HTTP/1.0" 200 14278 "https://www.fuzion.it/ricambi-xenon-auto-professionali/387-kit-ricambio-lampade-xenon-d3s-oem-xenpro-fuzion-pro-quality.html" "Mozilla/5.0 (Windows NT 10.0; Win64; x64) AppleWebKit/537.36 (KHTML, like Gecko) Chrome/91.0.4472.106 Safari/537.36"
37.183.2.133 - - [20/Jun/2021:15:15:47 +0200] "GET /2879-medium_default/kit-ricambio-lampade-xenon-d3s-oem-xenpro-fuzion-pro-quality.jpg HTTP/1.0" 200 246193 "https://www.fuzion.it/ricambi-xenon-auto-professionali/387-kit-ricambio-lampade-xenon-d3s-oem-xenpro-fuzion-pro-quality.html" "Mozilla/5.0 (Windows NT 10.0; Win64; x64) AppleWebKit/537.36 (KHTML, like Gecko) Chrome/91.0.4472.106 Safari/537.36"
37.183.2.133 - - [20/Jun/2021:15:15:47 +0200] "GET /2879-small_default/kit-ricambio-lampade-xenon-d3s-oem-xenpro-fuzion-pro-quality.jpg HTTP/1.0" 200 13561 "https://www.fuzion.it/ricambi-xenon-auto-professionali/387-kit-ricambio-lampade-xenon-d3s-oem-xenpro-fuzion-pro-quality.html" "Mozilla/5.0 (Windows NT 10.0; Win64; x64) AppleWebKit/537.36 (KHTML, like Gecko) Chrome/91.0.4472.106 Safari/537.36"
37.183.2.133 - - [20/Jun/2021:15:15:47 +0200] "GET /2879-home_default/kit-ricambio-lampade-xenon-d3s-oem-xenpro-fuzion-pro-quality.jpg HTTP/1.0" 200 83305 "https://www.fuzion.it/ricambi-xenon-auto-professionali/387-kit-ricambio-lampade-xenon-d3s-oem-xenpro-fuzion-pro-quality.html" "Mozilla/5.0 (Windows NT 10.0; Win64; x64) AppleWebKit/537.36 (KHTML, like Gecko) Chrome/91.0.4472.106 Safari/537.36"
37.183.2.133 - - [20/Jun/2021:15:15:47 +0200] "GET /2881-small_default/kit-ricambio-lampade-xenon-d3s-oem-xenpro-fuzion-pro-quality.jpg HTTP/1.0" 200 13113 "https://www.fuzion.it/ricambi-xenon-auto-professionali/387-kit-ricambio-lampade-xenon-d3s-oem-xenpro-fuzion-pro-quality.html" "Mozilla/5.0 (Windows NT 10.0; Win64; x64) AppleWebKit/537.36 (KHTML, like Gecko) Chrome/91.0.4472.106 Safari/537.36"
37.183.2.133 - - [20/Jun/2021:15:15:47 +0200] "GET /2879-large_default/kit-ricambio-lampade-xenon-d3s-oem-xenpro-fuzion-pro-quality.jpg HTTP/1.0" 200 372423 "https://www.fuzion.it/ricambi-xenon-auto-professionali/387-kit-ricambio-lampade-xenon-d3s-oem-xenpro-fuzion-pro-quality.html" "Mozilla/5.0 (Windows NT 10.0; Win64; x64) AppleWebKit/537.36 (KHTML, like Gecko) Chrome/91.0.4472.106 Safari/537.36"
37.183.2.133 - - [20/Jun/2021:15:15:47 +0200] "POST /module/newsletterpro/ajax HTTP/1.0" 200 519 "https://www.fuzion.it/ricambi-xenon-auto-professionali/387-kit-ricambio-lampade-xenon-d3s-oem-xenpro-fuzion-pro-quality.html" "Mozilla/5.0 (Windows NT 10.0; Win64; x64) AppleWebKit/537.36 (KHTML, like Gecko) Chrome/91.0.4472.106 Safari/537.36"
37.183.2.133 - - [20/Jun/2021:15:15:48 +0200] "POST /module/zonethememanager/getFinalDate HTTP/1.0" 200 775 "https://www.fuzion.it/ricambi-xenon-auto-professionali/387-kit-ricambio-lampade-xenon-d3s-oem-xenpro-fuzion-pro-quality.html" "Mozilla/5.0 (Windows NT 10.0; Win64; x64) AppleWebKit/537.36 (KHTML, like Gecko) Chrome/91.0.4472.106 Safari/537.36"
37.183.2.133 - - [20/Jun/2021:15:15:48 +0200] "POST /module/zonemegamenu/menuDropdownContent HTTP/1.0" 200 479 "https://www.fuzion.it/ricambi-xenon-auto-professionali/387-kit-ricambio-lampade-xenon-d3s-oem-xenpro-fuzion-pro-quality.html" "Mozilla/5.0 (Windows NT 10.0; Win64; x64) AppleWebKit/537.36 (KHTML, like Gecko) Chrome/91.0.4472.106 Safari/537.36"
37.183.2.133 - - [20/Jun/2021:15:15:48 +0200] "POST /module/zonethememanager/categoryTree HTTP/1.0" 200 10897 "https://www.fuzion.it/ricambi-xenon-auto-professionali/387-kit-ricambio-lampade-xenon-d3s-oem-xenpro-fuzion-pro-quality.html" "Mozilla/5.0 (Windows NT 10.0; Win64; x64) AppleWebKit/537.36 (KHTML, like Gecko) Chrome/91.0.4472.106 Safari/537.36"
37.183.2.133 - - [20/Jun/2021:15:15:51 +0200] "GET /2880-large_default/kit-ricambio-lampade-xenon-d3s-oem-xenpro-fuzion-pro-quality.jpg HTTP/1.0" 200 406499 "https://www.fuzion.it/ricambi-xenon-auto-professionali/387-kit-ricambio-lampade-xenon-d3s-oem-xenpro-fuzion-pro-quality.html" "Mozilla/5.0 (Windows NT 10.0; Win64; x64) AppleWebKit/537.36 (KHTML, like Gecko) Chrome/91.0.4472.106 Safari/537.36"
37.183.2.133 - - [20/Jun/2021:15:15:51 +0200] "GET /2880-medium_default/kit-ricambio-lampade-xenon-d3s-oem-xenpro-fuzion-pro-quality.jpg HTTP/1.0" 200 250935 "https://www.fuzion.it/ricambi-xenon-auto-professionali/387-kit-ricambio-lampade-xenon-d3s-oem-xenpro-fuzion-pro-quality.html" "Mozilla/5.0 (Windows NT 10.0; Win64; x64) AppleWebKit/537.36 (KHTML, like Gecko) Chrome/91.0.4472.106 Safari/537.36"
37.183.2.133 - - [20/Jun/2021:15:15:53 +0200] "GET /2881-large_default/kit-ricambio-lampade-xenon-d3s-oem-xenpro-fuzion-pro-quality.jpg HTTP/1.0" 200 420343 "https://www.fuzion.it/ricambi-xenon-auto-professionali/387-kit-ricambio-lampade-xenon-d3s-oem-xenpro-fuzion-pro-quality.html" "Mozilla/5.0 (Windows NT 10.0; Win64; x64) AppleWebKit/537.36 (KHTML, like Gecko) Chrome/91.0.4472.106 Safari/537.36"
37.183.2.133 - - [20/Jun/2021:15:15:53 +0200] "GET /2881-medium_default/kit-ricambio-lampade-xenon-d3s-oem-xenpro-fuzion-pro-quality.jpg HTTP/1.0" 200 231145 "https://www.fuzion.it/ricambi-xenon-auto-professionali/387-kit-ricambio-lampade-xenon-d3s-oem-xenpro-fuzion-pro-quality.html" "Mozilla/5.0 (Windows NT 10.0; Win64; x64) AppleWebKit/537.36 (KHTML, like Gecko) Chrome/91.0.4472.106 Safari/537.36"
66.249.89.200 - - [20/Jun/2021:15:16:07 +0200] "POST /module/newsletterpro/ajax HTTP/1.0" 200 519 "https://www.fuzion.it/kit-xenon-digital-64bit-55w/66-kit-xenon-h7-c-digital-64bit-55w-alta-qualita-.html" "AdsBot-Google (+http://www.google.com/adsbot.html)"
34.252.62.252 - - [20/Jun/2021:15:16:10 +0200] "HEAD /1962-large_default/modulo-h9-filtro-canbus-led-no-error-fuzion.jpg HTTP/1.0" 200 137 "eshoppingadvisor.com" "Mozilla/5.0 (Macintosh; Intel Mac OS X 10_15_6) AppleWebKit/537.36 (KHTML, like Gecko) Chrome/86.0.4240.80 Safari/537.36 OPR/72.0.3815.148"
66.249.89.200 - - [20/Jun/2021:15:16:24 +0200] "POST /module/zonethememanager/getFinalDate HTTP/1.0" 200 775 "https://www.fuzion.it/kit-xenon-digital-64bit-55w/66-kit-xenon-h7-c-digital-64bit-55w-alta-qualita-.html" "AdsBot-Google (+http://www.google.com/adsbot.html)"
66.249.89.200 - - [20/Jun/2021:15:16:44 +0200] "POST /module/zonemegamenu/menuDropdownContent HTTP/1.0" 200 479 "https://www.fuzion.it/kit-xenon-digital-64bit-55w/66-kit-xenon-h7-c-digital-64bit-55w-alta-qualita-.html" "AdsBot-Google (+http://www.google.com/adsbot.html)"
66.249.89.200 - - [20/Jun/2021:15:16:44 +0200] "POST /module/zonethememanager/categoryTree HTTP/1.0" 200 10897 "https://www.fuzion.it/kit-xenon-digital-64bit-55w/66-kit-xenon-h7-c-digital-64bit-55w-alta-qualita-.html" "AdsBot-Google (+http://www.google.com/adsbot.html)"
66.249.89.200 - - [20/Jun/2021:15:16:50 +0200] "POST /module/newsletterpro/ajax HTTP/1.0" 200 519 "https://www.fuzion.it/led-interni-esterni-1224v/543-lampade-t5-1-led-smd-fuzion.html" "AdsBot-Google (+http://www.google.com/adsbot.html)"
66.249.89.200 - - [20/Jun/2021:15:16:56 +0200] "POST /module/zonethememanager/getFinalDate HTTP/1.0" 200 775 "https://www.fuzion.it/led-interni-esterni-1224v/543-lampade-t5-1-led-smd-fuzion.html" "AdsBot-Google (+http://www.google.com/adsbot.html)"
66.249.89.200 - - [20/Jun/2021:15:16:57 +0200] "POST /module/zonemegamenu/menuDropdownContent HTTP/1.0" 200 479 "https://www.fuzion.it/led-interni-esterni-1224v/543-lampade-t5-1-led-smd-fuzion.html" "AdsBot-Google (+http://www.google.com/adsbot.html)"
66.249.76.4 - - [20/Jun/2021:15:17:03 +0200] "GET /kit-led-per-veicoli-24volt/518-h4-kit-bi-led-matrix-50w-canbus-pro-fuzion.html HTTP/1.0" 200 180001 "-" "Mozilla/5.0 (compatible; Googlebot/2.1; +http://www.google.com/bot.html)"
66.249.89.200 - - [20/Jun/2021:15:17:04 +0200] "POST /module/zonethememanager/categoryTree HTTP/1.0" 200 10897 "https://www.fuzion.it/led-interni-esterni-1224v/543-lampade-t5-1-led-smd-fuzion.html" "AdsBot-Google (+http://www.google.com/adsbot.html)"
66.249.89.200 - - [20/Jun/2021:15:17:49 +0200] "GET /centraline-xenon-oem-originali/465-centralina-xenon-al-bosch-1307329153-alta-qualita-fuzion.html HTTP/1.0" 200 131060 "-" "AdsBot-Google (+http://www.google.com/adsbot.html)"
66.249.89.200 - - [20/Jun/2021:15:17:53 +0200] "POST /module/newsletterpro/ajax HTTP/1.0" 200 519 "https://www.fuzion.it/centraline-xenon-oem-originali/465-centralina-xenon-al-bosch-1307329153-alta-qualita-fuzion.html" "AdsBot-Google (+http://www.google.com/adsbot.html)"
66.249.89.202 - - [20/Jun/2021:15:18:02 +0200] "POST /module/zonethememanager/getFinalDate HTTP/1.0" 200 775 "https://www.fuzion.it/centraline-xenon-oem-originali/465-centralina-xenon-al-bosch-1307329153-alta-qualita-fuzion.html" "AdsBot-Google (+http://www.google.com/adsbot.html)"
66.249.89.204 - - [20/Jun/2021:15:18:04 +0200] "POST /module/zonemegamenu/menuDropdownContent HTTP/1.0" 200 479 "https://www.fuzion.it/centraline-xenon-oem-originali/465-centralina-xenon-al-bosch-1307329153-alta-qualita-fuzion.html" "AdsBot-Google (+http://www.google.com/adsbot.html)"
66.249.89.200 - - [20/Jun/2021:15:18:08 +0200] "POST /module/zonethememanager/categoryTree HTTP/1.0" 200 10897 "https://www.fuzion.it/centraline-xenon-oem-originali/465-centralina-xenon-al-bosch-1307329153-alta-qualita-fuzion.html" "AdsBot-Google (+http://www.google.com/adsbot.html)"
54.36.149.81 - - [20/Jun/2021:15:18:24 +0200] "GET /ricambi-xenon-moto-e-scooter/422-1633-kit-ricambio-lampade-bi-xenon-moto-h4-3-xenpro-fuzion-pro-quality.html HTTP/1.0" 200 139118 "-" "Mozilla/5.0 (compatible; AhrefsBot/7.0; +http://ahrefs.com/robot/)"
40.77.167.16 - - [20/Jun/2021:15:18:36 +0200] "GET /centraline-xenon-oem-originali/457-centralina-xenon-mitsubishi-w3t21571-originale.html HTTP/1.0" 200 131441 "-" "Mozilla/5.0 (compatible; bingbot/2.0; +http://www.bing.com/bingbot.htm)"
66.249.76.4 - - [20/Jun/2021:15:19:45 +0200] "GET /ricambi-xenon-veicoli-24volt-pro/395-kit-ricambio-lampade-xenon-h3-24v-xenpro-fuzion-pro-quality.html HTTP/1.0" 200 132930 "-" "Mozilla/5.0 (compatible; Googlebot/2.1; +http://www.google.com/bot.html)"
66.249.89.200 - - [20/Jun/2021:15:21:55 +0200] "POST /module/newsletterpro/ajax HTTP/1.0" 200 519 "https://www.fuzion.it/led-interni-esterni-1224v/560-lampade-p21w-ba15s-1156-18-led-canbus-fuzion.html" "AdsBot-Google (+http://www.google.com/adsbot.html)"
151.18.134.255 - - [20/Jun/2021:15:22:00 +0200] "GET /120-kit-sensori-di-parcheggio?gclid=CjwKCAjwzruGBhBAEiwAUqMR8Izpqoa7HVsDUCIuDWyOPXZigVcQ4p25dq7ZEwTonb_hKHdH0ZZS2BoCRyIQAvD_BwE HTTP/1.0" 200 160589 "https://www.google.com/" "Mozilla/5.0 (Linux; Android 10; SM-A315G) AppleWebKit/537.36 (KHTML, like Gecko) Chrome/91.0.4472.101 Mobile Safari/537.36"
151.18.134.255 - - [20/Jun/2021:15:22:01 +0200] "GET /c/120-category_default/kit-sensori-di-parcheggio.jpg HTTP/1.0" 200 68835 "https://www.fuzion.it/120-kit-sensori-di-parcheggio?gclid=CjwKCAjwzruGBhBAEiwAUqMR8Izpqoa7HVsDUCIuDWyOPXZigVcQ4p25dq7ZEwTonb_hKHdH0ZZS2BoCRyIQAvD_BwE" "Mozilla/5.0 (Linux; Android 10; SM-A315G) AppleWebKit/537.36 (KHTML, like Gecko) Chrome/91.0.4472.101 Mobile Safari/537.36"
151.18.134.255 - - [20/Jun/2021:15:22:01 +0200] "GET /2877-cart_default/kit-ricambio-lampade-xenon-d2s-oem-xenpro-fuzion-pro-quality.jpg HTTP/1.0" 200 21892 "https://www.fuzion.it/120-kit-sensori-di-parcheggio?gclid=CjwKCAjwzruGBhBAEiwAUqMR8Izpqoa7HVsDUCIuDWyOPXZigVcQ4p25dq7ZEwTonb_hKHdH0ZZS2BoCRyIQAvD_BwE" "Mozilla/5.0 (Linux; Android 10; SM-A315G) AppleWebKit/537.36 (KHTML, like Gecko) Chrome/91.0.4472.101 Mobile Safari/537.36"
151.18.134.255 - - [20/Jun/2021:15:22:01 +0200] "GET /847-cart_default/kit-ricambio-lampade-xenon-d5s-oem-xenpro-fuzion-pro-quality.jpg HTTP/1.0" 200 3373 "https://www.fuzion.it/120-kit-sensori-di-parcheggio?gclid=CjwKCAjwzruGBhBAEiwAUqMR8Izpqoa7HVsDUCIuDWyOPXZigVcQ4p25dq7ZEwTonb_hKHdH0ZZS2BoCRyIQAvD_BwE" "Mozilla/5.0 (Linux; Android 10; SM-A315G) AppleWebKit/537.36 (KHTML, like Gecko) Chrome/91.0.4472.101 Mobile Safari/537.36"
151.18.134.255 - - [20/Jun/2021:15:22:01 +0200] "GET /944-cart_default/centralina-xenon-valeo-lad5g-12pin-alta-qualita-fuzion.jpg HTTP/1.0" 200 3841 "https://www.fuzion.it/120-kit-sensori-di-parcheggio?gclid=CjwKCAjwzruGBhBAEiwAUqMR8Izpqoa7HVsDUCIuDWyOPXZigVcQ4p25dq7ZEwTonb_hKHdH0ZZS2BoCRyIQAvD_BwE" "Mozilla/5.0 (Linux; Android 10; SM-A315G) AppleWebKit/537.36 (KHTML, like Gecko) Chrome/91.0.4472.101 Mobile Safari/537.36"
151.18.134.255 - - [20/Jun/2021:15:22:01 +0200] "GET /2904-cart_default/kit-ricambio-lampade-xenon-d1s-hid-standard-fuzion.jpg HTTP/1.0" 200 20123 "https://www.fuzion.it/120-kit-sensori-di-parcheggio?gclid=CjwKCAjwzruGBhBAEiwAUqMR8Izpqoa7HVsDUCIuDWyOPXZigVcQ4p25dq7ZEwTonb_hKHdH0ZZS2BoCRyIQAvD_BwE" "Mozilla/5.0 (Linux; Android 10; SM-A315G) AppleWebKit/537.36 (KHTML, like Gecko) Chrome/91.0.4472.101 Mobile Safari/537.36"
151.18.134.255 - - [20/Jun/2021:15:22:02 +0200] "POST /module/newsletterpro/ajax HTTP/1.0" 200 519 "https://www.fuzion.it/120-kit-sensori-di-parcheggio?gclid=CjwKCAjwzruGBhBAEiwAUqMR8Izpqoa7HVsDUCIuDWyOPXZigVcQ4p25dq7ZEwTonb_hKHdH0ZZS2BoCRyIQAvD_BwE" "Mozilla/5.0 (Linux; Android 10; SM-A315G) AppleWebKit/537.36 (KHTML, like Gecko) Chrome/91.0.4472.101 Mobile Safari/537.36"
151.18.134.255 - - [20/Jun/2021:15:22:02 +0200] "POST /module/zonethememanager/getFinalDateMiniature HTTP/1.0" 200 4240 "https://www.fuzion.it/120-kit-sensori-di-parcheggio?gclid=CjwKCAjwzruGBhBAEiwAUqMR8Izpqoa7HVsDUCIuDWyOPXZigVcQ4p25dq7ZEwTonb_hKHdH0ZZS2BoCRyIQAvD_BwE" "Mozilla/5.0 (Linux; Android 10; SM-A315G) AppleWebKit/537.36 (KHTML, like Gecko) Chrome/91.0.4472.101 Mobile Safari/537.36"
151.18.134.255 - - [20/Jun/2021:15:22:02 +0200] "GET /1202-home_default/kit-4-sensori-di-parcheggio-con-cicalino-pro-fuzion.jpg HTTP/1.0" 200 15352 "https://www.fuzion.it/120-kit-sensori-di-parcheggio?gclid=CjwKCAjwzruGBhBAEiwAUqMR8Izpqoa7HVsDUCIuDWyOPXZigVcQ4p25dq7ZEwTonb_hKHdH0ZZS2BoCRyIQAvD_BwE" "Mozilla/5.0 (Linux; Android 10; SM-A315G) AppleWebKit/537.36 (KHTML, like Gecko) Chrome/91.0.4472.101 Mobile Safari/537.36"
151.18.134.255 - - [20/Jun/2021:15:22:02 +0200] "GET /1215-home_default/kit-4-sensori-di-parcheggio-con-display-led-slim-pro-fuzion.jpg HTTP/1.0" 200 14743 "https://www.fuzion.it/120-kit-sensori-di-parcheggio?gclid=CjwKCAjwzruGBhBAEiwAUqMR8Izpqoa7HVsDUCIuDWyOPXZigVcQ4p25dq7ZEwTonb_hKHdH0ZZS2BoCRyIQAvD_BwE" "Mozilla/5.0 (Linux; Android 10; SM-A315G) AppleWebKit/537.36 (KHTML, like Gecko) Chrome/91.0.4472.101 Mobile Safari/537.36"
158.148.66.100 - - [20/Jun/2021:15:22:03 +0200] "GET /120-kit-sensori-di-parcheggio?gclid=CjwKCAjwzruGBhBAEiwAUqMR8MfWOidmJusEUPHvqtKQ6D9o5nrQyO5RKbXMghSXWs4o4AQE_rVkJBoCHD4QAvD_BwE HTTP/1.0" 200 160589 "https://www.google.com/" "Mozilla/5.0 (Linux; Android 11; SM-G780F) AppleWebKit/537.36 (KHTML, like Gecko) Chrome/91.0.4472.101 Mobile Safari/537.36"
151.18.134.255 - - [20/Jun/2021:15:22:03 +0200] "POST /module/zonethememanager/categoryTree HTTP/1.0" 200 10897 "https://www.fuzion.it/120-kit-sensori-di-parcheggio?gclid=CjwKCAjwzruGBhBAEiwAUqMR8Izpqoa7HVsDUCIuDWyOPXZigVcQ4p25dq7ZEwTonb_hKHdH0ZZS2BoCRyIQAvD_BwE" "Mozilla/5.0 (Linux; Android 10; SM-A315G) AppleWebKit/537.36 (KHTML, like Gecko) Chrome/91.0.4472.101 Mobile Safari/537.36"
158.148.66.100 - - [20/Jun/2021:15:22:04 +0200] "GET /c/120-category_default/kit-sensori-di-parcheggio.jpg HTTP/1.0" 200 68835 "https://www.fuzion.it/120-kit-sensori-di-parcheggio?gclid=CjwKCAjwzruGBhBAEiwAUqMR8MfWOidmJusEUPHvqtKQ6D9o5nrQyO5RKbXMghSXWs4o4AQE_rVkJBoCHD4QAvD_BwE" "Mozilla/5.0 (Linux; Android 11; SM-G780F) AppleWebKit/537.36 (KHTML, like Gecko) Chrome/91.0.4472.101 Mobile Safari/537.36"
158.148.66.100 - - [20/Jun/2021:15:22:04 +0200] "POST /module/newsletterpro/ajax HTTP/1.0" 200 519 "https://www.fuzion.it/120-kit-sensori-di-parcheggio?gclid=CjwKCAjwzruGBhBAEiwAUqMR8MfWOidmJusEUPHvqtKQ6D9o5nrQyO5RKbXMghSXWs4o4AQE_rVkJBoCHD4QAvD_BwE" "Mozilla/5.0 (Linux; Android 11; SM-G780F) AppleWebKit/537.36 (KHTML, like Gecko) Chrome/91.0.4472.101 Mobile Safari/537.36"
158.148.66.100 - - [20/Jun/2021:15:22:05 +0200] "POST /module/zonethememanager/getFinalDateMiniature HTTP/1.0" 200 4240 "https://www.fuzion.it/120-kit-sensori-di-parcheggio?gclid=CjwKCAjwzruGBhBAEiwAUqMR8MfWOidmJusEUPHvqtKQ6D9o5nrQyO5RKbXMghSXWs4o4AQE_rVkJBoCHD4QAvD_BwE" "Mozilla/5.0 (Linux; Android 11; SM-G780F) AppleWebKit/537.36 (KHTML, like Gecko) Chrome/91.0.4472.101 Mobile Safari/537.36"
158.148.66.100 - - [20/Jun/2021:15:22:05 +0200] "GET /1202-home_default/kit-4-sensori-di-parcheggio-con-cicalino-pro-fuzion.jpg HTTP/1.0" 200 15352 "https://www.fuzion.it/120-kit-sensori-di-parcheggio?gclid=CjwKCAjwzruGBhBAEiwAUqMR8MfWOidmJusEUPHvqtKQ6D9o5nrQyO5RKbXMghSXWs4o4AQE_rVkJBoCHD4QAvD_BwE" "Mozilla/5.0 (Linux; Android 11; SM-G780F) AppleWebKit/537.36 (KHTML, like Gecko) Chrome/91.0.4472.101 Mobile Safari/537.36"
158.148.66.100 - - [20/Jun/2021:15:22:05 +0200] "GET /1215-home_default/kit-4-sensori-di-parcheggio-con-display-led-slim-pro-fuzion.jpg HTTP/1.0" 200 14743 "https://www.fuzion.it/120-kit-sensori-di-parcheggio?gclid=CjwKCAjwzruGBhBAEiwAUqMR8MfWOidmJusEUPHvqtKQ6D9o5nrQyO5RKbXMghSXWs4o4AQE_rVkJBoCHD4QAvD_BwE" "Mozilla/5.0 (Linux; Android 11; SM-G780F) AppleWebKit/537.36 (KHTML, like Gecko) Chrome/91.0.4472.101 Mobile Safari/537.36"
151.18.134.255 - - [20/Jun/2021:15:22:05 +0200] "GET /1241-home_default/kit-8-sensori-di-parcheggio-fronteretro-con-cicalino-pro-fuzion.jpg HTTP/1.0" 200 16534 "https://www.fuzion.it/120-kit-sensori-di-parcheggio?gclid=CjwKCAjwzruGBhBAEiwAUqMR8Izpqoa7HVsDUCIuDWyOPXZigVcQ4p25dq7ZEwTonb_hKHdH0ZZS2BoCRyIQAvD_BwE" "Mozilla/5.0 (Linux; Android 10; SM-A315G) AppleWebKit/537.36 (KHTML, like Gecko) Chrome/91.0.4472.101 Mobile Safari/537.36"
151.18.134.255 - - [20/Jun/2021:15:22:05 +0200] "GET /1222-home_default/kit-4-sensori-di-parcheggio-con-display-lcd-a-colori-pro-fuzion.jpg HTTP/1.0" 200 16567 "https://www.fuzion.it/120-kit-sensori-di-parcheggio?gclid=CjwKCAjwzruGBhBAEiwAUqMR8Izpqoa7HVsDUCIuDWyOPXZigVcQ4p25dq7ZEwTonb_hKHdH0ZZS2BoCRyIQAvD_BwE" "Mozilla/5.0 (Linux; Android 10; SM-A315G) AppleWebKit/537.36 (KHTML, like Gecko) Chrome/91.0.4472.101 Mobile Safari/537.36"
158.148.66.100 - - [20/Jun/2021:15:22:06 +0200] "POST /module/zonethememanager/categoryTree HTTP/1.0" 200 10897 "https://www.fuzion.it/120-kit-sensori-di-parcheggio?gclid=CjwKCAjwzruGBhBAEiwAUqMR8MfWOidmJusEUPHvqtKQ6D9o5nrQyO5RKbXMghSXWs4o4AQE_rVkJBoCHD4QAvD_BwE" "Mozilla/5.0 (Linux; Android 11; SM-G780F) AppleWebKit/537.36 (KHTML, like Gecko) Chrome/91.0.4472.101 Mobile Safari/537.36"
158.148.66.100 - - [20/Jun/2021:15:22:06 +0200] "GET /1222-home_default/kit-4-sensori-di-parcheggio-con-display-lcd-a-colori-pro-fuzion.jpg HTTP/1.0" 200 16567 "https://www.fuzion.it/120-kit-sensori-di-parcheggio?gclid=CjwKCAjwzruGBhBAEiwAUqMR8MfWOidmJusEUPHvqtKQ6D9o5nrQyO5RKbXMghSXWs4o4AQE_rVkJBoCHD4QAvD_BwE" "Mozilla/5.0 (Linux; Android 11; SM-G780F) AppleWebKit/537.36 (KHTML, like Gecko) Chrome/91.0.4472.101 Mobile Safari/537.36"
158.148.66.100 - - [20/Jun/2021:15:22:06 +0200] "GET /1241-home_default/kit-8-sensori-di-parcheggio-fronteretro-con-cicalino-pro-fuzion.jpg HTTP/1.0" 200 16534 "https://www.fuzion.it/120-kit-sensori-di-parcheggio?gclid=CjwKCAjwzruGBhBAEiwAUqMR8MfWOidmJusEUPHvqtKQ6D9o5nrQyO5RKbXMghSXWs4o4AQE_rVkJBoCHD4QAvD_BwE" "Mozilla/5.0 (Linux; Android 11; SM-G780F) AppleWebKit/537.36 (KHTML, like Gecko) Chrome/91.0.4472.101 Mobile Safari/537.36"
158.148.66.100 - - [20/Jun/2021:15:22:09 +0200] "GET /1988-home_default/kit-8-sensori-di-parcheggio-fronteretro-con-display-led-slim-pro-fuzion.jpg HTTP/1.0" 200 17159 "https://www.fuzion.it/120-kit-sensori-di-parcheggio?gclid=CjwKCAjwzruGBhBAEiwAUqMR8MfWOidmJusEUPHvqtKQ6D9o5nrQyO5RKbXMghSXWs4o4AQE_rVkJBoCHD4QAvD_BwE" "Mozilla/5.0 (Linux; Android 11; SM-G780F) AppleWebKit/537.36 (KHTML, like Gecko) Chrome/91.0.4472.101 Mobile Safari/537.36"
158.148.66.100 - - [20/Jun/2021:15:22:09 +0200] "GET /1247-home_default/kit-8-sensori-di-parcheggio-fronteretro-con-display-lcd-a-colori-pro-fuzion.jpg HTTP/1.0" 200 17382 "https://www.fuzion.it/120-kit-sensori-di-parcheggio?gclid=CjwKCAjwzruGBhBAEiwAUqMR8MfWOidmJusEUPHvqtKQ6D9o5nrQyO5RKbXMghSXWs4o4AQE_rVkJBoCHD4QAvD_BwE" "Mozilla/5.0 (Linux; Android 11; SM-G780F) AppleWebKit/537.36 (KHTML, like Gecko) Chrome/91.0.4472.101 Mobile Safari/537.36"
151.18.134.255 - - [20/Jun/2021:15:22:10 +0200] "GET /1988-home_default/kit-8-sensori-di-parcheggio-fronteretro-con-display-led-slim-pro-fuzion.jpg HTTP/1.0" 200 17159 "https://www.fuzion.it/120-kit-sensori-di-parcheggio?gclid=CjwKCAjwzruGBhBAEiwAUqMR8Izpqoa7HVsDUCIuDWyOPXZigVcQ4p25dq7ZEwTonb_hKHdH0ZZS2BoCRyIQAvD_BwE" "Mozilla/5.0 (Linux; Android 10; SM-A315G) AppleWebKit/537.36 (KHTML, like Gecko) Chrome/91.0.4472.101 Mobile Safari/537.36"
151.18.134.255 - - [20/Jun/2021:15:22:10 +0200] "GET /1247-home_default/kit-8-sensori-di-parcheggio-fronteretro-con-display-lcd-a-colori-pro-fuzion.jpg HTTP/1.0" 200 17382 "https://www.fuzion.it/120-kit-sensori-di-parcheggio?gclid=CjwKCAjwzruGBhBAEiwAUqMR8Izpqoa7HVsDUCIuDWyOPXZigVcQ4p25dq7ZEwTonb_hKHdH0ZZS2BoCRyIQAvD_BwE" "Mozilla/5.0 (Linux; Android 10; SM-A315G) AppleWebKit/537.36 (KHTML, like Gecko) Chrome/91.0.4472.101 Mobile Safari/537.36"
158.148.66.100 - - [20/Jun/2021:15:22:10 +0200] "GET /3066-home_default/kit-2-sensori-di-parcheggio-con-retrocamera-hd-170-3-in-1-pro-fuzion.jpg HTTP/1.0" 200 51813 "https://www.fuzion.it/120-kit-sensori-di-parcheggio?gclid=CjwKCAjwzruGBhBAEiwAUqMR8MfWOidmJusEUPHvqtKQ6D9o5nrQyO5RKbXMghSXWs4o4AQE_rVkJBoCHD4QAvD_BwE" "Mozilla/5.0 (Linux; Android 11; SM-G780F) AppleWebKit/537.36 (KHTML, like Gecko) Chrome/91.0.4472.101 Mobile Safari/537.36"
158.148.66.100 - - [20/Jun/2021:15:22:10 +0200] "GET /3051-home_default/kit-sensore-di-parcheggio-con-retrocamera-hd-170-all-in-one-pro-fuzion.jpg HTTP/1.0" 200 67149 "https://www.fuzion.it/120-kit-sensori-di-parcheggio?gclid=CjwKCAjwzruGBhBAEiwAUqMR8MfWOidmJusEUPHvqtKQ6D9o5nrQyO5RKbXMghSXWs4o4AQE_rVkJBoCHD4QAvD_BwE" "Mozilla/5.0 (Linux; Android 11; SM-G780F) AppleWebKit/537.36 (KHTML, like Gecko) Chrome/91.0.4472.101 Mobile Safari/537.36"
158.148.66.100 - - [20/Jun/2021:15:22:20 +0200] "GET /2349-home_default/h11-kit-led-matrix-50w-canbus-pro-fuzion.jpg HTTP/1.0" 200 80478 "https://www.fuzion.it/120-kit-sensori-di-parcheggio?gclid=CjwKCAjwzruGBhBAEiwAUqMR8MfWOidmJusEUPHvqtKQ6D9o5nrQyO5RKbXMghSXWs4o4AQE_rVkJBoCHD4QAvD_BwE" "Mozilla/5.0 (Linux; Android 11; SM-G780F) AppleWebKit/537.36 (KHTML, like Gecko) Chrome/91.0.4472.101 Mobile Safari/537.36"
158.148.66.100 - - [20/Jun/2021:15:22:20 +0200] "GET /2877-cart_default/kit-ricambio-lampade-xenon-d2s-oem-xenpro-fuzion-pro-quality.jpg HTTP/1.0" 200 21892 "https://www.fuzion.it/120-kit-sensori-di-parcheggio?gclid=CjwKCAjwzruGBhBAEiwAUqMR8MfWOidmJusEUPHvqtKQ6D9o5nrQyO5RKbXMghSXWs4o4AQE_rVkJBoCHD4QAvD_BwE" "Mozilla/5.0 (Linux; Android 11; SM-G780F) AppleWebKit/537.36 (KHTML, like Gecko) Chrome/91.0.4472.101 Mobile Safari/537.36"
66.249.89.200 - - [20/Jun/2021:15:22:23 +0200] "POST /module/zonethememanager/getFinalDate HTTP/1.0" 200 775 "https://www.fuzion.it/led-interni-esterni-1224v/560-lampade-p21w-ba15s-1156-18-led-canbus-fuzion.html" "AdsBot-Google (+http://www.google.com/adsbot.html)"
151.18.134.255 - - [20/Jun/2021:15:22:29 +0200] "GET /3066-home_default/kit-2-sensori-di-parcheggio-con-retrocamera-hd-170-3-in-1-pro-fuzion.jpg HTTP/1.0" 200 51813 "https://www.fuzion.it/120-kit-sensori-di-parcheggio?gclid=CjwKCAjwzruGBhBAEiwAUqMR8Izpqoa7HVsDUCIuDWyOPXZigVcQ4p25dq7ZEwTonb_hKHdH0ZZS2BoCRyIQAvD_BwE" "Mozilla/5.0 (Linux; Android 10; SM-A315G) AppleWebKit/537.36 (KHTML, like Gecko) Chrome/91.0.4472.101 Mobile Safari/537.36"
151.18.134.255 - - [20/Jun/2021:15:22:29 +0200] "GET /3051-home_default/kit-sensore-di-parcheggio-con-retrocamera-hd-170-all-in-one-pro-fuzion.jpg HTTP/1.0" 200 67149 "https://www.fuzion.it/120-kit-sensori-di-parcheggio?gclid=CjwKCAjwzruGBhBAEiwAUqMR8Izpqoa7HVsDUCIuDWyOPXZigVcQ4p25dq7ZEwTonb_hKHdH0ZZS2BoCRyIQAvD_BwE" "Mozilla/5.0 (Linux; Android 10; SM-A315G) AppleWebKit/537.36 (KHTML, like Gecko) Chrome/91.0.4472.101 Mobile Safari/537.36"
66.249.89.200 - - [20/Jun/2021:15:22:31 +0200] "POST /module/zonemegamenu/menuDropdownContent HTTP/1.0" 200 479 "https://www.fuzion.it/led-interni-esterni-1224v/560-lampade-p21w-ba15s-1156-18-led-canbus-fuzion.html" "AdsBot-Google (+http://www.google.com/adsbot.html)"
185.191.171.5 - - [20/Jun/2021:15:22:34 +0200] "GET /lampadine-led-interneesterne/541-lampade-t10-w5w-5-led-canbus-fuzion.html HTTP/1.0" 301 455 "-" "Mozilla/5.0 (compatible; SemrushBot/7~bl; +http://www.semrush.com/bot.html)"
185.191.171.13 - - [20/Jun/2021:15:22:36 +0200] "GET /led-interni-esterni-1224v/541-lampade-t10-w5w-5-led-canbus-fuzion.html HTTP/1.0" 200 162563 "-" "Mozilla/5.0 (compatible; SemrushBot/7~bl; +http://www.semrush.com/bot.html)"
157.55.39.75 - - [20/Jun/2021:15:22:46 +0200] "GET /495-home_default/kit-xenon-h4-2-canbus-line-12v-35w-pro-quality-fuzion.jpg HTTP/1.0" 200 8992 "-" "Mozilla/5.0 (compatible; bingbot/2.0; +http://www.bing.com/bingbot.htm)"
54.36.149.81 - - [20/Jun/2021:15:23:39 +0200] "GET /2-categorie?page=23 HTTP/1.0" 200 189182 "-" "Mozilla/5.0 (compatible; AhrefsBot/7.0; +http://ahrefs.com/robot/)"
66.249.89.200 - - [20/Jun/2021:15:24:13 +0200] "POST /module/zonethememanager/getFinalDate HTTP/1.0" 200 775 "https://www.fuzion.it/adattatori-portalampade-led/629-adattatori-portalampade-led-vw-golf-5-jetta.html" "AdsBot-Google (+http://www.google.com/adsbot.html)"
66.249.89.200 - - [20/Jun/2021:15:24:14 +0200] "POST /module/zonemegamenu/menuDropdownContent HTTP/1.0" 200 479 "https://www.fuzion.it/adattatori-portalampade-led/629-adattatori-portalampade-led-vw-golf-5-jetta.html" "AdsBot-Google (+http://www.google.com/adsbot.html)"
52.162.211.179 - - [20/Jun/2021:15:24:20 +0200] "GET /lampadine-led-interneesterne/555-lampade-p13w-psx26w-18-led-canbus-fuzion.html HTTP/1.0" 301 495 "-" "Mozilla/5.0 (compatible; MSIE 9.0; Windows NT 6.1; Trident/5.0;  Trident/5.0)"
52.162.211.179 - - [20/Jun/2021:15:24:20 +0200] "GET /led-interni-esterni-1224v/555-lampade-p13w-psx26w-18-led-canbus-fuzion.html HTTP/1.0" 200 135265 "-" "Mozilla/5.0 (compatible; MSIE 9.0; Windows NT 6.1; Trident/5.0;  Trident/5.0)"
66.249.89.200 - - [20/Jun/2021:15:24:21 +0200] "POST /module/zonethememanager/categoryTree HTTP/1.0" 200 10897 "https://www.fuzion.it/adattatori-portalampade-led/629-adattatori-portalampade-led-vw-golf-5-jetta.html" "AdsBot-Google (+http://www.google.com/adsbot.html)"
52.162.211.179 - - [20/Jun/2021:15:24:26 +0200] "GET /1513-medium_default/lampade-p13w-psx26w-18-led-canbus-fuzion.jpg HTTP/1.0" 200 20416 "https://www.fuzion.it/led-interni-esterni-1224v/555-lampade-p13w-psx26w-18-led-canbus-fuzion.html" "Mozilla/5.0 (compatible; MSIE 9.0; Windows NT 6.1; Trident/5.0;  Trident/5.0)"
52.162.211.179 - - [20/Jun/2021:15:24:27 +0200] "GET /1513-small_default/lampade-p13w-psx26w-18-led-canbus-fuzion.jpg HTTP/1.0" 200 2947 "https://www.fuzion.it/led-interni-esterni-1224v/555-lampade-p13w-psx26w-18-led-canbus-fuzion.html" "Mozilla/5.0 (compatible; MSIE 9.0; Windows NT 6.1; Trident/5.0;  Trident/5.0)"
52.162.211.179 - - [20/Jun/2021:15:24:27 +0200] "GET /1514-small_default/lampade-p13w-psx26w-18-led-canbus-fuzion.jpg HTTP/1.0" 200 4418 "https://www.fuzion.it/led-interni-esterni-1224v/555-lampade-p13w-psx26w-18-led-canbus-fuzion.html" "Mozilla/5.0 (compatible; MSIE 9.0; Windows NT 6.1; Trident/5.0;  Trident/5.0)"
52.162.211.179 - - [20/Jun/2021:15:24:28 +0200] "GET /1513-home_default/lampade-p13w-psx26w-18-led-canbus-fuzion.jpg HTTP/1.0" 200 9515 "https://www.fuzion.it/led-interni-esterni-1224v/555-lampade-p13w-psx26w-18-led-canbus-fuzion.html" "Mozilla/5.0 (compatible; MSIE 9.0; Windows NT 6.1; Trident/5.0;  Trident/5.0)"
66.249.89.200 - - [20/Jun/2021:15:25:59 +0200] "POST /module/newsletterpro/ajax HTTP/1.0" 200 519 "https://www.fuzion.it/kit-sensori-di-parcheggio/510-1661-kit-4-sensori-di-parcheggio-con-cicalino-pro-fuzion.html" "AdsBot-Google (+http://www.google.com/adsbot.html)"
66.249.89.200 - - [20/Jun/2021:15:25:59 +0200] "POST /module/zonethememanager/getFinalDate HTTP/1.0" 200 775 "https://www.fuzion.it/kit-sensori-di-parcheggio/510-1661-kit-4-sensori-di-parcheggio-con-cicalino-pro-fuzion.html" "AdsBot-Google (+http://www.google.com/adsbot.html)"
66.249.89.200 - - [20/Jun/2021:15:27:36 +0200] "POST /module/newsletterpro/ajax HTTP/1.0" 200 519 "https://www.fuzion.it/kit-led-per-veicoli-24volt/519-h7-kit-led-matrix-50w-canbus-pro-fuzion.html" "AdsBot-Google (+http://www.google.com/adsbot.html)"
66.249.89.204 - - [20/Jun/2021:15:28:22 +0200] "POST /module/zonemegamenu/menuDropdownContent HTTP/1.0" 200 479 "https://www.fuzion.it/kit-led-per-veicoli-24volt/519-h7-kit-led-matrix-50w-canbus-pro-fuzion.html" "AdsBot-Google (+http://www.google.com/adsbot.html)"
54.36.149.81 - - [20/Jun/2021:15:28:38 +0200] "GET /kit-pro-standard-12v-35w/173-kit-xenon-d2s-standard-12v-35w-pro-quality-fuzion.html HTTP/1.0" 200 140036 "-" "Mozilla/5.0 (compatible; AhrefsBot/7.0; +http://ahrefs.com/robot/)"
66.249.89.204 - - [20/Jun/2021:15:30:57 +0200] "GET /kit-xenon-slim-digital-64bit-55w/76-kit-xenon-h1-slim-digital-64bit-55w-alta-qualita-.html HTTP/1.0" 200 140088 "-" "AdsBot-Google (+http://www.google.com/adsbot.html)"
66.249.89.200 - - [20/Jun/2021:15:31:31 +0200] "POST /module/newsletterpro/ajax HTTP/1.0" 200 519 "https://www.fuzion.it/kit-xenon-slim-digital-64bit-55w/76-kit-xenon-h1-slim-digital-64bit-55w-alta-qualita-.html" "AdsBot-Google (+http://www.google.com/adsbot.html)"
