66.249.89.200 - - [20/Jun/2021:21:50:28 +0200] "POST /module/zonethememanager/categoryTree HTTP/1.0" 200 10897 "https://www.fuzion.it/ricambi-xenon-veicoli-24volt-pro/397-kit-ricambio-lampade-xenon-h7-24v-xenpro-fuzion-pro-quality.html" "AdsBot-Google (+http://www.google.com/adsbot.html)"
157.55.39.63 - - [20/Jun/2021:21:50:37 +0200] "GET /1032-home_default/centralina-xenon-philips-xenodrive-xld-145-9137-001-63203-originale.jpg HTTP/1.0" 200 14094 "-" "Mozilla/5.0 (compatible; bingbot/2.0; +http://www.bing.com/bingbot.htm)"
151.37.169.63 - - [20/Jun/2021:21:50:41 +0200] "GET /kit-xenon-veicoli-24volt-pro/317-kit-xenon-h7-canbus-24v-55w-pro-quality-fuzion.html?gclid=EAIaIQobChMI_4a35Pym8QIVhu_tCh07PwdCEAAYASAAEgIvG_D_BwE HTTP/1.0" 200 143565 "-" "Mozilla/5.0 (Linux; Android 10; LYA-L09) AppleWebKit/537.36 (KHTML, like Gecko) Chrome/91.0.4472.101 Mobile Safari/537.36"
151.37.169.63 - - [20/Jun/2021:21:50:48 +0200] "GET /699-medium_default/kit-xenon-h7-canbus-24v-55w-pro-quality-fuzion.jpg HTTP/1.0" 200 16689 "https://www.fuzion.it/kit-xenon-veicoli-24volt-pro/317-kit-xenon-h7-canbus-24v-55w-pro-quality-fuzion.html?gclid=EAIaIQobChMI_4a35Pym8QIVhu_tCh07PwdCEAAYASAAEgIvG_D_BwE" "Mozilla/5.0 (Linux; Android 10; LYA-L09) AppleWebKit/537.36 (KHTML, like Gecko) Chrome/91.0.4472.101 Mobile Safari/537.36"
151.37.169.63 - - [20/Jun/2021:21:50:48 +0200] "GET /724-medium_default/kit-xenon-h7-canbus-24v-55w-pro-quality-fuzion.jpg HTTP/1.0" 200 27137 "https://www.fuzion.it/kit-xenon-veicoli-24volt-pro/317-kit-xenon-h7-canbus-24v-55w-pro-quality-fuzion.html?gclid=EAIaIQobChMI_4a35Pym8QIVhu_tCh07PwdCEAAYASAAEgIvG_D_BwE" "Mozilla/5.0 (Linux; Android 10; LYA-L09) AppleWebKit/537.36 (KHTML, like Gecko) Chrome/91.0.4472.101 Mobile Safari/537.36"
151.37.169.63 - - [20/Jun/2021:21:50:48 +0200] "GET /698-medium_default/kit-xenon-h7-canbus-24v-55w-pro-quality-fuzion.jpg HTTP/1.0" 200 19507 "https://www.fuzion.it/kit-xenon-veicoli-24volt-pro/317-kit-xenon-h7-canbus-24v-55w-pro-quality-fuzion.html?gclid=EAIaIQobChMI_4a35Pym8QIVhu_tCh07PwdCEAAYASAAEgIvG_D_BwE" "Mozilla/5.0 (Linux; Android 10; LYA-L09) AppleWebKit/537.36 (KHTML, like Gecko) Chrome/91.0.4472.101 Mobile Safari/537.36"
17.121.115.189 - - [20/Jun/2021:21:50:49 +0200] "GET /847-small_default/kit-ricambio-lampade-xenon-d5s-oem-xenpro-fuzion-pro-quality.jpg HTTP/1.0" 200 2663 "-" "Mozilla/5.0 (Macintosh; Intel Mac OS X 10_15_5) AppleWebKit/605.1.15 (KHTML, like Gecko) Version/13.1.1 Safari/605.1.15 (Applebot/0.1; +http://www.apple.com/go/applebot)"
151.37.169.63 - - [20/Jun/2021:21:50:49 +0200] "GET /699-home_default/kit-xenon-h7-canbus-24v-55w-pro-quality-fuzion.jpg HTTP/1.0" 200 7602 "https://www.fuzion.it/kit-xenon-veicoli-24volt-pro/317-kit-xenon-h7-canbus-24v-55w-pro-quality-fuzion.html?gclid=EAIaIQobChMI_4a35Pym8QIVhu_tCh07PwdCEAAYASAAEgIvG_D_BwE" "Mozilla/5.0 (Linux; Android 10; LYA-L09) AppleWebKit/537.36 (KHTML, like Gecko) Chrome/91.0.4472.101 Mobile Safari/537.36"
151.37.169.63 - - [20/Jun/2021:21:50:49 +0200] "POST /module/newsletterpro/ajax HTTP/1.0" 200 519 "https://www.fuzion.it/kit-xenon-veicoli-24volt-pro/317-kit-xenon-h7-canbus-24v-55w-pro-quality-fuzion.html?gclid=EAIaIQobChMI_4a35Pym8QIVhu_tCh07PwdCEAAYASAAEgIvG_D_BwE" "Mozilla/5.0 (Linux; Android 10; LYA-L09) AppleWebKit/537.36 (KHTML, like Gecko) Chrome/91.0.4472.101 Mobile Safari/537.36"
114.119.140.56 - - [20/Jun/2021:21:50:51 +0200] "GET /2-categorie?q=Categorie-KIT%2BXENON%2BMOTO%2BSLIM%2BDIGITAL%2B64BIT%2B55W&page=52 HTTP/1.0" 200 185048 "-" "Mozilla/5.0 (Linux; Android 7.0;) AppleWebKit/537.36 (KHTML, like Gecko) Mobile Safari/537.36 (compatible; PetalBot;+https://webmaster.petalsearch.com/site/petalbot)"
151.37.169.63 - - [20/Jun/2021:21:50:53 +0200] "POST /module/zonethememanager/getFinalDate HTTP/1.0" 200 775 "https://www.fuzion.it/kit-xenon-veicoli-24volt-pro/317-kit-xenon-h7-canbus-24v-55w-pro-quality-fuzion.html?gclid=EAIaIQobChMI_4a35Pym8QIVhu_tCh07PwdCEAAYASAAEgIvG_D_BwE" "Mozilla/5.0 (Linux; Android 10; LYA-L09) AppleWebKit/537.36 (KHTML, like Gecko) Chrome/91.0.4472.101 Mobile Safari/537.36"
151.37.169.63 - - [20/Jun/2021:21:50:55 +0200] "POST /module/zonethememanager/categoryTree HTTP/1.0" 200 10897 "https://www.fuzion.it/kit-xenon-veicoli-24volt-pro/317-kit-xenon-h7-canbus-24v-55w-pro-quality-fuzion.html?gclid=EAIaIQobChMI_4a35Pym8QIVhu_tCh07PwdCEAAYASAAEgIvG_D_BwE" "Mozilla/5.0 (Linux; Android 10; LYA-L09) AppleWebKit/537.36 (KHTML, like Gecko) Chrome/91.0.4472.101 Mobile Safari/537.36"
66.249.76.4 - - [20/Jun/2021:21:51:06 +0200] "GET /offerte HTTP/1.0" 200 159385 "-" "Mozilla/5.0 (compatible; Googlebot/2.1; +http://www.google.com/bot.html)"
158.148.208.89 - - [20/Jun/2021:21:52:09 +0200] "GET /kit-led-moto-professionali/610-h4-kit-bi-led-matrix-moto-50w-canbus-pro-fuzion.html?gclid=CjwKCAjwzruGBhBAEiwAUqMR8KsnzryLZxTAmiJlqDh5MjBVhslYReB1463q2LCxO-n04Mg1QhtPzxoCorEQAvD_BwE HTTP/1.0" 200 174777 "https://www.google.com/" "Mozilla/5.0 (Linux; Android 10; SNE-LX1) AppleWebKit/537.36 (KHTML, like Gecko) Chrome/83.0.4103.106 Mobile Safari/537.36"
158.148.208.89 - - [20/Jun/2021:21:52:11 +0200] "GET /2557-medium_default/h4-kit-bi-led-matrix-moto-50w-canbus-pro-fuzion.jpg HTTP/1.0" 200 219545 "https://www.fuzion.it/kit-led-moto-professionali/610-h4-kit-bi-led-matrix-moto-50w-canbus-pro-fuzion.html?gclid=CjwKCAjwzruGBhBAEiwAUqMR8KsnzryLZxTAmiJlqDh5MjBVhslYReB1463q2LCxO-n04Mg1QhtPzxoCorEQAvD_BwE" "Mozilla/5.0 (Linux; Android 10; SNE-LX1) AppleWebKit/537.36 (KHTML, like Gecko) Chrome/83.0.4103.106 Mobile Safari/537.36"
158.148.208.89 - - [20/Jun/2021:21:52:11 +0200] "GET /1818-medium_default/h4-kit-bi-led-matrix-moto-50w-canbus-pro-fuzion.jpg HTTP/1.0" 200 25910 "https://www.fuzion.it/kit-led-moto-professionali/610-h4-kit-bi-led-matrix-moto-50w-canbus-pro-fuzion.html?gclid=CjwKCAjwzruGBhBAEiwAUqMR8KsnzryLZxTAmiJlqDh5MjBVhslYReB1463q2LCxO-n04Mg1QhtPzxoCorEQAvD_BwE" "Mozilla/5.0 (Linux; Android 10; SNE-LX1) AppleWebKit/537.36 (KHTML, like Gecko) Chrome/83.0.4103.106 Mobile Safari/537.36"
158.148.208.89 - - [20/Jun/2021:21:52:11 +0200] "GET /2554-medium_default/h4-kit-bi-led-matrix-moto-50w-canbus-pro-fuzion.jpg HTTP/1.0" 200 143739 "https://www.fuzion.it/kit-led-moto-professionali/610-h4-kit-bi-led-matrix-moto-50w-canbus-pro-fuzion.html?gclid=CjwKCAjwzruGBhBAEiwAUqMR8KsnzryLZxTAmiJlqDh5MjBVhslYReB1463q2LCxO-n04Mg1QhtPzxoCorEQAvD_BwE" "Mozilla/5.0 (Linux; Android 10; SNE-LX1) AppleWebKit/537.36 (KHTML, like Gecko) Chrome/83.0.4103.106 Mobile Safari/537.36"
158.148.208.89 - - [20/Jun/2021:21:52:11 +0200] "GET /2559-medium_default/h4-kit-bi-led-matrix-moto-50w-canbus-pro-fuzion.jpg HTTP/1.0" 200 184370 "https://www.fuzion.it/kit-led-moto-professionali/610-h4-kit-bi-led-matrix-moto-50w-canbus-pro-fuzion.html?gclid=CjwKCAjwzruGBhBAEiwAUqMR8KsnzryLZxTAmiJlqDh5MjBVhslYReB1463q2LCxO-n04Mg1QhtPzxoCorEQAvD_BwE" "Mozilla/5.0 (Linux; Android 10; SNE-LX1) AppleWebKit/537.36 (KHTML, like Gecko) Chrome/83.0.4103.106 Mobile Safari/537.36"
158.148.208.89 - - [20/Jun/2021:21:52:11 +0200] "GET /2558-medium_default/h4-kit-bi-led-matrix-moto-50w-canbus-pro-fuzion.jpg HTTP/1.0" 200 216393 "https://www.fuzion.it/kit-led-moto-professionali/610-h4-kit-bi-led-matrix-moto-50w-canbus-pro-fuzion.html?gclid=CjwKCAjwzruGBhBAEiwAUqMR8KsnzryLZxTAmiJlqDh5MjBVhslYReB1463q2LCxO-n04Mg1QhtPzxoCorEQAvD_BwE" "Mozilla/5.0 (Linux; Android 10; SNE-LX1) AppleWebKit/537.36 (KHTML, like Gecko) Chrome/83.0.4103.106 Mobile Safari/537.36"
158.148.208.89 - - [20/Jun/2021:21:52:11 +0200] "GET /2560-medium_default/h4-kit-bi-led-matrix-moto-50w-canbus-pro-fuzion.jpg HTTP/1.0" 200 236698 "https://www.fuzion.it/kit-led-moto-professionali/610-h4-kit-bi-led-matrix-moto-50w-canbus-pro-fuzion.html?gclid=CjwKCAjwzruGBhBAEiwAUqMR8KsnzryLZxTAmiJlqDh5MjBVhslYReB1463q2LCxO-n04Mg1QhtPzxoCorEQAvD_BwE" "Mozilla/5.0 (Linux; Android 10; SNE-LX1) AppleWebKit/537.36 (KHTML, like Gecko) Chrome/83.0.4103.106 Mobile Safari/537.36"
158.148.208.89 - - [20/Jun/2021:21:52:15 +0200] "GET /2561-medium_default/h4-kit-bi-led-matrix-moto-50w-canbus-pro-fuzion.jpg HTTP/1.0" 200 304624 "https://www.fuzion.it/kit-led-moto-professionali/610-h4-kit-bi-led-matrix-moto-50w-canbus-pro-fuzion.html?gclid=CjwKCAjwzruGBhBAEiwAUqMR8KsnzryLZxTAmiJlqDh5MjBVhslYReB1463q2LCxO-n04Mg1QhtPzxoCorEQAvD_BwE" "Mozilla/5.0 (Linux; Android 10; SNE-LX1) AppleWebKit/537.36 (KHTML, like Gecko) Chrome/83.0.4103.106 Mobile Safari/537.36"
158.148.208.89 - - [20/Jun/2021:21:52:15 +0200] "POST /module/newsletterpro/ajax HTTP/1.0" 200 519 "https://www.fuzion.it/kit-led-moto-professionali/610-h4-kit-bi-led-matrix-moto-50w-canbus-pro-fuzion.html?gclid=CjwKCAjwzruGBhBAEiwAUqMR8KsnzryLZxTAmiJlqDh5MjBVhslYReB1463q2LCxO-n04Mg1QhtPzxoCorEQAvD_BwE" "Mozilla/5.0 (Linux; Android 10; SNE-LX1) AppleWebKit/537.36 (KHTML, like Gecko) Chrome/83.0.4103.106 Mobile Safari/537.36"
34.252.62.252 - - [20/Jun/2021:21:52:29 +0200] "HEAD /960-large_default/centralina-xenon-mitsubishi-w3t13271-6261110499-alta-qualita-fuzion.jpg HTTP/1.0" 200 137 "eshoppingadvisor.com" "Mozilla/5.0 (Macintosh; Intel Mac OS X 10_15_6) AppleWebKit/537.36 (KHTML, like Gecko) Chrome/86.0.4240.80 Safari/537.36 OPR/72.0.3815.148"
54.75.36.231 - - [20/Jun/2021:21:52:59 +0200] "HEAD /151-large_default/kit-bi-xenon-h4-3-digital-64bit-55w-alta-qualita-.jpg HTTP/1.0" 200 137 "eshoppingadvisor.com" "Mozilla/5.0 (Macintosh; Intel Mac OS X 10_15_6) AppleWebKit/537.36 (KHTML, like Gecko) Chrome/86.0.4240.80 Safari/537.36 OPR/72.0.3815.148"
52.30.156.75 - - [20/Jun/2021:21:53:21 +0200] "HEAD /2904-large_default/kit-ricambio-lampade-xenon-d1s-hid-standard-fuzion.jpg HTTP/1.0" 200 137 "eshoppingadvisor.com" "Mozilla/5.0 (Macintosh; Intel Mac OS X 10_15_6) AppleWebKit/537.36 (KHTML, like Gecko) Chrome/86.0.4240.80 Safari/537.36 OPR/72.0.3815.148"
52.30.156.75 - - [20/Jun/2021:21:53:29 +0200] "HEAD /972-large_default/centralina-xenon-mitsubishi-w3t19371-alta-qualita-fuzion.jpg HTTP/1.0" 200 137 "eshoppingadvisor.com" "Mozilla/5.0 (Macintosh; Intel Mac OS X 10_15_6) AppleWebKit/537.36 (KHTML, like Gecko) Chrome/86.0.4240.80 Safari/537.36 OPR/72.0.3815.148"
3.248.184.249 - - [20/Jun/2021:21:53:32 +0200] "HEAD /775-large_default/kit-ricambio-lampade-xenon-h7-55w-alta-qualita-.jpg HTTP/1.0" 200 137 "eshoppingadvisor.com" "Mozilla/5.0 (Macintosh; Intel Mac OS X 10_15_6) AppleWebKit/537.36 (KHTML, like Gecko) Chrome/86.0.4240.80 Safari/537.36 OPR/72.0.3815.148"
114.119.140.56 - - [20/Jun/2021:21:53:35 +0200] "GET /2-categorie?q=Disponibilit%C3%A0-Non%2Bdisponibile&page=37 HTTP/1.0" 200 183714 "-" "Mozilla/5.0 (Linux; Android 7.0;) AppleWebKit/537.36 (KHTML, like Gecko) Mobile Safari/537.36 (compatible; PetalBot;+https://webmaster.petalsearch.com/site/petalbot)"
52.30.156.75 - - [20/Jun/2021:21:53:48 +0200] "HEAD /209-large_default/kit-xenon-hb1-9004-slim-digital-64bit-55w-alta-qualita-.jpg HTTP/1.0" 200 137 "eshoppingadvisor.com" "Mozilla/5.0 (Macintosh; Intel Mac OS X 10_15_6) AppleWebKit/537.36 (KHTML, like Gecko) Chrome/86.0.4240.80 Safari/537.36 OPR/72.0.3815.148"
151.37.169.63 - - [20/Jun/2021:21:53:52 +0200] "GET /709-home_default/kit-xenon-h11-canbus-24v-55w-pro-quality-fuzion.jpg HTTP/1.0" 200 8862 "https://www.fuzion.it/kit-xenon-veicoli-24volt-pro/317-kit-xenon-h7-canbus-24v-55w-pro-quality-fuzion.html?gclid=EAIaIQobChMI_4a35Pym8QIVhu_tCh07PwdCEAAYASAAEgIvG_D_BwE" "Mozilla/5.0 (Linux; Android 10; LYA-L09) AppleWebKit/537.36 (KHTML, like Gecko) Chrome/91.0.4472.101 Mobile Safari/537.36"
151.37.169.63 - - [20/Jun/2021:21:53:52 +0200] "GET /697-home_default/kit-bi-xenon-h4-3-canbus-24v-55w-pro-quality-fuzion.jpg HTTP/1.0" 200 8287 "https://www.fuzion.it/kit-xenon-veicoli-24volt-pro/317-kit-xenon-h7-canbus-24v-55w-pro-quality-fuzion.html?gclid=EAIaIQobChMI_4a35Pym8QIVhu_tCh07PwdCEAAYASAAEgIvG_D_BwE" "Mozilla/5.0 (Linux; Android 10; LYA-L09) AppleWebKit/537.36 (KHTML, like Gecko) Chrome/91.0.4472.101 Mobile Safari/537.36"
34.252.62.252 - - [20/Jun/2021:21:54:12 +0200] "HEAD /2791-large_default/lampade-h7-50w-led-matrix-canbus-no-fan-pro-fuzion.jpg HTTP/1.0" 200 137 "eshoppingadvisor.com" "Mozilla/5.0 (Macintosh; Intel Mac OS X 10_15_6) AppleWebKit/537.36 (KHTML, like Gecko) Chrome/86.0.4240.80 Safari/537.36 OPR/72.0.3815.148"
3.248.184.249 - - [20/Jun/2021:21:54:18 +0200] "HEAD /2879-large_default/kit-ricambio-lampade-xenon-d3s-oem-xenpro-fuzion-pro-quality.jpg HTTP/1.0" 200 137 "eshoppingadvisor.com" "Mozilla/5.0 (Macintosh; Intel Mac OS X 10_15_6) AppleWebKit/537.36 (KHTML, like Gecko) Chrome/86.0.4240.80 Safari/537.36 OPR/72.0.3815.148"
151.37.169.63 - - [20/Jun/2021:21:54:22 +0200] "GET /720-home_default/kit-xenon-d1s-canbus-24v-55w-pro-quality-fuzion.jpg HTTP/1.0" 200 8981 "https://www.fuzion.it/kit-xenon-veicoli-24volt-pro/317-kit-xenon-h7-canbus-24v-55w-pro-quality-fuzion.html?gclid=EAIaIQobChMI_4a35Pym8QIVhu_tCh07PwdCEAAYASAAEgIvG_D_BwE" "Mozilla/5.0 (Linux; Android 10; LYA-L09) AppleWebKit/537.36 (KHTML, like Gecko) Chrome/91.0.4472.101 Mobile Safari/537.36"
52.30.156.75 - - [20/Jun/2021:21:54:27 +0200] "HEAD /2858-large_default/adattatori-portalampade-xenon-abbagliante-ford-focus-fiesta.jpg HTTP/1.0" 200 137 "eshoppingadvisor.com" "Mozilla/5.0 (Macintosh; Intel Mac OS X 10_15_6) AppleWebKit/537.36 (KHTML, like Gecko) Chrome/86.0.4240.80 Safari/537.36 OPR/72.0.3815.148"
3.248.184.249 - - [20/Jun/2021:21:54:28 +0200] "HEAD /132-large_default/kit-xenon-h1-digital-64bit-35w-alta-qualita-.jpg HTTP/1.0" 200 137 "eshoppingadvisor.com" "Mozilla/5.0 (Macintosh; Intel Mac OS X 10_15_6) AppleWebKit/537.36 (KHTML, like Gecko) Chrome/86.0.4240.80 Safari/537.36 OPR/72.0.3815.148"
151.37.169.63 - - [20/Jun/2021:21:54:34 +0200] "GET /705-home_default/kit-xenon-h9-canbus-24v-55w-pro-quality-fuzion.jpg HTTP/1.0" 200 8862 "https://www.fuzion.it/kit-xenon-veicoli-24volt-pro/317-kit-xenon-h7-canbus-24v-55w-pro-quality-fuzion.html?gclid=EAIaIQobChMI_4a35Pym8QIVhu_tCh07PwdCEAAYASAAEgIvG_D_BwE" "Mozilla/5.0 (Linux; Android 10; LYA-L09) AppleWebKit/537.36 (KHTML, like Gecko) Chrome/91.0.4472.101 Mobile Safari/537.36"
151.37.169.63 - - [20/Jun/2021:21:54:34 +0200] "GET /700-home_default/kit-xenon-h7-r-canbus-24v-55w-pro-quality-fuzion.jpg HTTP/1.0" 200 8217 "https://www.fuzion.it/kit-xenon-veicoli-24volt-pro/317-kit-xenon-h7-canbus-24v-55w-pro-quality-fuzion.html?gclid=EAIaIQobChMI_4a35Pym8QIVhu_tCh07PwdCEAAYASAAEgIvG_D_BwE" "Mozilla/5.0 (Linux; Android 10; LYA-L09) AppleWebKit/537.36 (KHTML, like Gecko) Chrome/91.0.4472.101 Mobile Safari/537.36"
3.248.184.249 - - [20/Jun/2021:21:54:44 +0200] "HEAD /1533-large_default/lampade-p21w-ba15s-1156-18-led-canbus-fuzion.jpg HTTP/1.0" 200 137 "eshoppingadvisor.com" "Mozilla/5.0 (Macintosh; Intel Mac OS X 10_15_6) AppleWebKit/537.36 (KHTML, like Gecko) Chrome/86.0.4240.80 Safari/537.36 OPR/72.0.3815.148"
151.37.169.63 - - [20/Jun/2021:21:54:46 +0200] "GET /kit-xenon-veicoli-24volt-pro/318-1217-kit-xenon-h7-r-canbus-24v-55w-pro-quality-fuzion.html HTTP/1.0" 200 146948 "https://www.fuzion.it/kit-xenon-veicoli-24volt-pro/317-kit-xenon-h7-canbus-24v-55w-pro-quality-fuzion.html?gclid=EAIaIQobChMI_4a35Pym8QIVhu_tCh07PwdCEAAYASAAEgIvG_D_BwE" "Mozilla/5.0 (Linux; Android 10; LYA-L09) AppleWebKit/537.36 (KHTML, like Gecko) Chrome/91.0.4472.101 Mobile Safari/537.36"
151.37.169.63 - - [20/Jun/2021:21:54:50 +0200] "GET /700-medium_default/kit-xenon-h7-r-canbus-24v-55w-pro-quality-fuzion.jpg HTTP/1.0" 200 16956 "https://www.fuzion.it/kit-xenon-veicoli-24volt-pro/318-1217-kit-xenon-h7-r-canbus-24v-55w-pro-quality-fuzion.html" "Mozilla/5.0 (Linux; Android 10; LYA-L09) AppleWebKit/537.36 (KHTML, like Gecko) Chrome/91.0.4472.101 Mobile Safari/537.36"
151.37.169.63 - - [20/Jun/2021:21:54:50 +0200] "GET /726-medium_default/kit-xenon-h7-r-canbus-24v-55w-pro-quality-fuzion.jpg HTTP/1.0" 200 27137 "https://www.fuzion.it/kit-xenon-veicoli-24volt-pro/318-1217-kit-xenon-h7-r-canbus-24v-55w-pro-quality-fuzion.html" "Mozilla/5.0 (Linux; Android 10; LYA-L09) AppleWebKit/537.36 (KHTML, like Gecko) Chrome/91.0.4472.101 Mobile Safari/537.36"
151.37.169.63 - - [20/Jun/2021:21:54:50 +0200] "GET /701-medium_default/kit-xenon-h7-r-canbus-24v-55w-pro-quality-fuzion.jpg HTTP/1.0" 200 19507 "https://www.fuzion.it/kit-xenon-veicoli-24volt-pro/318-1217-kit-xenon-h7-r-canbus-24v-55w-pro-quality-fuzion.html" "Mozilla/5.0 (Linux; Android 10; LYA-L09) AppleWebKit/537.36 (KHTML, like Gecko) Chrome/91.0.4472.101 Mobile Safari/537.36"
151.37.169.63 - - [20/Jun/2021:21:54:51 +0200] "POST /module/newsletterpro/ajax HTTP/1.0" 200 519 "https://www.fuzion.it/kit-xenon-veicoli-24volt-pro/318-1217-kit-xenon-h7-r-canbus-24v-55w-pro-quality-fuzion.html" "Mozilla/5.0 (Linux; Android 10; LYA-L09) AppleWebKit/537.36 (KHTML, like Gecko) Chrome/91.0.4472.101 Mobile Safari/537.36"
151.37.169.63 - - [20/Jun/2021:21:54:59 +0200] "POST /module/zonethememanager/getFinalDate HTTP/1.0" 200 775 "https://www.fuzion.it/kit-xenon-veicoli-24volt-pro/318-1217-kit-xenon-h7-r-canbus-24v-55w-pro-quality-fuzion.html" "Mozilla/5.0 (Linux; Android 10; LYA-L09) AppleWebKit/537.36 (KHTML, like Gecko) Chrome/91.0.4472.101 Mobile Safari/537.36"
151.37.169.63 - - [20/Jun/2021:21:55:00 +0200] "POST /module/zonethememanager/categoryTree HTTP/1.0" 200 10897 "https://www.fuzion.it/kit-xenon-veicoli-24volt-pro/318-1217-kit-xenon-h7-r-canbus-24v-55w-pro-quality-fuzion.html" "Mozilla/5.0 (Linux; Android 10; LYA-L09) AppleWebKit/537.36 (KHTML, like Gecko) Chrome/91.0.4472.101 Mobile Safari/537.36"
114.119.129.110 - - [20/Jun/2021:21:55:02 +0200] "GET /2-categorie?q=Disponibilit%C3%A0-In%2Bmagazzino&page=38 HTTP/1.0" 200 184846 "-" "Mozilla/5.0 (Linux; Android 7.0;) AppleWebKit/537.36 (KHTML, like Gecko) Mobile Safari/537.36 (compatible; PetalBot;+https://webmaster.petalsearch.com/site/petalbot)"
52.30.156.75 - - [20/Jun/2021:21:55:14 +0200] "HEAD /2626-large_default/adattatori-portalampade-led-vw-skoda-hella-pbt-gf20.jpg HTTP/1.0" 200 137 "eshoppingadvisor.com" "Mozilla/5.0 (Macintosh; Intel Mac OS X 10_15_6) AppleWebKit/537.36 (KHTML, like Gecko) Chrome/86.0.4240.80 Safari/537.36 OPR/72.0.3815.148"
151.37.169.63 - - [20/Jun/2021:21:55:14 +0200] "POST /index.php?controller=product&token=f5c6323f1323d8b9782b800f0f78b14a&id_product=318&id_customization=0&group%5B5%5D=28&qty=1 HTTP/1.0" 200 54003 "https://www.fuzion.it/kit-xenon-veicoli-24volt-pro/318-1217-kit-xenon-h7-r-canbus-24v-55w-pro-quality-fuzion.html" "Mozilla/5.0 (Linux; Android 10; LYA-L09) AppleWebKit/537.36 (KHTML, like Gecko) Chrome/91.0.4472.101 Mobile Safari/537.36"
151.37.169.63 - - [20/Jun/2021:21:55:15 +0200] "GET /modules/estimatedshipping/ajax.php?ajax=true&action=escarrier&cid=10&carrier=49&pid=318&qty=1&ipa=1215&token=718c76b9519a43f1afe20f3d693c31a5 HTTP/1.0" 200 412 "https://www.fuzion.it/kit-xenon-veicoli-24volt-pro/318-1215-kit-xenon-h7-r-canbus-24v-55w-pro-quality-fuzion.html" "Mozilla/5.0 (Linux; Android 10; LYA-L09) AppleWebKit/537.36 (KHTML, like Gecko) Chrome/91.0.4472.101 Mobile Safari/537.36"
34.252.62.252 - - [20/Jun/2021:21:55:16 +0200] "HEAD /3051-large_default/kit-sensore-di-parcheggio-con-retrocamera-hd-170-all-in-one-pro-fuzion.jpg HTTP/1.0" 200 137 "eshoppingadvisor.com" "Mozilla/5.0 (Macintosh; Intel Mac OS X 10_15_6) AppleWebKit/537.36 (KHTML, like Gecko) Chrome/86.0.4240.80 Safari/537.36 OPR/72.0.3815.148"
54.75.36.231 - - [20/Jun/2021:21:55:16 +0200] "HEAD /1509-large_default/lampade-siluro-31mm-c5w-c10w-4-led-canbus-fuzion.jpg HTTP/1.0" 200 137 "eshoppingadvisor.com" "Mozilla/5.0 (Macintosh; Intel Mac OS X 10_15_6) AppleWebKit/537.36 (KHTML, like Gecko) Chrome/86.0.4240.80 Safari/537.36 OPR/72.0.3815.148"
151.37.169.63 - - [20/Jun/2021:21:55:18 +0200] "POST /index.php?controller=product&token=f5c6323f1323d8b9782b800f0f78b14a&id_product=318&id_customization=0&group%5B5%5D=26&qty=1 HTTP/1.0" 200 54003 "https://www.fuzion.it/kit-xenon-veicoli-24volt-pro/318-1215-kit-xenon-h7-r-canbus-24v-55w-pro-quality-fuzion.html" "Mozilla/5.0 (Linux; Android 10; LYA-L09) AppleWebKit/537.36 (KHTML, like Gecko) Chrome/91.0.4472.101 Mobile Safari/537.36"
151.37.169.63 - - [20/Jun/2021:21:55:19 +0200] "GET /modules/estimatedshipping/ajax.php?ajax=true&action=escarrier&cid=10&carrier=49&pid=318&qty=1&ipa=1217&token=718c76b9519a43f1afe20f3d693c31a5 HTTP/1.0" 200 412 "https://www.fuzion.it/kit-xenon-veicoli-24volt-pro/318-1217-kit-xenon-h7-r-canbus-24v-55w-pro-quality-fuzion.html" "Mozilla/5.0 (Linux; Android 10; LYA-L09) AppleWebKit/537.36 (KHTML, like Gecko) Chrome/91.0.4472.101 Mobile Safari/537.36"
185.191.171.1 - - [20/Jun/2021:21:55:19 +0200] "GET /kit-pro-canbus-line-12v-35w/240-905-kit-xenon-d1s-canbus-line-12v-35w-pro-quality-fuzion.html HTTP/1.0" 200 144560 "-" "Mozilla/5.0 (compatible; SemrushBot/7~bl; +http://www.semrush.com/bot.html)"
185.191.171.22 - - [20/Jun/2021:21:55:21 +0200] "GET /kit-pro-canbus-line-12v-35w/240-kit-xenon-d1s-canbus-line-12v-35w-pro-quality-fuzion.html HTTP/1.0" 200 144513 "-" "Mozilla/5.0 (compatible; SemrushBot/7~bl; +http://www.semrush.com/bot.html)"
151.37.169.63 - - [20/Jun/2021:21:55:38 +0200] "GET /721-home_default/kit-xenon-d2s-canbus-24v-55w-pro-quality-fuzion.jpg HTTP/1.0" 200 7671 "https://www.fuzion.it/kit-xenon-veicoli-24volt-pro/318-1217-kit-xenon-h7-r-canbus-24v-55w-pro-quality-fuzion.html" "Mozilla/5.0 (Linux; Android 10; LYA-L09) AppleWebKit/537.36 (KHTML, like Gecko) Chrome/91.0.4472.101 Mobile Safari/537.36"
151.37.169.63 - - [20/Jun/2021:21:55:41 +0200] "GET /716-home_default/kit-xenon-hb5-9007-canbus-24v-55w-pro-quality-fuzion.jpg HTTP/1.0" 200 8586 "https://www.fuzion.it/kit-xenon-veicoli-24volt-pro/318-1217-kit-xenon-h7-r-canbus-24v-55w-pro-quality-fuzion.html" "Mozilla/5.0 (Linux; Android 10; LYA-L09) AppleWebKit/537.36 (KHTML, like Gecko) Chrome/91.0.4472.101 Mobile Safari/537.36"
114.119.145.192 - - [20/Jun/2021:21:55:54 +0200] "GET /2-categorie?q=Categorie-KIT%2BXENON%2BDIGITAL%2B64BIT%2B55W&page=42 HTTP/1.0" 200 185154 "-" "Mozilla/5.0 (Linux; Android 7.0;) AppleWebKit/537.36 (KHTML, like Gecko) Mobile Safari/537.36 (compatible; PetalBot;+https://webmaster.petalsearch.com/site/petalbot)"
151.37.169.63 - - [20/Jun/2021:21:56:20 +0200] "GET /kit-xenon-veicoli-24volt-pro/317-kit-xenon-h7-canbus-24v-55w-pro-quality-fuzion.html?gclid=EAIaIQobChMI_4a35Pym8QIVhu_tCh07PwdCEAAYASAAEgIvG_D_BwE HTTP/1.0" 200 142251 "-" "Mozilla/5.0 (Linux; Android 10; LYA-L09) AppleWebKit/537.36 (KHTML, like Gecko) Chrome/91.0.4472.101 Mobile Safari/537.36"
185.191.171.7 - - [20/Jun/2021:21:56:55 +0200] "GET /kit-xenon-moto-slim-digital-64bit-55w/293-1117-kit-xenon-moto-hb3-9005-slim-digital-64bit-55w-alta-qualita-.html HTTP/1.0" 200 142765 "-" "Mozilla/5.0 (compatible; SemrushBot/7~bl; +http://www.semrush.com/bot.html)"
66.249.76.4 - - [20/Jun/2021:21:56:56 +0200] "GET /kit-xenon-veicoli-24volt-pro/317-kit-xenon-h7-canbus-24v-55w-pro-quality-fuzion.html HTTP/1.0" 200 141761 "-" "Mozilla/5.0 (compatible; Googlebot/2.1; +http://www.google.com/bot.html)"
185.191.171.5 - - [20/Jun/2021:21:56:57 +0200] "GET /kit-xenon-moto-slim-digital-64bit-55w/293-kit-xenon-moto-hb3-9005-slim-digital-64bit-55w-alta-qualita-.html HTTP/1.0" 200 142685 "-" "Mozilla/5.0 (compatible; SemrushBot/7~bl; +http://www.semrush.com/bot.html)"
66.249.89.204 - - [20/Jun/2021:21:57:19 +0200] "GET /ricambi-xenon-auto-alta-qualita-/349-kit-ricambio-lampade-xenon-h7-55w-alta-qualita-.html HTTP/1.0" 200 129924 "-" "AdsBot-Google (+http://www.google.com/adsbot.html)"
66.249.89.202 - - [20/Jun/2021:21:57:32 +0200] "POST /module/newsletterpro/ajax HTTP/1.0" 200 519 "https://www.fuzion.it/ricambi-xenon-auto-alta-qualita-/349-kit-ricambio-lampade-xenon-h7-55w-alta-qualita-.html" "AdsBot-Google (+http://www.google.com/adsbot.html)"
66.249.89.200 - - [20/Jun/2021:21:57:36 +0200] "POST /module/zonethememanager/getFinalDate HTTP/1.0" 200 775 "https://www.fuzion.it/ricambi-xenon-auto-alta-qualita-/349-kit-ricambio-lampade-xenon-h7-55w-alta-qualita-.html" "AdsBot-Google (+http://www.google.com/adsbot.html)"
66.249.89.200 - - [20/Jun/2021:21:57:36 +0200] "POST /module/zonemegamenu/menuDropdownContent HTTP/1.0" 200 479 "https://www.fuzion.it/ricambi-xenon-auto-alta-qualita-/349-kit-ricambio-lampade-xenon-h7-55w-alta-qualita-.html" "AdsBot-Google (+http://www.google.com/adsbot.html)"
66.249.89.200 - - [20/Jun/2021:21:57:40 +0200] "POST /module/zonethememanager/categoryTree HTTP/1.0" 200 10897 "https://www.fuzion.it/ricambi-xenon-auto-alta-qualita-/349-kit-ricambio-lampade-xenon-h7-55w-alta-qualita-.html" "AdsBot-Google (+http://www.google.com/adsbot.html)"
93.44.186.91 - - [20/Jun/2021:21:57:42 +0200] "GET /2326-medium_default/h7-kit-led-matrix-50w-canbus-pro-fuzion.jpg HTTP/1.0" 200 235011 "-" "Mozilla/5.0 (iPhone; CPU iPhone OS 14_6 like Mac OS X) AppleWebKit/605.1.15 (KHTML, like Gecko) Mobile/15E148"
93.44.186.91 - - [20/Jun/2021:21:57:42 +0200] "GET /2904-medium_default/kit-ricambio-lampade-xenon-d1s-hid-standard-fuzion.jpg HTTP/1.0" 200 225777 "-" "Mozilla/5.0 (iPhone; CPU iPhone OS 14_6 like Mac OS X) AppleWebKit/605.1.15 (KHTML, like Gecko) Mobile/15E148"
93.44.186.91 - - [20/Jun/2021:21:57:42 +0200] "GET /2910-medium_default/kit-ricambio-lampade-xenon-d1s-oem-24v-xenpro-fuzion-pro-quality.jpg HTTP/1.0" 200 228858 "-" "Mozilla/5.0 (iPhone; CPU iPhone OS 14_6 like Mac OS X) AppleWebKit/605.1.15 (KHTML, like Gecko) Mobile/15E148"
93.44.186.91 - - [20/Jun/2021:21:57:42 +0200] "GET /1079-medium_default/h7-alogene-super-white-pro-effetto-xenon-hid-fuzion.jpg HTTP/1.0" 200 26045 "-" "Mozilla/5.0 (iPhone; CPU iPhone OS 14_6 like Mac OS X) AppleWebKit/605.1.15 (KHTML, like Gecko) Mobile/15E148"
93.44.186.91 - - [20/Jun/2021:21:57:42 +0200] "GET /2232-medium_default/h7-kit-led-36w-canbus-alta-qualita-fuzion.jpg HTTP/1.0" 200 272197 "-" "Mozilla/5.0 (iPhone; CPU iPhone OS 14_6 like Mac OS X) AppleWebKit/605.1.15 (KHTML, like Gecko) Mobile/15E148"
93.44.186.91 - - [20/Jun/2021:21:57:42 +0200] "GET /1202-medium_default/kit-4-sensori-di-parcheggio-con-cicalino-pro-fuzion.jpg HTTP/1.0" 200 34393 "-" "Mozilla/5.0 (iPhone; CPU iPhone OS 14_6 like Mac OS X) AppleWebKit/605.1.15 (KHTML, like Gecko) Mobile/15E148"
93.44.186.91 - - [20/Jun/2021:21:57:42 +0200] "GET /3100-medium_default/pasta-lavamani-professionale-4000ml-4kg-made-in-italy-fuzion.jpg HTTP/1.0" 200 240221 "-" "Mozilla/5.0 (iPhone; CPU iPhone OS 14_6 like Mac OS X) AppleWebKit/605.1.15 (KHTML, like Gecko) Mobile/15E148"
93.44.186.91 - - [20/Jun/2021:21:57:42 +0200] "GET /module/newsletterpro/api?action=openedEmail&token=b1bea600d7f8a5312bae42ecdb85343c&email=simone_berardi@fastwebnet.it HTTP/1.0" 200 1610 "-" "Mozilla/5.0 (iPhone; CPU iPhone OS 14_6 like Mac OS X) AppleWebKit/605.1.15 (KHTML, like Gecko) Mobile/15E148"
114.119.129.110 - - [20/Jun/2021:21:58:04 +0200] "GET /tappi-cuffie-coprifaro/699-copy-of-tappi-cuffie-led-xenon-coprifaro-70-mm.html HTTP/1.0" 200 136458 "-" "Mozilla/5.0 (Linux; Android 7.0;) AppleWebKit/537.36 (KHTML, like Gecko) Mobile Safari/537.36 (compatible; PetalBot;+https://webmaster.petalsearch.com/site/petalbot)"
185.167.53.156 - - [20/Jun/2021:21:58:28 +0200] "GET / HTTP/1.0" 200 291991 "-" "Mozilla/5.0 (Linux; Android 11; SM-M515F) AppleWebKit/537.36 (KHTML, like Gecko) Chrome/91.0.4472.101 Mobile Safari/537.36"
185.167.53.156 - - [20/Jun/2021:21:58:30 +0200] "GET /847-home_default/kit-ricambio-lampade-xenon-d5s-oem-xenpro-fuzion-pro-quality.jpg HTTP/1.0" 200 9013 "https://www.fuzion.it/" "Mozilla/5.0 (Linux; Android 11; SM-M515F) AppleWebKit/537.36 (KHTML, like Gecko) Chrome/91.0.4472.101 Mobile Safari/537.36"
185.167.53.156 - - [20/Jun/2021:21:58:30 +0200] "GET /2877-home_default/kit-ricambio-lampade-xenon-d2s-oem-xenpro-fuzion-pro-quality.jpg HTTP/1.0" 200 84248 "https://www.fuzion.it/" "Mozilla/5.0 (Linux; Android 11; SM-M515F) AppleWebKit/537.36 (KHTML, like Gecko) Chrome/91.0.4472.101 Mobile Safari/537.36"
185.167.53.156 - - [20/Jun/2021:21:58:30 +0200] "GET /944-home_default/centralina-xenon-valeo-lad5g-12pin-alta-qualita-fuzion.jpg HTTP/1.0" 200 10495 "https://www.fuzion.it/" "Mozilla/5.0 (Linux; Android 11; SM-M515F) AppleWebKit/537.36 (KHTML, like Gecko) Chrome/91.0.4472.101 Mobile Safari/537.36"
185.167.53.156 - - [20/Jun/2021:21:58:30 +0200] "GET /2904-home_default/kit-ricambio-lampade-xenon-d1s-hid-standard-fuzion.jpg HTTP/1.0" 200 77056 "https://www.fuzion.it/" "Mozilla/5.0 (Linux; Android 11; SM-M515F) AppleWebKit/537.36 (KHTML, like Gecko) Chrome/91.0.4472.101 Mobile Safari/537.36"
185.167.53.156 - - [20/Jun/2021:21:58:30 +0200] "POST /module/newsletterpro/ajax HTTP/1.0" 200 519 "https://www.fuzion.it/" "Mozilla/5.0 (Linux; Android 11; SM-M515F) AppleWebKit/537.36 (KHTML, like Gecko) Chrome/91.0.4472.101 Mobile Safari/537.36"
185.167.53.156 - - [20/Jun/2021:21:58:30 +0200] "POST /module/zonethememanager/getFinalDateMiniature HTTP/1.0" 200 21433 "https://www.fuzion.it/" "Mozilla/5.0 (Linux; Android 11; SM-M515F) AppleWebKit/537.36 (KHTML, like Gecko) Chrome/91.0.4472.101 Mobile Safari/537.36"
185.167.53.156 - - [20/Jun/2021:21:58:32 +0200] "POST /module/zonethememanager/categoryTree HTTP/1.0" 200 10897 "https://www.fuzion.it/" "Mozilla/5.0 (Linux; Android 11; SM-M515F) AppleWebKit/537.36 (KHTML, like Gecko) Chrome/91.0.4472.101 Mobile Safari/537.36"
185.167.53.156 - - [20/Jun/2021:21:58:34 +0200] "POST /ricerca HTTP/1.0" 200 2552 "https://www.fuzion.it/" "Mozilla/5.0 (Linux; Android 11; SM-M515F) AppleWebKit/537.36 (KHTML, like Gecko) Chrome/91.0.4472.101 Mobile Safari/537.36"
185.167.53.156 - - [20/Jun/2021:21:58:35 +0200] "POST /ricerca HTTP/1.0" 200 54292 "https://www.fuzion.it/" "Mozilla/5.0 (Linux; Android 11; SM-M515F) AppleWebKit/537.36 (KHTML, like Gecko) Chrome/91.0.4472.101 Mobile Safari/537.36"
185.167.53.156 - - [20/Jun/2021:21:58:35 +0200] "GET /1948-cart_default/copy-of-adattatori-portalampade-led-ford-peugeot-citroen.jpg HTTP/1.0" 200 3569 "https://www.fuzion.it/" "Mozilla/5.0 (Linux; Android 11; SM-M515F) AppleWebKit/537.36 (KHTML, like Gecko) Chrome/91.0.4472.101 Mobile Safari/537.36"
185.167.53.156 - - [20/Jun/2021:21:58:35 +0200] "GET /927-cart_default/centralina-xenon-valeo-6g-89034934-alta-qualita-fuzion.jpg HTTP/1.0" 200 3007 "https://www.fuzion.it/" "Mozilla/5.0 (Linux; Android 11; SM-M515F) AppleWebKit/537.36 (KHTML, like Gecko) Chrome/91.0.4472.101 Mobile Safari/537.36"
185.167.53.156 - - [20/Jun/2021:21:58:35 +0200] "GET /944-cart_default/centralina-xenon-valeo-lad5g-12pin-alta-qualita-fuzion.jpg HTTP/1.0" 200 3841 "https://www.fuzion.it/" "Mozilla/5.0 (Linux; Android 11; SM-M515F) AppleWebKit/537.36 (KHTML, like Gecko) Chrome/91.0.4472.101 Mobile Safari/537.36"
185.167.53.156 - - [20/Jun/2021:21:58:35 +0200] "GET /936-cart_default/centralina-xenon-valeo-valeo-lad5gl-4pin-alta-qualita-fuzion.jpg HTTP/1.0" 200 4640 "https://www.fuzion.it/" "Mozilla/5.0 (Linux; Android 11; SM-M515F) AppleWebKit/537.36 (KHTML, like Gecko) Chrome/91.0.4472.101 Mobile Safari/537.36"
185.167.53.156 - - [20/Jun/2021:21:58:35 +0200] "GET /2863-cart_default/adattatori-portalampade-xenon-ford-peugeot-citroen.jpg HTTP/1.0" 200 3569 "https://www.fuzion.it/" "Mozilla/5.0 (Linux; Android 11; SM-M515F) AppleWebKit/537.36 (KHTML, like Gecko) Chrome/91.0.4472.101 Mobile Safari/537.36"
185.167.53.156 - - [20/Jun/2021:21:58:35 +0200] "GET /1046-cart_default/cavo-alimentazione-ricambio-per-centralina-xenon-valeo-6g-7g.jpg HTTP/1.0" 200 3984 "https://www.fuzion.it/" "Mozilla/5.0 (Linux; Android 11; SM-M515F) AppleWebKit/537.36 (KHTML, like Gecko) Chrome/91.0.4472.101 Mobile Safari/537.36"
185.167.53.156 - - [20/Jun/2021:21:58:38 +0200] "POST /ricerca HTTP/1.0" 200 55660 "https://www.fuzion.it/" "Mozilla/5.0 (Linux; Android 11; SM-M515F) AppleWebKit/537.36 (KHTML, like Gecko) Chrome/91.0.4472.101 Mobile Safari/537.36"
185.167.53.156 - - [20/Jun/2021:21:58:39 +0200] "GET /1505-cart_default/lampade-siluro-31mm-c5w-c10w-2-led-canbus-fuzion.jpg HTTP/1.0" 200 4195 "https://www.fuzion.it/" "Mozilla/5.0 (Linux; Android 11; SM-M515F) AppleWebKit/537.36 (KHTML, like Gecko) Chrome/91.0.4472.101 Mobile Safari/537.36"
185.167.53.156 - - [20/Jun/2021:21:58:39 +0200] "GET /1501-cart_default/lampade-siluro-c5w-c10w-6-led-canbus-fuzion.jpg HTTP/1.0" 200 5101 "https://www.fuzion.it/" "Mozilla/5.0 (Linux; Android 11; SM-M515F) AppleWebKit/537.36 (KHTML, like Gecko) Chrome/91.0.4472.101 Mobile Safari/537.36"
185.167.53.156 - - [20/Jun/2021:21:58:39 +0200] "GET /1509-cart_default/lampade-siluro-31mm-c5w-c10w-4-led-canbus-fuzion.jpg HTTP/1.0" 200 4077 "https://www.fuzion.it/" "Mozilla/5.0 (Linux; Android 11; SM-M515F) AppleWebKit/537.36 (KHTML, like Gecko) Chrome/91.0.4472.101 Mobile Safari/537.36"
185.167.53.156 - - [20/Jun/2021:21:58:39 +0200] "GET /2702-cart_default/lampade-siluro-c5w-c10w-plafoniera-targa-1-led-canbus-pro-power-fuzion.jpg HTTP/1.0" 200 23748 "https://www.fuzion.it/" "Mozilla/5.0 (Linux; Android 11; SM-M515F) AppleWebKit/537.36 (KHTML, like Gecko) Chrome/91.0.4472.101 Mobile Safari/537.36"
185.167.53.156 - - [20/Jun/2021:21:58:39 +0200] "GET /2708-cart_default/lampade-siluro-c5w-c10w-31mm-plafoniera-targa-1-led-canbus-pro-power-fuzion.jpg HTTP/1.0" 200 23748 "https://www.fuzion.it/" "Mozilla/5.0 (Linux; Android 11; SM-M515F) AppleWebKit/537.36 (KHTML, like Gecko) Chrome/91.0.4472.101 Mobile Safari/537.36"
185.167.53.156 - - [20/Jun/2021:21:58:39 +0200] "GET /1497-cart_default/lampade-siluro-c5w-c10w-3-led-canbus-fuzion.jpg HTTP/1.0" 200 4193 "https://www.fuzion.it/" "Mozilla/5.0 (Linux; Android 11; SM-M515F) AppleWebKit/537.36 (KHTML, like Gecko) Chrome/91.0.4472.101 Mobile Safari/537.36"
185.167.53.156 - - [20/Jun/2021:21:58:42 +0200] "GET /led-interni-esterni-1224v/551-1685-lampade-siluro-c5w-c10w-3-led-canbus-fuzion.html HTTP/1.0" 200 143239 "https://www.fuzion.it/" "Mozilla/5.0 (Linux; Android 11; SM-M515F) AppleWebKit/537.36 (KHTML, like Gecko) Chrome/91.0.4472.101 Mobile Safari/537.36"
185.167.53.156 - - [20/Jun/2021:21:58:43 +0200] "GET /1497-medium_default/lampade-siluro-c5w-c10w-3-led-canbus-fuzion.jpg HTTP/1.0" 200 27736 "https://www.fuzion.it/led-interni-esterni-1224v/551-1685-lampade-siluro-c5w-c10w-3-led-canbus-fuzion.html" "Mozilla/5.0 (Linux; Android 11; SM-M515F) AppleWebKit/537.36 (KHTML, like Gecko) Chrome/91.0.4472.101 Mobile Safari/537.36"
185.167.53.156 - - [20/Jun/2021:21:58:43 +0200] "GET /1497-home_default/lampade-siluro-c5w-c10w-3-led-canbus-fuzion.jpg HTTP/1.0" 200 11787 "https://www.fuzion.it/led-interni-esterni-1224v/551-1685-lampade-siluro-c5w-c10w-3-led-canbus-fuzion.html" "Mozilla/5.0 (Linux; Android 11; SM-M515F) AppleWebKit/537.36 (KHTML, like Gecko) Chrome/91.0.4472.101 Mobile Safari/537.36"
185.167.53.156 - - [20/Jun/2021:21:58:43 +0200] "POST /module/newsletterpro/ajax HTTP/1.0" 200 519 "https://www.fuzion.it/led-interni-esterni-1224v/551-1685-lampade-siluro-c5w-c10w-3-led-canbus-fuzion.html" "Mozilla/5.0 (Linux; Android 11; SM-M515F) AppleWebKit/537.36 (KHTML, like Gecko) Chrome/91.0.4472.101 Mobile Safari/537.36"
185.167.53.156 - - [20/Jun/2021:21:58:44 +0200] "POST /module/zonethememanager/getFinalDate HTTP/1.0" 200 775 "https://www.fuzion.it/led-interni-esterni-1224v/551-1685-lampade-siluro-c5w-c10w-3-led-canbus-fuzion.html" "Mozilla/5.0 (Linux; Android 11; SM-M515F) AppleWebKit/537.36 (KHTML, like Gecko) Chrome/91.0.4472.101 Mobile Safari/537.36"
185.167.53.156 - - [20/Jun/2021:21:58:45 +0200] "POST /module/zonethememanager/categoryTree HTTP/1.0" 200 10897 "https://www.fuzion.it/led-interni-esterni-1224v/551-1685-lampade-siluro-c5w-c10w-3-led-canbus-fuzion.html" "Mozilla/5.0 (Linux; Android 11; SM-M515F) AppleWebKit/537.36 (KHTML, like Gecko) Chrome/91.0.4472.101 Mobile Safari/537.36"
114.119.145.79 - - [20/Jun/2021:21:59:02 +0200] "GET /ricambi-xenon-moto-e-scooter/420-1625-kit-ricambio-lampade-xenon-moto-h3-xenpro-fuzion-pro-quality.html HTTP/1.0" 200 134934 "-" "Mozilla/5.0 (Linux; Android 7.0;) AppleWebKit/537.36 (KHTML, like Gecko) Mobile Safari/537.36 (compatible; PetalBot;+https://webmaster.petalsearch.com/site/petalbot)"
54.36.148.177 - - [20/Jun/2021:21:59:03 +0200] "GET /kit-sensori-di-parcheggio/512-1672-kit-4-sensori-di-parcheggio-con-display-lcd-a-colori-pro-fuzion.html HTTP/1.0" 200 166152 "-" "Mozilla/5.0 (compatible; AhrefsBot/7.0; +http://ahrefs.com/robot/)"
185.167.53.156 - - [20/Jun/2021:21:59:27 +0200] "GET /1498-medium_default/lampade-siluro-c5w-c10w-3-led-canbus-fuzion.jpg HTTP/1.0" 200 60531 "https://www.fuzion.it/led-interni-esterni-1224v/551-1685-lampade-siluro-c5w-c10w-3-led-canbus-fuzion.html" "Mozilla/5.0 (Linux; Android 11; SM-M515F) AppleWebKit/537.36 (KHTML, like Gecko) Chrome/91.0.4472.101 Mobile Safari/537.36"
185.167.53.156 - - [20/Jun/2021:21:59:30 +0200] "GET / HTTP/1.0" 200 290677 "-" "Mozilla/5.0 (Linux; Android 11; SM-M515F) AppleWebKit/537.36 (KHTML, like Gecko) Chrome/91.0.4472.101 Mobile Safari/537.36"
185.167.53.156 - - [20/Jun/2021:21:59:32 +0200] "POST /module/newsletterpro/ajax HTTP/1.0" 200 519 "https://www.fuzion.it/" "Mozilla/5.0 (Linux; Android 11; SM-M515F) AppleWebKit/537.36 (KHTML, like Gecko) Chrome/91.0.4472.101 Mobile Safari/537.36"
185.167.53.156 - - [20/Jun/2021:21:59:32 +0200] "POST /module/zonethememanager/getFinalDateMiniature HTTP/1.0" 200 21433 "https://www.fuzion.it/" "Mozilla/5.0 (Linux; Android 11; SM-M515F) AppleWebKit/537.36 (KHTML, like Gecko) Chrome/91.0.4472.101 Mobile Safari/537.36"
185.167.53.156 - - [20/Jun/2021:21:59:34 +0200] "POST /module/zonethememanager/categoryTree HTTP/1.0" 200 10897 "https://www.fuzion.it/" "Mozilla/5.0 (Linux; Android 11; SM-M515F) AppleWebKit/537.36 (KHTML, like Gecko) Chrome/91.0.4472.101 Mobile Safari/537.36"
185.167.53.156 - - [20/Jun/2021:21:59:38 +0200] "POST /ricerca HTTP/1.0" 200 2552 "https://www.fuzion.it/" "Mozilla/5.0 (Linux; Android 11; SM-M515F) AppleWebKit/537.36 (KHTML, like Gecko) Chrome/91.0.4472.101 Mobile Safari/537.36"
185.167.53.156 - - [20/Jun/2021:21:59:39 +0200] "POST /ricerca HTTP/1.0" 200 54292 "https://www.fuzion.it/" "Mozilla/5.0 (Linux; Android 11; SM-M515F) AppleWebKit/537.36 (KHTML, like Gecko) Chrome/91.0.4472.101 Mobile Safari/537.36"
185.167.53.156 - - [20/Jun/2021:21:59:40 +0200] "POST /ricerca HTTP/1.0" 200 55660 "https://www.fuzion.it/" "Mozilla/5.0 (Linux; Android 11; SM-M515F) AppleWebKit/537.36 (KHTML, like Gecko) Chrome/91.0.4472.101 Mobile Safari/537.36"
185.167.53.156 - - [20/Jun/2021:21:59:56 +0200] "GET /led-interni-esterni-1224v/554-lampade-siluro-31mm-c5w-c10w-4-led-canbus-fuzion.html HTTP/1.0" 200 132145 "https://www.fuzion.it/" "Mozilla/5.0 (Linux; Android 11; SM-M515F) AppleWebKit/537.36 (KHTML, like Gecko) Chrome/91.0.4472.101 Mobile Safari/537.36"
185.167.53.156 - - [20/Jun/2021:21:59:57 +0200] "GET /1509-home_default/lampade-siluro-31mm-c5w-c10w-4-led-canbus-fuzion.jpg HTTP/1.0" 200 10005 "https://www.fuzion.it/led-interni-esterni-1224v/554-lampade-siluro-31mm-c5w-c10w-4-led-canbus-fuzion.html" "Mozilla/5.0 (Linux; Android 11; SM-M515F) AppleWebKit/537.36 (KHTML, like Gecko) Chrome/91.0.4472.101 Mobile Safari/537.36"
185.167.53.156 - - [20/Jun/2021:21:59:57 +0200] "GET /1509-medium_default/lampade-siluro-31mm-c5w-c10w-4-led-canbus-fuzion.jpg HTTP/1.0" 200 20781 "https://www.fuzion.it/led-interni-esterni-1224v/554-lampade-siluro-31mm-c5w-c10w-4-led-canbus-fuzion.html" "Mozilla/5.0 (Linux; Android 11; SM-M515F) AppleWebKit/537.36 (KHTML, like Gecko) Chrome/91.0.4472.101 Mobile Safari/537.36"
185.167.53.156 - - [20/Jun/2021:21:59:58 +0200] "POST /module/newsletterpro/ajax HTTP/1.0" 200 519 "https://www.fuzion.it/led-interni-esterni-1224v/554-lampade-siluro-31mm-c5w-c10w-4-led-canbus-fuzion.html" "Mozilla/5.0 (Linux; Android 11; SM-M515F) AppleWebKit/537.36 (KHTML, like Gecko) Chrome/91.0.4472.101 Mobile Safari/537.36"
185.167.53.156 - - [20/Jun/2021:21:59:58 +0200] "POST /module/zonethememanager/getFinalDate HTTP/1.0" 200 775 "https://www.fuzion.it/led-interni-esterni-1224v/554-lampade-siluro-31mm-c5w-c10w-4-led-canbus-fuzion.html" "Mozilla/5.0 (Linux; Android 11; SM-M515F) AppleWebKit/537.36 (KHTML, like Gecko) Chrome/91.0.4472.101 Mobile Safari/537.36"
185.167.53.156 - - [20/Jun/2021:21:59:59 +0200] "POST /module/zonethememanager/categoryTree HTTP/1.0" 200 10897 "https://www.fuzion.it/led-interni-esterni-1224v/554-lampade-siluro-31mm-c5w-c10w-4-led-canbus-fuzion.html" "Mozilla/5.0 (Linux; Android 11; SM-M515F) AppleWebKit/537.36 (KHTML, like Gecko) Chrome/91.0.4472.101 Mobile Safari/537.36"
80.211.21.168 - - [20/Jun/2021:22:00:01 +0200] "GET /modules/fastbay1/ajax/downloadOrders.php?s=1&mp=101&token=fe5bbe495522e306e46ab3a58ca3e552 HTTP/1.0" 200 1185 "-" "curl/7.29.0"
185.167.53.156 - - [20/Jun/2021:22:00:06 +0200] "GET / HTTP/1.0" 200 290677 "-" "Mozilla/5.0 (Linux; Android 11; SM-M515F) AppleWebKit/537.36 (KHTML, like Gecko) Chrome/91.0.4472.101 Mobile Safari/537.36"
185.167.53.156 - - [20/Jun/2021:22:00:07 +0200] "POST /module/newsletterpro/ajax HTTP/1.0" 200 519 "https://www.fuzion.it/" "Mozilla/5.0 (Linux; Android 11; SM-M515F) AppleWebKit/537.36 (KHTML, like Gecko) Chrome/91.0.4472.101 Mobile Safari/537.36"
185.167.53.156 - - [20/Jun/2021:22:00:08 +0200] "POST /module/zonethememanager/getFinalDateMiniature HTTP/1.0" 200 21433 "https://www.fuzion.it/" "Mozilla/5.0 (Linux; Android 11; SM-M515F) AppleWebKit/537.36 (KHTML, like Gecko) Chrome/91.0.4472.101 Mobile Safari/537.36"
80.211.21.168 - - [20/Jun/2021:22:00:01 +0200] "GET /mcadmin/index.php?controller=AdminSearch&action=searchCron&ajax=1&full=1&token=3ztiax6t&id_shop=1 HTTP/1.0" 200 1048 "-" "curl/7.29.0"
185.167.53.156 - - [20/Jun/2021:22:00:09 +0200] "GET /1458-home_default/lampade-t10-w5w-5-led-canbus-fuzion.jpg HTTP/1.0" 200 9173 "https://www.fuzion.it/" "Mozilla/5.0 (Linux; Android 11; SM-M515F) AppleWebKit/537.36 (KHTML, like Gecko) Chrome/91.0.4472.101 Mobile Safari/537.36"
185.167.53.156 - - [20/Jun/2021:22:00:09 +0200] "GET /2702-home_default/lampade-siluro-c5w-c10w-plafoniera-targa-1-led-canbus-pro-power-fuzion.jpg HTTP/1.0" 200 94700 "https://www.fuzion.it/" "Mozilla/5.0 (Linux; Android 11; SM-M515F) AppleWebKit/537.36 (KHTML, like Gecko) Chrome/91.0.4472.101 Mobile Safari/537.36"
185.167.53.156 - - [20/Jun/2021:22:00:09 +0200] "GET /2719-home_default/lampade-t10-w5w-16-led-new-canbus-pro-power-fuzion.jpg HTTP/1.0" 200 70333 "https://www.fuzion.it/" "Mozilla/5.0 (Linux; Android 11; SM-M515F) AppleWebKit/537.36 (KHTML, like Gecko) Chrome/91.0.4472.101 Mobile Safari/537.36"
185.167.53.156 - - [20/Jun/2021:22:00:09 +0200] "POST /module/zonethememanager/categoryTree HTTP/1.0" 200 10897 "https://www.fuzion.it/" "Mozilla/5.0 (Linux; Android 11; SM-M515F) AppleWebKit/537.36 (KHTML, like Gecko) Chrome/91.0.4472.101 Mobile Safari/537.36"
31.156.165.69 - - [20/Jun/2021:22:00:21 +0200] "GET /2326-medium_default/h7-kit-led-matrix-50w-canbus-pro-fuzion.jpg HTTP/1.0" 200 235011 "-" "Mozilla/5.0 (Windows NT 6.3; Win64; x64) AppleWebKit/537.36 (KHTML, like Gecko) Chrome/91.0.4472.77 Safari/537.36"
31.156.165.69 - - [20/Jun/2021:22:00:21 +0200] "GET /2910-medium_default/kit-ricambio-lampade-xenon-d1s-oem-24v-xenpro-fuzion-pro-quality.jpg HTTP/1.0" 200 228858 "-" "Mozilla/5.0 (Windows NT 6.3; Win64; x64) AppleWebKit/537.36 (KHTML, like Gecko) Chrome/91.0.4472.77 Safari/537.36"
31.156.165.69 - - [20/Jun/2021:22:00:21 +0200] "GET /1079-medium_default/h7-alogene-super-white-pro-effetto-xenon-hid-fuzion.jpg HTTP/1.0" 200 26045 "-" "Mozilla/5.0 (Windows NT 6.3; Win64; x64) AppleWebKit/537.36 (KHTML, like Gecko) Chrome/91.0.4472.77 Safari/537.36"
31.156.165.69 - - [20/Jun/2021:22:00:21 +0200] "GET /2232-medium_default/h7-kit-led-36w-canbus-alta-qualita-fuzion.jpg HTTP/1.0" 200 272197 "-" "Mozilla/5.0 (Windows NT 6.3; Win64; x64) AppleWebKit/537.36 (KHTML, like Gecko) Chrome/91.0.4472.77 Safari/537.36"
31.156.165.69 - - [20/Jun/2021:22:00:21 +0200] "GET /1202-medium_default/kit-4-sensori-di-parcheggio-con-cicalino-pro-fuzion.jpg HTTP/1.0" 200 34393 "-" "Mozilla/5.0 (Windows NT 6.3; Win64; x64) AppleWebKit/537.36 (KHTML, like Gecko) Chrome/91.0.4472.77 Safari/537.36"
31.156.165.69 - - [20/Jun/2021:22:00:21 +0200] "GET /3100-medium_default/pasta-lavamani-professionale-4000ml-4kg-made-in-italy-fuzion.jpg HTTP/1.0" 200 240221 "-" "Mozilla/5.0 (Windows NT 6.3; Win64; x64) AppleWebKit/537.36 (KHTML, like Gecko) Chrome/91.0.4472.77 Safari/537.36"
31.156.165.69 - - [20/Jun/2021:22:00:21 +0200] "GET /2904-medium_default/kit-ricambio-lampade-xenon-d1s-hid-standard-fuzion.jpg HTTP/1.0" 200 225777 "-" "Mozilla/5.0 (Windows NT 6.3; Win64; x64) AppleWebKit/537.36 (KHTML, like Gecko) Chrome/91.0.4472.77 Safari/537.36"
31.156.165.69 - - [20/Jun/2021:22:00:21 +0200] "GET /module/newsletterpro/api?action=openedEmail&token=b1bea600d7f8a5312bae42ecdb85343c&email=battistefi@libero.it HTTP/1.0" 200 1610 "-" "Mozilla/5.0 (Windows NT 6.3; Win64; x64) AppleWebKit/537.36 (KHTML, like Gecko) Chrome/91.0.4472.77 Safari/537.36"
114.119.136.34 - - [20/Jun/2021:22:00:21 +0200] "GET /brand/3-fuzion?page=6 HTTP/1.0" 200 159463 "-" "Mozilla/5.0 (Linux; Android 7.0;) AppleWebKit/537.36 (KHTML, like Gecko) Mobile Safari/537.36 (compatible; PetalBot;+https://webmaster.petalsearch.com/site/petalbot)"
93.42.36.252 - - [20/Jun/2021:22:01:15 +0200] "HEAD /favicon.ico HTTP/1.0" 404 137 "-" "Spark/2.9.23.402 CFNetwork/1237 Darwin/20.4.0"
93.42.36.252 - - [20/Jun/2021:22:01:15 +0200] "GET / HTTP/1.0" 200 395577 "-" "Spark/2.9.23.402 CFNetwork/1237 Darwin/20.4.0"
114.119.147.42 - - [20/Jun/2021:22:01:37 +0200] "GET /2-categorie?q=Marca-FuZion%2FCategorie-KIT%2BSENSORI%2BDI%2BPARCHEGGIO&page=5 HTTP/1.0" 200 187231 "-" "Mozilla/5.0 (Linux; Android 7.0;) AppleWebKit/537.36 (KHTML, like Gecko) Mobile Safari/537.36 (compatible; PetalBot;+https://webmaster.petalsearch.com/site/petalbot)"
151.16.151.193 - - [20/Jun/2021:22:01:55 +0200] "GET /3100-medium_default/pasta-lavamani-professionale-4000ml-4kg-made-in-italy-fuzion.jpg HTTP/1.0" 200 240221 "-" "Mozilla/4.0 (compatible; ms-office; MSOffice 16)"
151.16.151.193 - - [20/Jun/2021:22:01:55 +0200] "GET /1079-medium_default/h7-alogene-super-white-pro-effetto-xenon-hid-fuzion.jpg HTTP/1.0" 200 26045 "-" "Mozilla/4.0 (compatible; ms-office; MSOffice 16)"
151.16.151.193 - - [20/Jun/2021:22:01:55 +0200] "GET /2904-medium_default/kit-ricambio-lampade-xenon-d1s-hid-standard-fuzion.jpg HTTP/1.0" 200 225777 "-" "Mozilla/4.0 (compatible; ms-office; MSOffice 16)"
151.16.151.193 - - [20/Jun/2021:22:01:55 +0200] "GET /2910-medium_default/kit-ricambio-lampade-xenon-d1s-oem-24v-xenpro-fuzion-pro-quality.jpg HTTP/1.0" 200 228858 "-" "Mozilla/4.0 (compatible; ms-office; MSOffice 16)"
151.16.151.193 - - [20/Jun/2021:22:01:55 +0200] "GET /2326-medium_default/h7-kit-led-matrix-50w-canbus-pro-fuzion.jpg HTTP/1.0" 200 235011 "-" "Mozilla/4.0 (compatible; ms-office; MSOffice 16)"
151.16.151.193 - - [20/Jun/2021:22:01:55 +0200] "GET /1202-medium_default/kit-4-sensori-di-parcheggio-con-cicalino-pro-fuzion.jpg HTTP/1.0" 200 34393 "-" "Mozilla/4.0 (compatible; ms-office; MSOffice 16)"
151.16.151.193 - - [20/Jun/2021:22:01:55 +0200] "GET /2232-medium_default/h7-kit-led-36w-canbus-alta-qualita-fuzion.jpg HTTP/1.0" 200 272197 "-" "Mozilla/4.0 (compatible; ms-office; MSOffice 16)"
151.16.151.193 - - [20/Jun/2021:22:01:55 +0200] "GET /module/newsletterpro/api?action=openedEmail&token=b1bea600d7f8a5312bae42ecdb85343c&email=crpietro@live.it HTTP/1.0" 200 1610 "-" "Mozilla/4.0 (compatible; ms-office; MSOffice 16)"
114.119.148.208 - - [20/Jun/2021:22:02:24 +0200] "GET /kit-led-per-veicoli-24volt/519-h7-kit-led-matrix-50w-canbus-pro-fuzion.html?wsr_p=3 HTTP/1.0" 200 181642 "-" "Mozilla/5.0 (Linux; Android 7.0;) AppleWebKit/537.36 (KHTML, like Gecko) Mobile Safari/537.36 (compatible; PetalBot;+https://webmaster.petalsearch.com/site/petalbot)"
40.77.167.30 - - [20/Jun/2021:22:02:53 +0200] "GET /led-interni-esterni-1224v/548-lampade-bax9s-h6w-h21w-5-led-canbus-fuzion.html HTTP/1.0" 200 135316 "-" "Mozilla/5.0 (compatible; bingbot/2.0; +http://www.bing.com/bingbot.htm)"
5.170.240.14 - - [20/Jun/2021:22:03:58 +0200] "GET /kit-led-per-veicoli-24volt/519-h7-kit-led-matrix-50w-canbus-pro-fuzion.html?gclid=CjwKCAjwzruGBhBAEiwAUqMR8P3eAYxviNd3LvFPywd8Dh4z1PwlyIJgGCxujtOEDcyim0dqKUfA-RoCCksQAvD_BwE HTTP/1.0" 200 176178 "https://www.google.com/" "Mozilla/5.0 (Linux; Android 10; S59Pro) AppleWebKit/537.36 (KHTML, like Gecko) Chrome/89.0.4389.105 Mobile Safari/537.36"
114.119.145.79 - - [20/Jun/2021:22:03:59 +0200] "GET /ricambi-xenon-veicoli-24volt-pro/407-1573-kit-ricambio-lampade-xenon-d1s-oem-24v-xenpro-fuzion-pro-quality.html HTTP/1.0" 200 146908 "-" "Mozilla/5.0 (Linux; Android 7.0;) AppleWebKit/537.36 (KHTML, like Gecko) Mobile Safari/537.36 (compatible; PetalBot;+https://webmaster.petalsearch.com/site/petalbot)"
66.249.76.4 - - [20/Jun/2021:22:04:00 +0200] "GET /1790-home_default/h11-kit-led-moto-36w-canbus-alta-qualita-fuzion.jpg HTTP/1.0" 403 1229 "-" "Googlebot-Image/1.0"
5.170.240.14 - - [20/Jun/2021:22:04:01 +0200] "GET /2326-medium_default/h7-kit-led-matrix-50w-canbus-pro-fuzion.jpg HTTP/1.0" 200 235011 "https://www.fuzion.it/kit-led-per-veicoli-24volt/519-h7-kit-led-matrix-50w-canbus-pro-fuzion.html?gclid=CjwKCAjwzruGBhBAEiwAUqMR8P3eAYxviNd3LvFPywd8Dh4z1PwlyIJgGCxujtOEDcyim0dqKUfA-RoCCksQAvD_BwE" "Mozilla/5.0 (Linux; Android 10; S59Pro) AppleWebKit/537.36 (KHTML, like Gecko) Chrome/89.0.4389.105 Mobile Safari/537.36"
5.170.240.14 - - [20/Jun/2021:22:04:02 +0200] "GET /2326-home_default/h7-kit-led-matrix-50w-canbus-pro-fuzion.jpg HTTP/1.0" 200 81951 "https://www.fuzion.it/kit-led-per-veicoli-24volt/519-h7-kit-led-matrix-50w-canbus-pro-fuzion.html?gclid=CjwKCAjwzruGBhBAEiwAUqMR8P3eAYxviNd3LvFPywd8Dh4z1PwlyIJgGCxujtOEDcyim0dqKUfA-RoCCksQAvD_BwE" "Mozilla/5.0 (Linux; Android 10; S59Pro) AppleWebKit/537.36 (KHTML, like Gecko) Chrome/89.0.4389.105 Mobile Safari/537.36"
