93.70.67.86 - - [20/Jun/2021:10:08:54 +0200] "GET /mcadmin/index.php/sell/customers/modules/gamification/views/img/badges/107_0.png HTTP/1.0" 302 412 "https://www.fuzion.it/mcadmin/index.php/sell/customers/10459/view?_token=wPmR20WWs8n69dp_HJcPBzjtyLkybTyskf_avlN4jT8" "Mozilla/5.0 (iPhone; CPU iPhone OS 14_6 like Mac OS X) AppleWebKit/605.1.15 (KHTML, like Gecko) Version/14.1.1 Mobile/15E148 Safari/604.1"
93.70.67.86 - - [20/Jun/2021:10:08:54 +0200] "GET /mcadmin/index.php/sell/customers/modules/gamification/views/img/badges/index.php?controller=AdminDashboard&token=a8714ea4628bbd9a5f11e3d876754de3 HTTP/1.0" 200 132927 "https://www.fuzion.it/mcadmin/index.php/sell/customers/10459/view?_token=wPmR20WWs8n69dp_HJcPBzjtyLkybTyskf_avlN4jT8" "Mozilla/5.0 (iPhone; CPU iPhone OS 14_6 like Mac OS X) AppleWebKit/605.1.15 (KHTML, like Gecko) Version/14.1.1 Mobile/15E148 Safari/604.1"
93.70.67.86 - - [20/Jun/2021:10:08:54 +0200] "GET /mcadmin/index.php/sell/customers/modules/gamification/views/img/badges/index.php?controller=AdminDashboard&token=a8714ea4628bbd9a5f11e3d876754de3 HTTP/1.0" 200 133163 "https://www.fuzion.it/mcadmin/index.php/sell/customers/10459/view?_token=wPmR20WWs8n69dp_HJcPBzjtyLkybTyskf_avlN4jT8" "Mozilla/5.0 (iPhone; CPU iPhone OS 14_6 like Mac OS X) AppleWebKit/605.1.15 (KHTML, like Gecko) Version/14.1.1 Mobile/15E148 Safari/604.1"
79.52.222.4 - - [20/Jun/2021:10:09:17 +0200] "GET /tracciatura-ospite HTTP/1.0" 200 49113 "-" "Mozilla/5.0 (iPhone; CPU iPhone OS 14_6 like Mac OS X) AppleWebKit/605.1.15 (KHTML, like Gecko) Version/14.1.1 Mobile/15E148 Safari/604.1"
79.52.222.4 - - [20/Jun/2021:10:09:18 +0200] "POST /module/newsletterpro/ajax HTTP/1.0" 200 519 "https://www.fuzion.it/tracciatura-ospite" "Mozilla/5.0 (iPhone; CPU iPhone OS 14_6 like Mac OS X) AppleWebKit/605.1.15 (KHTML, like Gecko) Version/14.1.1 Mobile/15E148 Safari/604.1"
79.52.222.4 - - [20/Jun/2021:10:09:19 +0200] "POST /module/zonethememanager/categoryTree HTTP/1.0" 200 10897 "https://www.fuzion.it/tracciatura-ospite" "Mozilla/5.0 (iPhone; CPU iPhone OS 14_6 like Mac OS X) AppleWebKit/605.1.15 (KHTML, like Gecko) Version/14.1.1 Mobile/15E148 Safari/604.1"
66.249.89.200 - - [20/Jun/2021:10:09:36 +0200] "POST /module/newsletterpro/ajax HTTP/1.0" 200 519 "https://www.fuzion.it/ricambi-xenon-moto-e-scooter/416-kit-ricambio-lampade-xenon-moto-h9-alta-qualita-.html" "AdsBot-Google (+http://www.google.com/adsbot.html)"
79.52.222.4 - - [20/Jun/2021:10:09:37 +0200] "GET /tracciatura-ospite HTTP/1.0" 200 47857 "-" "Mozilla/5.0 (iPhone; CPU iPhone OS 14_6 like Mac OS X) AppleWebKit/605.1.15 (KHTML, like Gecko) Version/14.1.1 Mobile/15E148 Safari/604.1"
79.52.222.4 - - [20/Jun/2021:10:09:37 +0200] "POST /module/newsletterpro/ajax HTTP/1.0" 200 519 "https://www.fuzion.it/tracciatura-ospite" "Mozilla/5.0 (iPhone; CPU iPhone OS 14_6 like Mac OS X) AppleWebKit/605.1.15 (KHTML, like Gecko) Version/14.1.1 Mobile/15E148 Safari/604.1"
79.52.222.4 - - [20/Jun/2021:10:09:39 +0200] "POST /module/zonethememanager/categoryTree HTTP/1.0" 200 10897 "https://www.fuzion.it/tracciatura-ospite" "Mozilla/5.0 (iPhone; CPU iPhone OS 14_6 like Mac OS X) AppleWebKit/605.1.15 (KHTML, like Gecko) Version/14.1.1 Mobile/15E148 Safari/604.1"
93.70.67.86 - - [20/Jun/2021:10:09:50 +0200] "GET /mcadmin/index.php/sell/customers/?_token=wPmR20WWs8n69dp_HJcPBzjtyLkybTyskf_avlN4jT8 HTTP/1.0" 200 567343 "https://www.fuzion.it/mcadmin/index.php/sell/customers/10459/view?_token=wPmR20WWs8n69dp_HJcPBzjtyLkybTyskf_avlN4jT8" "Mozilla/5.0 (iPhone; CPU iPhone OS 14_6 like Mac OS X) AppleWebKit/605.1.15 (KHTML, like Gecko) Version/14.1.1 Mobile/15E148 Safari/604.1"
93.70.67.86 - - [20/Jun/2021:10:09:51 +0200] "POST /mcadmin/index.php/common/notifications?_token=wPmR20WWs8n69dp_HJcPBzjtyLkybTyskf_avlN4jT8&rand=1624176591650 HTTP/1.0" 200 5820 "https://www.fuzion.it/mcadmin/index.php/sell/customers/?_token=wPmR20WWs8n69dp_HJcPBzjtyLkybTyskf_avlN4jT8" "Mozilla/5.0 (iPhone; CPU iPhone OS 14_6 like Mac OS X) AppleWebKit/605.1.15 (KHTML, like Gecko) Version/14.1.1 Mobile/15E148 Safari/604.1"
93.70.67.86 - - [20/Jun/2021:10:09:51 +0200] "GET /mcadmin/index.php?controller=AdminStats&ajax=1&action=getKpi&kpi=customer_main_gender&token=7c77748f277540c8f1634182bdcb9387&rand=1624176591660&_=1624176591497 HTTP/1.0" 200 432 "https://www.fuzion.it/mcadmin/index.php/sell/customers/?_token=wPmR20WWs8n69dp_HJcPBzjtyLkybTyskf_avlN4jT8" "Mozilla/5.0 (iPhone; CPU iPhone OS 14_6 like Mac OS X) AppleWebKit/605.1.15 (KHTML, like Gecko) Version/14.1.1 Mobile/15E148 Safari/604.1"
93.70.67.86 - - [20/Jun/2021:10:09:51 +0200] "GET /mcadmin/index.php?controller=AdminStats&ajax=1&action=getKpi&kpi=avg_customer_age&token=7c77748f277540c8f1634182bdcb9387&rand=1624176591660&_=1624176591498 HTTP/1.0" 200 422 "https://www.fuzion.it/mcadmin/index.php/sell/customers/?_token=wPmR20WWs8n69dp_HJcPBzjtyLkybTyskf_avlN4jT8" "Mozilla/5.0 (iPhone; CPU iPhone OS 14_6 like Mac OS X) AppleWebKit/605.1.15 (KHTML, like Gecko) Version/14.1.1 Mobile/15E148 Safari/604.1"
93.70.67.86 - - [20/Jun/2021:10:09:51 +0200] "POST /mcadmin/index.php?controller=AdminGamification&token=3b8900b30e807dc886c1a49b1d3a1e49 HTTP/1.0" 200 5214 "https://www.fuzion.it/mcadmin/index.php/sell/customers/?_token=wPmR20WWs8n69dp_HJcPBzjtyLkybTyskf_avlN4jT8" "Mozilla/5.0 (iPhone; CPU iPhone OS 14_6 like Mac OS X) AppleWebKit/605.1.15 (KHTML, like Gecko) Version/14.1.1 Mobile/15E148 Safari/604.1"
93.70.67.86 - - [20/Jun/2021:10:09:51 +0200] "GET /mcadmin/index.php?controller=AdminStats&ajax=1&action=getKpi&kpi=orders_per_customer&token=7c77748f277540c8f1634182bdcb9387&rand=1624176591660&_=1624176591499 HTTP/1.0" 200 416 "https://www.fuzion.it/mcadmin/index.php/sell/customers/?_token=wPmR20WWs8n69dp_HJcPBzjtyLkybTyskf_avlN4jT8" "Mozilla/5.0 (iPhone; CPU iPhone OS 14_6 like Mac OS X) AppleWebKit/605.1.15 (KHTML, like Gecko) Version/14.1.1 Mobile/15E148 Safari/604.1"
93.70.67.86 - - [20/Jun/2021:10:09:51 +0200] "GET /mcadmin/index.php?controller=AdminStats&ajax=1&action=getKpi&kpi=newsletter_registrations&token=7c77748f277540c8f1634182bdcb9387&rand=1624176591660&_=1624176591500 HTTP/1.0" 200 416 "https://www.fuzion.it/mcadmin/index.php/sell/customers/?_token=wPmR20WWs8n69dp_HJcPBzjtyLkybTyskf_avlN4jT8" "Mozilla/5.0 (iPhone; CPU iPhone OS 14_6 like Mac OS X) AppleWebKit/605.1.15 (KHTML, like Gecko) Version/14.1.1 Mobile/15E148 Safari/604.1"
93.70.67.86 - - [20/Jun/2021:10:09:56 +0200] "GET /mcadmin/index.php/sell/modules/gamification/views/img/badges/108_1.png HTTP/1.0" 302 412 "https://www.fuzion.it/mcadmin/index.php/sell/customers/?_token=wPmR20WWs8n69dp_HJcPBzjtyLkybTyskf_avlN4jT8" "Mozilla/5.0 (iPhone; CPU iPhone OS 14_6 like Mac OS X) AppleWebKit/605.1.15 (KHTML, like Gecko) Version/14.1.1 Mobile/15E148 Safari/604.1"
93.70.67.86 - - [20/Jun/2021:10:09:56 +0200] "GET /mcadmin/index.php/sell/modules/gamification/views/img/badges/107_0.png HTTP/1.0" 302 412 "https://www.fuzion.it/mcadmin/index.php/sell/customers/?_token=wPmR20WWs8n69dp_HJcPBzjtyLkybTyskf_avlN4jT8" "Mozilla/5.0 (iPhone; CPU iPhone OS 14_6 like Mac OS X) AppleWebKit/605.1.15 (KHTML, like Gecko) Version/14.1.1 Mobile/15E148 Safari/604.1"
93.70.67.86 - - [20/Jun/2021:10:09:56 +0200] "GET /mcadmin/index.php/sell/modules/gamification/views/img/badges/index.php?controller=AdminDashboard&token=a8714ea4628bbd9a5f11e3d876754de3 HTTP/1.0" 200 133139 "https://www.fuzion.it/mcadmin/index.php/sell/customers/?_token=wPmR20WWs8n69dp_HJcPBzjtyLkybTyskf_avlN4jT8" "Mozilla/5.0 (iPhone; CPU iPhone OS 14_6 like Mac OS X) AppleWebKit/605.1.15 (KHTML, like Gecko) Version/14.1.1 Mobile/15E148 Safari/604.1"
93.70.67.86 - - [20/Jun/2021:10:09:56 +0200] "GET /mcadmin/index.php/sell/modules/gamification/views/img/badges/index.php?controller=AdminDashboard&token=a8714ea4628bbd9a5f11e3d876754de3 HTTP/1.0" 200 132903 "https://www.fuzion.it/mcadmin/index.php/sell/customers/?_token=wPmR20WWs8n69dp_HJcPBzjtyLkybTyskf_avlN4jT8" "Mozilla/5.0 (iPhone; CPU iPhone OS 14_6 like Mac OS X) AppleWebKit/605.1.15 (KHTML, like Gecko) Version/14.1.1 Mobile/15E148 Safari/604.1"
93.70.67.86 - - [20/Jun/2021:10:09:58 +0200] "GET /mcadmin/index.php/sell/customers/10458/view?_token=wPmR20WWs8n69dp_HJcPBzjtyLkybTyskf_avlN4jT8 HTTP/1.0" 200 106879 "https://www.fuzion.it/mcadmin/index.php/sell/customers/?_token=wPmR20WWs8n69dp_HJcPBzjtyLkybTyskf_avlN4jT8" "Mozilla/5.0 (iPhone; CPU iPhone OS 14_6 like Mac OS X) AppleWebKit/605.1.15 (KHTML, like Gecko) Version/14.1.1 Mobile/15E148 Safari/604.1"
93.70.67.86 - - [20/Jun/2021:10:09:58 +0200] "POST /mcadmin/index.php/common/notifications?_token=wPmR20WWs8n69dp_HJcPBzjtyLkybTyskf_avlN4jT8&rand=1624176598788 HTTP/1.0" 200 5820 "https://www.fuzion.it/mcadmin/index.php/sell/customers/10458/view?_token=wPmR20WWs8n69dp_HJcPBzjtyLkybTyskf_avlN4jT8" "Mozilla/5.0 (iPhone; CPU iPhone OS 14_6 like Mac OS X) AppleWebKit/605.1.15 (KHTML, like Gecko) Version/14.1.1 Mobile/15E148 Safari/604.1"
151.46.194.46 - - [20/Jun/2021:10:10:00 +0200] "GET /?gclid=CjwKCAjwzruGBhBAEiwAUqMR8N1ETyK_i1UklLurjXrTd8OTKnAthqXtvjoipHUmItqKjyeRKvfIaRoCjM8QAvD_BwE HTTP/1.0" 200 292314 "https://www.google.it/" "Mozilla/5.0 (iPhone; CPU iPhone OS 14_6 like Mac OS X) AppleWebKit/605.1.15 (KHTML, like Gecko) Version/14.1.1 Mobile/15E148 Safari/604.1"
151.46.194.46 - - [20/Jun/2021:10:10:01 +0200] "GET /847-home_default/kit-ricambio-lampade-xenon-d5s-oem-xenpro-fuzion-pro-quality.jpg HTTP/1.0" 200 9013 "https://www.fuzion.it/?gclid=CjwKCAjwzruGBhBAEiwAUqMR8N1ETyK_i1UklLurjXrTd8OTKnAthqXtvjoipHUmItqKjyeRKvfIaRoCjM8QAvD_BwE" "Mozilla/5.0 (iPhone; CPU iPhone OS 14_6 like Mac OS X) AppleWebKit/605.1.15 (KHTML, like Gecko) Version/14.1.1 Mobile/15E148 Safari/604.1"
151.46.194.46 - - [20/Jun/2021:10:10:01 +0200] "GET /2877-home_default/kit-ricambio-lampade-xenon-d2s-oem-xenpro-fuzion-pro-quality.jpg HTTP/1.0" 200 84248 "https://www.fuzion.it/?gclid=CjwKCAjwzruGBhBAEiwAUqMR8N1ETyK_i1UklLurjXrTd8OTKnAthqXtvjoipHUmItqKjyeRKvfIaRoCjM8QAvD_BwE" "Mozilla/5.0 (iPhone; CPU iPhone OS 14_6 like Mac OS X) AppleWebKit/605.1.15 (KHTML, like Gecko) Version/14.1.1 Mobile/15E148 Safari/604.1"
151.46.194.46 - - [20/Jun/2021:10:10:01 +0200] "GET /2904-home_default/kit-ricambio-lampade-xenon-d1s-hid-standard-fuzion.jpg HTTP/1.0" 200 77056 "https://www.fuzion.it/?gclid=CjwKCAjwzruGBhBAEiwAUqMR8N1ETyK_i1UklLurjXrTd8OTKnAthqXtvjoipHUmItqKjyeRKvfIaRoCjM8QAvD_BwE" "Mozilla/5.0 (iPhone; CPU iPhone OS 14_6 like Mac OS X) AppleWebKit/605.1.15 (KHTML, like Gecko) Version/14.1.1 Mobile/15E148 Safari/604.1"
151.46.194.46 - - [20/Jun/2021:10:10:01 +0200] "GET /944-home_default/centralina-xenon-valeo-lad5g-12pin-alta-qualita-fuzion.jpg HTTP/1.0" 200 10495 "https://www.fuzion.it/?gclid=CjwKCAjwzruGBhBAEiwAUqMR8N1ETyK_i1UklLurjXrTd8OTKnAthqXtvjoipHUmItqKjyeRKvfIaRoCjM8QAvD_BwE" "Mozilla/5.0 (iPhone; CPU iPhone OS 14_6 like Mac OS X) AppleWebKit/605.1.15 (KHTML, like Gecko) Version/14.1.1 Mobile/15E148 Safari/604.1"
151.46.194.46 - - [20/Jun/2021:10:10:01 +0200] "POST /module/newsletterpro/ajax HTTP/1.0" 200 519 "https://www.fuzion.it/?gclid=CjwKCAjwzruGBhBAEiwAUqMR8N1ETyK_i1UklLurjXrTd8OTKnAthqXtvjoipHUmItqKjyeRKvfIaRoCjM8QAvD_BwE" "Mozilla/5.0 (iPhone; CPU iPhone OS 14_6 like Mac OS X) AppleWebKit/605.1.15 (KHTML, like Gecko) Version/14.1.1 Mobile/15E148 Safari/604.1"
151.46.194.46 - - [20/Jun/2021:10:10:02 +0200] "POST /module/zonethememanager/getFinalDateMiniature HTTP/1.0" 200 21433 "https://www.fuzion.it/?gclid=CjwKCAjwzruGBhBAEiwAUqMR8N1ETyK_i1UklLurjXrTd8OTKnAthqXtvjoipHUmItqKjyeRKvfIaRoCjM8QAvD_BwE" "Mozilla/5.0 (iPhone; CPU iPhone OS 14_6 like Mac OS X) AppleWebKit/605.1.15 (KHTML, like Gecko) Version/14.1.1 Mobile/15E148 Safari/604.1"
93.70.67.86 - - [20/Jun/2021:10:09:58 +0200] "POST /mcadmin/index.php?controller=AdminGamification&token=3b8900b30e807dc886c1a49b1d3a1e49 HTTP/1.0" 200 5214 "https://www.fuzion.it/mcadmin/index.php/sell/customers/10458/view?_token=wPmR20WWs8n69dp_HJcPBzjtyLkybTyskf_avlN4jT8" "Mozilla/5.0 (iPhone; CPU iPhone OS 14_6 like Mac OS X) AppleWebKit/605.1.15 (KHTML, like Gecko) Version/14.1.1 Mobile/15E148 Safari/604.1"
93.70.67.86 - - [20/Jun/2021:10:10:00 +0200] "GET /mcadmin/index.php/sell/customers/?_token=wPmR20WWs8n69dp_HJcPBzjtyLkybTyskf_avlN4jT8 HTTP/1.0" 200 567559 "https://www.fuzion.it/mcadmin/index.php/sell/customers/10459/view?_token=wPmR20WWs8n69dp_HJcPBzjtyLkybTyskf_avlN4jT8" "Mozilla/5.0 (iPhone; CPU iPhone OS 14_6 like Mac OS X) AppleWebKit/605.1.15 (KHTML, like Gecko) Version/14.1.1 Mobile/15E148 Safari/604.1"
151.46.194.46 - - [20/Jun/2021:10:10:03 +0200] "POST /module/zonethememanager/categoryTree HTTP/1.0" 200 10897 "https://www.fuzion.it/?gclid=CjwKCAjwzruGBhBAEiwAUqMR8N1ETyK_i1UklLurjXrTd8OTKnAthqXtvjoipHUmItqKjyeRKvfIaRoCjM8QAvD_BwE" "Mozilla/5.0 (iPhone; CPU iPhone OS 14_6 like Mac OS X) AppleWebKit/605.1.15 (KHTML, like Gecko) Version/14.1.1 Mobile/15E148 Safari/604.1"
93.70.67.86 - - [20/Jun/2021:10:10:03 +0200] "POST /mcadmin/index.php/common/notifications?_token=wPmR20WWs8n69dp_HJcPBzjtyLkybTyskf_avlN4jT8&rand=1624176603476 HTTP/1.0" 200 5820 "https://www.fuzion.it/mcadmin/index.php/sell/customers/?_token=wPmR20WWs8n69dp_HJcPBzjtyLkybTyskf_avlN4jT8" "Mozilla/5.0 (iPhone; CPU iPhone OS 14_6 like Mac OS X) AppleWebKit/605.1.15 (KHTML, like Gecko) Version/14.1.1 Mobile/15E148 Safari/604.1"
151.46.194.46 - - [20/Jun/2021:10:10:04 +0200] "GET /1458-home_default/lampade-t10-w5w-5-led-canbus-fuzion.jpg HTTP/1.0" 200 9173 "https://www.fuzion.it/?gclid=CjwKCAjwzruGBhBAEiwAUqMR8N1ETyK_i1UklLurjXrTd8OTKnAthqXtvjoipHUmItqKjyeRKvfIaRoCjM8QAvD_BwE" "Mozilla/5.0 (iPhone; CPU iPhone OS 14_6 like Mac OS X) AppleWebKit/605.1.15 (KHTML, like Gecko) Version/14.1.1 Mobile/15E148 Safari/604.1"
151.46.194.46 - - [20/Jun/2021:10:10:04 +0200] "GET /2719-home_default/lampade-t10-w5w-16-led-new-canbus-pro-power-fuzion.jpg HTTP/1.0" 200 70333 "https://www.fuzion.it/?gclid=CjwKCAjwzruGBhBAEiwAUqMR8N1ETyK_i1UklLurjXrTd8OTKnAthqXtvjoipHUmItqKjyeRKvfIaRoCjM8QAvD_BwE" "Mozilla/5.0 (iPhone; CPU iPhone OS 14_6 like Mac OS X) AppleWebKit/605.1.15 (KHTML, like Gecko) Version/14.1.1 Mobile/15E148 Safari/604.1"
151.46.194.46 - - [20/Jun/2021:10:10:04 +0200] "GET /2702-home_default/lampade-siluro-c5w-c10w-plafoniera-targa-1-led-canbus-pro-power-fuzion.jpg HTTP/1.0" 200 94700 "https://www.fuzion.it/?gclid=CjwKCAjwzruGBhBAEiwAUqMR8N1ETyK_i1UklLurjXrTd8OTKnAthqXtvjoipHUmItqKjyeRKvfIaRoCjM8QAvD_BwE" "Mozilla/5.0 (iPhone; CPU iPhone OS 14_6 like Mac OS X) AppleWebKit/605.1.15 (KHTML, like Gecko) Version/14.1.1 Mobile/15E148 Safari/604.1"
151.46.194.46 - - [20/Jun/2021:10:10:04 +0200] "GET /1079-home_default/h7-alogene-super-white-pro-effetto-xenon-hid-fuzion.jpg HTTP/1.0" 200 11324 "https://www.fuzion.it/?gclid=CjwKCAjwzruGBhBAEiwAUqMR8N1ETyK_i1UklLurjXrTd8OTKnAthqXtvjoipHUmItqKjyeRKvfIaRoCjM8QAvD_BwE" "Mozilla/5.0 (iPhone; CPU iPhone OS 14_6 like Mac OS X) AppleWebKit/605.1.15 (KHTML, like Gecko) Version/14.1.1 Mobile/15E148 Safari/604.1"
151.46.194.46 - - [20/Jun/2021:10:10:04 +0200] "GET /2326-home_default/h7-kit-led-matrix-50w-canbus-pro-fuzion.jpg HTTP/1.0" 200 81951 "https://www.fuzion.it/?gclid=CjwKCAjwzruGBhBAEiwAUqMR8N1ETyK_i1UklLurjXrTd8OTKnAthqXtvjoipHUmItqKjyeRKvfIaRoCjM8QAvD_BwE" "Mozilla/5.0 (iPhone; CPU iPhone OS 14_6 like Mac OS X) AppleWebKit/605.1.15 (KHTML, like Gecko) Version/14.1.1 Mobile/15E148 Safari/604.1"
51.81.71.237 - - [20/Jun/2021:10:10:04 +0200] "GET /kit-sensori-di-parcheggio/510-1661-kit-4-sensori-di-parcheggio-con-cicalino-pro-fuzion.html HTTP/1.0" 200 183999 "-" "Mozilla/5.0 (Macintosh; Intel Mac OS X 10_15_2) AppleWebKit/605.1.15 (KHTML, like Gecko) Version/13.0.4 Safari/605.1.15"
79.52.222.4 - - [20/Jun/2021:10:10:05 +0200] "GET /tracciatura-ospite?order_reference=AHKKOVFIG&email=pio.oddi%40gmail.com HTTP/1.0" 302 487 "https://www.fuzion.it/tracciatura-ospite" "Mozilla/5.0 (iPhone; CPU iPhone OS 14_6 like Mac OS X) AppleWebKit/605.1.15 (KHTML, like Gecko) Version/14.1.1 Mobile/15E148 Safari/604.1"
151.46.194.46 - - [20/Jun/2021:10:10:06 +0200] "GET /1065-home_default/h4-alogene-super-white-pro-effetto-xenon-hid-fuzion.jpg HTTP/1.0" 200 13647 "https://www.fuzion.it/?gclid=CjwKCAjwzruGBhBAEiwAUqMR8N1ETyK_i1UklLurjXrTd8OTKnAthqXtvjoipHUmItqKjyeRKvfIaRoCjM8QAvD_BwE" "Mozilla/5.0 (iPhone; CPU iPhone OS 14_6 like Mac OS X) AppleWebKit/605.1.15 (KHTML, like Gecko) Version/14.1.1 Mobile/15E148 Safari/604.1"
151.46.194.46 - - [20/Jun/2021:10:10:06 +0200] "GET /2232-home_default/h7-kit-led-36w-canbus-alta-qualita-fuzion.jpg HTTP/1.0" 200 92804 "https://www.fuzion.it/?gclid=CjwKCAjwzruGBhBAEiwAUqMR8N1ETyK_i1UklLurjXrTd8OTKnAthqXtvjoipHUmItqKjyeRKvfIaRoCjM8QAvD_BwE" "Mozilla/5.0 (iPhone; CPU iPhone OS 14_6 like Mac OS X) AppleWebKit/605.1.15 (KHTML, like Gecko) Version/14.1.1 Mobile/15E148 Safari/604.1"
151.46.194.46 - - [20/Jun/2021:10:10:06 +0200] "GET /95-home_default/kit-xenon-h7-c-digital-64bit-35w-alta-qualita-.jpg HTTP/1.0" 200 7834 "https://www.fuzion.it/?gclid=CjwKCAjwzruGBhBAEiwAUqMR8N1ETyK_i1UklLurjXrTd8OTKnAthqXtvjoipHUmItqKjyeRKvfIaRoCjM8QAvD_BwE" "Mozilla/5.0 (iPhone; CPU iPhone OS 14_6 like Mac OS X) AppleWebKit/605.1.15 (KHTML, like Gecko) Version/14.1.1 Mobile/15E148 Safari/604.1"
151.46.194.46 - - [20/Jun/2021:10:10:06 +0200] "GET /560-home_default/kit-xenon-h7-canbus-superlight-12v-55w-pro-quality-fuzion.jpg HTTP/1.0" 200 7602 "https://www.fuzion.it/?gclid=CjwKCAjwzruGBhBAEiwAUqMR8N1ETyK_i1UklLurjXrTd8OTKnAthqXtvjoipHUmItqKjyeRKvfIaRoCjM8QAvD_BwE" "Mozilla/5.0 (iPhone; CPU iPhone OS 14_6 like Mac OS X) AppleWebKit/605.1.15 (KHTML, like Gecko) Version/14.1.1 Mobile/15E148 Safari/604.1"
151.46.194.46 - - [20/Jun/2021:10:10:06 +0200] "GET /2879-home_default/kit-ricambio-lampade-xenon-d3s-oem-xenpro-fuzion-pro-quality.jpg HTTP/1.0" 200 83305 "https://www.fuzion.it/?gclid=CjwKCAjwzruGBhBAEiwAUqMR8N1ETyK_i1UklLurjXrTd8OTKnAthqXtvjoipHUmItqKjyeRKvfIaRoCjM8QAvD_BwE" "Mozilla/5.0 (iPhone; CPU iPhone OS 14_6 like Mac OS X) AppleWebKit/605.1.15 (KHTML, like Gecko) Version/14.1.1 Mobile/15E148 Safari/604.1"
79.52.222.4 - - [20/Jun/2021:10:10:06 +0200] "GET /cronologia-ordini HTTP/1.0" 302 378 "https://www.fuzion.it/tracciatura-ospite" "Mozilla/5.0 (iPhone; CPU iPhone OS 14_6 like Mac OS X) AppleWebKit/605.1.15 (KHTML, like Gecko) Version/14.1.1 Mobile/15E148 Safari/604.1"
79.52.222.4 - - [20/Jun/2021:10:10:06 +0200] "GET /login?back=history HTTP/1.0" 200 49698 "https://www.fuzion.it/tracciatura-ospite" "Mozilla/5.0 (iPhone; CPU iPhone OS 14_6 like Mac OS X) AppleWebKit/605.1.15 (KHTML, like Gecko) Version/14.1.1 Mobile/15E148 Safari/604.1"
79.52.222.4 - - [20/Jun/2021:10:10:06 +0200] "POST /module/newsletterpro/ajax HTTP/1.0" 200 519 "https://www.fuzion.it/login?back=history" "Mozilla/5.0 (iPhone; CPU iPhone OS 14_6 like Mac OS X) AppleWebKit/605.1.15 (KHTML, like Gecko) Version/14.1.1 Mobile/15E148 Safari/604.1"
93.70.67.86 - - [20/Jun/2021:10:10:03 +0200] "POST /mcadmin/index.php?controller=AdminGamification&token=3b8900b30e807dc886c1a49b1d3a1e49 HTTP/1.0" 200 5214 "https://www.fuzion.it/mcadmin/index.php/sell/customers/?_token=wPmR20WWs8n69dp_HJcPBzjtyLkybTyskf_avlN4jT8" "Mozilla/5.0 (iPhone; CPU iPhone OS 14_6 like Mac OS X) AppleWebKit/605.1.15 (KHTML, like Gecko) Version/14.1.1 Mobile/15E148 Safari/604.1"
93.70.67.86 - - [20/Jun/2021:10:10:03 +0200] "GET /mcadmin/index.php?controller=AdminStats&ajax=1&action=getKpi&kpi=orders_per_customer&token=7c77748f277540c8f1634182bdcb9387&rand=1624176603483&_=1624176603348 HTTP/1.0" 200 416 "https://www.fuzion.it/mcadmin/index.php/sell/customers/?_token=wPmR20WWs8n69dp_HJcPBzjtyLkybTyskf_avlN4jT8" "Mozilla/5.0 (iPhone; CPU iPhone OS 14_6 like Mac OS X) AppleWebKit/605.1.15 (KHTML, like Gecko) Version/14.1.1 Mobile/15E148 Safari/604.1"
93.70.67.86 - - [20/Jun/2021:10:10:03 +0200] "GET /mcadmin/index.php?controller=AdminStats&ajax=1&action=getKpi&kpi=customer_main_gender&token=7c77748f277540c8f1634182bdcb9387&rand=1624176603483&_=1624176603346 HTTP/1.0" 200 432 "https://www.fuzion.it/mcadmin/index.php/sell/customers/?_token=wPmR20WWs8n69dp_HJcPBzjtyLkybTyskf_avlN4jT8" "Mozilla/5.0 (iPhone; CPU iPhone OS 14_6 like Mac OS X) AppleWebKit/605.1.15 (KHTML, like Gecko) Version/14.1.1 Mobile/15E148 Safari/604.1"
93.70.67.86 - - [20/Jun/2021:10:10:03 +0200] "GET /mcadmin/index.php?controller=AdminStats&ajax=1&action=getKpi&kpi=newsletter_registrations&token=7c77748f277540c8f1634182bdcb9387&rand=1624176603484&_=1624176603349 HTTP/1.0" 200 416 "https://www.fuzion.it/mcadmin/index.php/sell/customers/?_token=wPmR20WWs8n69dp_HJcPBzjtyLkybTyskf_avlN4jT8" "Mozilla/5.0 (iPhone; CPU iPhone OS 14_6 like Mac OS X) AppleWebKit/605.1.15 (KHTML, like Gecko) Version/14.1.1 Mobile/15E148 Safari/604.1"
93.70.67.86 - - [20/Jun/2021:10:10:07 +0200] "GET /mcadmin/index.php/sell/modules/gamification/views/img/badges/108_1.png HTTP/1.0" 302 412 "https://www.fuzion.it/mcadmin/index.php/sell/customers/?_token=wPmR20WWs8n69dp_HJcPBzjtyLkybTyskf_avlN4jT8" "Mozilla/5.0 (iPhone; CPU iPhone OS 14_6 like Mac OS X) AppleWebKit/605.1.15 (KHTML, like Gecko) Version/14.1.1 Mobile/15E148 Safari/604.1"
93.70.67.86 - - [20/Jun/2021:10:10:07 +0200] "GET /mcadmin/index.php/sell/modules/gamification/views/img/badges/107_0.png HTTP/1.0" 302 412 "https://www.fuzion.it/mcadmin/index.php/sell/customers/?_token=wPmR20WWs8n69dp_HJcPBzjtyLkybTyskf_avlN4jT8" "Mozilla/5.0 (iPhone; CPU iPhone OS 14_6 like Mac OS X) AppleWebKit/605.1.15 (KHTML, like Gecko) Version/14.1.1 Mobile/15E148 Safari/604.1"
93.70.67.86 - - [20/Jun/2021:10:10:03 +0200] "GET /mcadmin/index.php?controller=AdminStats&ajax=1&action=getKpi&kpi=avg_customer_age&token=7c77748f277540c8f1634182bdcb9387&rand=1624176603483&_=1624176603347 HTTP/1.0" 200 422 "https://www.fuzion.it/mcadmin/index.php/sell/customers/?_token=wPmR20WWs8n69dp_HJcPBzjtyLkybTyskf_avlN4jT8" "Mozilla/5.0 (iPhone; CPU iPhone OS 14_6 like Mac OS X) AppleWebKit/605.1.15 (KHTML, like Gecko) Version/14.1.1 Mobile/15E148 Safari/604.1"
79.52.222.4 - - [20/Jun/2021:10:10:07 +0200] "POST /module/zonethememanager/categoryTree HTTP/1.0" 200 10897 "https://www.fuzion.it/login?back=history" "Mozilla/5.0 (iPhone; CPU iPhone OS 14_6 like Mac OS X) AppleWebKit/605.1.15 (KHTML, like Gecko) Version/14.1.1 Mobile/15E148 Safari/604.1"
93.70.67.86 - - [20/Jun/2021:10:10:07 +0200] "GET /mcadmin/index.php/sell/modules/gamification/views/img/badges/index.php?controller=AdminDashboard&token=a8714ea4628bbd9a5f11e3d876754de3 HTTP/1.0" 200 132902 "https://www.fuzion.it/mcadmin/index.php/sell/customers/?_token=wPmR20WWs8n69dp_HJcPBzjtyLkybTyskf_avlN4jT8" "Mozilla/5.0 (iPhone; CPU iPhone OS 14_6 like Mac OS X) AppleWebKit/605.1.15 (KHTML, like Gecko) Version/14.1.1 Mobile/15E148 Safari/604.1"
93.70.67.86 - - [20/Jun/2021:10:10:07 +0200] "GET /mcadmin/index.php/sell/modules/gamification/views/img/badges/index.php?controller=AdminDashboard&token=a8714ea4628bbd9a5f11e3d876754de3 HTTP/1.0" 200 132918 "https://www.fuzion.it/mcadmin/index.php/sell/customers/?_token=wPmR20WWs8n69dp_HJcPBzjtyLkybTyskf_avlN4jT8" "Mozilla/5.0 (iPhone; CPU iPhone OS 14_6 like Mac OS X) AppleWebKit/605.1.15 (KHTML, like Gecko) Version/14.1.1 Mobile/15E148 Safari/604.1"
93.70.67.86 - - [20/Jun/2021:10:10:11 +0200] "GET /mcadmin/index.php/sell/customers/10459/view?_token=wPmR20WWs8n69dp_HJcPBzjtyLkybTyskf_avlN4jT8 HTTP/1.0" 200 104942 "https://www.fuzion.it/mcadmin/index.php/sell/orders/carts/5161/view?_token=wPmR20WWs8n69dp_HJcPBzjtyLkybTyskf_avlN4jT8" "Mozilla/5.0 (iPhone; CPU iPhone OS 14_6 like Mac OS X) AppleWebKit/605.1.15 (KHTML, like Gecko) Version/14.1.1 Mobile/15E148 Safari/604.1"
93.70.67.86 - - [20/Jun/2021:10:10:12 +0200] "POST /mcadmin/index.php/common/notifications?_token=wPmR20WWs8n69dp_HJcPBzjtyLkybTyskf_avlN4jT8&rand=1624176612515 HTTP/1.0" 200 5820 "https://www.fuzion.it/mcadmin/index.php/sell/customers/10459/view?_token=wPmR20WWs8n69dp_HJcPBzjtyLkybTyskf_avlN4jT8" "Mozilla/5.0 (iPhone; CPU iPhone OS 14_6 like Mac OS X) AppleWebKit/605.1.15 (KHTML, like Gecko) Version/14.1.1 Mobile/15E148 Safari/604.1"
93.70.67.86 - - [20/Jun/2021:10:10:12 +0200] "POST /mcadmin/index.php?controller=AdminGamification&token=3b8900b30e807dc886c1a49b1d3a1e49 HTTP/1.0" 200 5214 "https://www.fuzion.it/mcadmin/index.php/sell/customers/10459/view?_token=wPmR20WWs8n69dp_HJcPBzjtyLkybTyskf_avlN4jT8" "Mozilla/5.0 (iPhone; CPU iPhone OS 14_6 like Mac OS X) AppleWebKit/605.1.15 (KHTML, like Gecko) Version/14.1.1 Mobile/15E148 Safari/604.1"
93.70.67.86 - - [20/Jun/2021:10:10:16 +0200] "GET /mcadmin/index.php/sell/customers/?_token=wPmR20WWs8n69dp_HJcPBzjtyLkybTyskf_avlN4jT8 HTTP/1.0" 200 567552 "https://www.fuzion.it/mcadmin/index.php/sell/customers/10459/view?_token=wPmR20WWs8n69dp_HJcPBzjtyLkybTyskf_avlN4jT8" "Mozilla/5.0 (iPhone; CPU iPhone OS 14_6 like Mac OS X) AppleWebKit/605.1.15 (KHTML, like Gecko) Version/14.1.1 Mobile/15E148 Safari/604.1"
93.70.67.86 - - [20/Jun/2021:10:10:17 +0200] "POST /mcadmin/index.php/common/notifications?_token=wPmR20WWs8n69dp_HJcPBzjtyLkybTyskf_avlN4jT8&rand=1624176617510 HTTP/1.0" 200 5820 "https://www.fuzion.it/mcadmin/index.php/sell/customers/?_token=wPmR20WWs8n69dp_HJcPBzjtyLkybTyskf_avlN4jT8" "Mozilla/5.0 (iPhone; CPU iPhone OS 14_6 like Mac OS X) AppleWebKit/605.1.15 (KHTML, like Gecko) Version/14.1.1 Mobile/15E148 Safari/604.1"
93.70.67.86 - - [20/Jun/2021:10:10:17 +0200] "GET /mcadmin/index.php?controller=AdminStats&ajax=1&action=getKpi&kpi=customer_main_gender&token=7c77748f277540c8f1634182bdcb9387&rand=1624176617517&_=1624176617379 HTTP/1.0" 200 432 "https://www.fuzion.it/mcadmin/index.php/sell/customers/?_token=wPmR20WWs8n69dp_HJcPBzjtyLkybTyskf_avlN4jT8" "Mozilla/5.0 (iPhone; CPU iPhone OS 14_6 like Mac OS X) AppleWebKit/605.1.15 (KHTML, like Gecko) Version/14.1.1 Mobile/15E148 Safari/604.1"
93.70.67.86 - - [20/Jun/2021:10:10:17 +0200] "GET /mcadmin/index.php?controller=AdminStats&ajax=1&action=getKpi&kpi=orders_per_customer&token=7c77748f277540c8f1634182bdcb9387&rand=1624176617518&_=1624176617381 HTTP/1.0" 200 416 "https://www.fuzion.it/mcadmin/index.php/sell/customers/?_token=wPmR20WWs8n69dp_HJcPBzjtyLkybTyskf_avlN4jT8" "Mozilla/5.0 (iPhone; CPU iPhone OS 14_6 like Mac OS X) AppleWebKit/605.1.15 (KHTML, like Gecko) Version/14.1.1 Mobile/15E148 Safari/604.1"
93.70.67.86 - - [20/Jun/2021:10:10:17 +0200] "GET /mcadmin/index.php?controller=AdminStats&ajax=1&action=getKpi&kpi=avg_customer_age&token=7c77748f277540c8f1634182bdcb9387&rand=1624176617517&_=1624176617380 HTTP/1.0" 200 422 "https://www.fuzion.it/mcadmin/index.php/sell/customers/?_token=wPmR20WWs8n69dp_HJcPBzjtyLkybTyskf_avlN4jT8" "Mozilla/5.0 (iPhone; CPU iPhone OS 14_6 like Mac OS X) AppleWebKit/605.1.15 (KHTML, like Gecko) Version/14.1.1 Mobile/15E148 Safari/604.1"
93.70.67.86 - - [20/Jun/2021:10:10:17 +0200] "GET /mcadmin/index.php?controller=AdminStats&ajax=1&action=getKpi&kpi=newsletter_registrations&token=7c77748f277540c8f1634182bdcb9387&rand=1624176617519&_=1624176617382 HTTP/1.0" 200 416 "https://www.fuzion.it/mcadmin/index.php/sell/customers/?_token=wPmR20WWs8n69dp_HJcPBzjtyLkybTyskf_avlN4jT8" "Mozilla/5.0 (iPhone; CPU iPhone OS 14_6 like Mac OS X) AppleWebKit/605.1.15 (KHTML, like Gecko) Version/14.1.1 Mobile/15E148 Safari/604.1"
93.70.67.86 - - [20/Jun/2021:10:10:17 +0200] "POST /mcadmin/index.php?controller=AdminGamification&token=3b8900b30e807dc886c1a49b1d3a1e49 HTTP/1.0" 200 5214 "https://www.fuzion.it/mcadmin/index.php/sell/customers/?_token=wPmR20WWs8n69dp_HJcPBzjtyLkybTyskf_avlN4jT8" "Mozilla/5.0 (iPhone; CPU iPhone OS 14_6 like Mac OS X) AppleWebKit/605.1.15 (KHTML, like Gecko) Version/14.1.1 Mobile/15E148 Safari/604.1"
93.70.67.86 - - [20/Jun/2021:10:10:21 +0200] "GET /mcadmin/index.php/sell/modules/gamification/views/img/badges/108_1.png HTTP/1.0" 302 412 "https://www.fuzion.it/mcadmin/index.php/sell/customers/?_token=wPmR20WWs8n69dp_HJcPBzjtyLkybTyskf_avlN4jT8" "Mozilla/5.0 (iPhone; CPU iPhone OS 14_6 like Mac OS X) AppleWebKit/605.1.15 (KHTML, like Gecko) Version/14.1.1 Mobile/15E148 Safari/604.1"
93.70.67.86 - - [20/Jun/2021:10:10:21 +0200] "GET /mcadmin/index.php/sell/modules/gamification/views/img/badges/107_0.png HTTP/1.0" 302 412 "https://www.fuzion.it/mcadmin/index.php/sell/customers/?_token=wPmR20WWs8n69dp_HJcPBzjtyLkybTyskf_avlN4jT8" "Mozilla/5.0 (iPhone; CPU iPhone OS 14_6 like Mac OS X) AppleWebKit/605.1.15 (KHTML, like Gecko) Version/14.1.1 Mobile/15E148 Safari/604.1"
93.70.67.86 - - [20/Jun/2021:10:10:21 +0200] "GET /mcadmin/index.php/sell/modules/gamification/views/img/badges/index.php?controller=AdminDashboard&token=a8714ea4628bbd9a5f11e3d876754de3 HTTP/1.0" 200 133166 "https://www.fuzion.it/mcadmin/index.php/sell/customers/?_token=wPmR20WWs8n69dp_HJcPBzjtyLkybTyskf_avlN4jT8" "Mozilla/5.0 (iPhone; CPU iPhone OS 14_6 like Mac OS X) AppleWebKit/605.1.15 (KHTML, like Gecko) Version/14.1.1 Mobile/15E148 Safari/604.1"
93.70.67.86 - - [20/Jun/2021:10:10:21 +0200] "GET /mcadmin/index.php/sell/modules/gamification/views/img/badges/index.php?controller=AdminDashboard&token=a8714ea4628bbd9a5f11e3d876754de3 HTTP/1.0" 200 132886 "https://www.fuzion.it/mcadmin/index.php/sell/customers/?_token=wPmR20WWs8n69dp_HJcPBzjtyLkybTyskf_avlN4jT8" "Mozilla/5.0 (iPhone; CPU iPhone OS 14_6 like Mac OS X) AppleWebKit/605.1.15 (KHTML, like Gecko) Version/14.1.1 Mobile/15E148 Safari/604.1"
93.70.67.86 - - [20/Jun/2021:10:10:33 +0200] "POST /mcadmin/index.php/common/reset_search/customer?_token=wPmR20WWs8n69dp_HJcPBzjtyLkybTyskf_avlN4jT8 HTTP/1.0" 200 456 "https://www.fuzion.it/mcadmin/index.php/sell/customers/?_token=wPmR20WWs8n69dp_HJcPBzjtyLkybTyskf_avlN4jT8" "Mozilla/5.0 (iPhone; CPU iPhone OS 14_6 like Mac OS X) AppleWebKit/605.1.15 (KHTML, like Gecko) Version/14.1.1 Mobile/15E148 Safari/604.1"
93.70.67.86 - - [20/Jun/2021:10:10:34 +0200] "GET /mcadmin/index.php/sell/customers/?_token=wPmR20WWs8n69dp_HJcPBzjtyLkybTyskf_avlN4jT8 HTTP/1.0" 200 567740 "https://www.fuzion.it/mcadmin/index.php/sell/customers/?_token=wPmR20WWs8n69dp_HJcPBzjtyLkybTyskf_avlN4jT8" "Mozilla/5.0 (iPhone; CPU iPhone OS 14_6 like Mac OS X) AppleWebKit/605.1.15 (KHTML, like Gecko) Version/14.1.1 Mobile/15E148 Safari/604.1"
93.70.67.86 - - [20/Jun/2021:10:10:34 +0200] "GET /mcadmin/index.php/sell/modules/gamification/views/img/badges/108_1.png HTTP/1.0" 302 412 "https://www.fuzion.it/mcadmin/index.php/sell/customers/?_token=wPmR20WWs8n69dp_HJcPBzjtyLkybTyskf_avlN4jT8" "Mozilla/5.0 (iPhone; CPU iPhone OS 14_6 like Mac OS X) AppleWebKit/605.1.15 (KHTML, like Gecko) Version/14.1.1 Mobile/15E148 Safari/604.1"
93.70.67.86 - - [20/Jun/2021:10:10:34 +0200] "GET /mcadmin/index.php/sell/modules/gamification/views/img/badges/107_0.png HTTP/1.0" 302 412 "https://www.fuzion.it/mcadmin/index.php/sell/customers/?_token=wPmR20WWs8n69dp_HJcPBzjtyLkybTyskf_avlN4jT8" "Mozilla/5.0 (iPhone; CPU iPhone OS 14_6 like Mac OS X) AppleWebKit/605.1.15 (KHTML, like Gecko) Version/14.1.1 Mobile/15E148 Safari/604.1"
93.70.67.86 - - [20/Jun/2021:10:10:34 +0200] "POST /mcadmin/index.php/common/notifications?_token=wPmR20WWs8n69dp_HJcPBzjtyLkybTyskf_avlN4jT8&rand=1624176634916 HTTP/1.0" 200 5820 "https://www.fuzion.it/mcadmin/index.php/sell/customers/?_token=wPmR20WWs8n69dp_HJcPBzjtyLkybTyskf_avlN4jT8" "Mozilla/5.0 (iPhone; CPU iPhone OS 14_6 like Mac OS X) AppleWebKit/605.1.15 (KHTML, like Gecko) Version/14.1.1 Mobile/15E148 Safari/604.1"
93.70.67.86 - - [20/Jun/2021:10:10:34 +0200] "GET /mcadmin/index.php?controller=AdminStats&ajax=1&action=getKpi&kpi=customer_main_gender&token=7c77748f277540c8f1634182bdcb9387&rand=1624176634923&_=1624176634796 HTTP/1.0" 200 1640 "https://www.fuzion.it/mcadmin/index.php/sell/customers/?_token=wPmR20WWs8n69dp_HJcPBzjtyLkybTyskf_avlN4jT8" "Mozilla/5.0 (iPhone; CPU iPhone OS 14_6 like Mac OS X) AppleWebKit/605.1.15 (KHTML, like Gecko) Version/14.1.1 Mobile/15E148 Safari/604.1"
93.70.67.86 - - [20/Jun/2021:10:10:34 +0200] "GET /mcadmin/index.php?controller=AdminStats&ajax=1&action=getKpi&kpi=orders_per_customer&token=7c77748f277540c8f1634182bdcb9387&rand=1624176634924&_=1624176634798 HTTP/1.0" 200 1624 "https://www.fuzion.it/mcadmin/index.php/sell/customers/?_token=wPmR20WWs8n69dp_HJcPBzjtyLkybTyskf_avlN4jT8" "Mozilla/5.0 (iPhone; CPU iPhone OS 14_6 like Mac OS X) AppleWebKit/605.1.15 (KHTML, like Gecko) Version/14.1.1 Mobile/15E148 Safari/604.1"
93.70.67.86 - - [20/Jun/2021:10:10:34 +0200] "GET /mcadmin/index.php?controller=AdminStats&ajax=1&action=getKpi&kpi=avg_customer_age&token=7c77748f277540c8f1634182bdcb9387&rand=1624176634923&_=1624176634797 HTTP/1.0" 200 1630 "https://www.fuzion.it/mcadmin/index.php/sell/customers/?_token=wPmR20WWs8n69dp_HJcPBzjtyLkybTyskf_avlN4jT8" "Mozilla/5.0 (iPhone; CPU iPhone OS 14_6 like Mac OS X) AppleWebKit/605.1.15 (KHTML, like Gecko) Version/14.1.1 Mobile/15E148 Safari/604.1"
93.70.67.86 - - [20/Jun/2021:10:10:34 +0200] "POST /mcadmin/index.php?controller=AdminGamification&token=3b8900b30e807dc886c1a49b1d3a1e49 HTTP/1.0" 200 5214 "https://www.fuzion.it/mcadmin/index.php/sell/customers/?_token=wPmR20WWs8n69dp_HJcPBzjtyLkybTyskf_avlN4jT8" "Mozilla/5.0 (iPhone; CPU iPhone OS 14_6 like Mac OS X) AppleWebKit/605.1.15 (KHTML, like Gecko) Version/14.1.1 Mobile/15E148 Safari/604.1"
93.70.67.86 - - [20/Jun/2021:10:10:34 +0200] "GET /mcadmin/index.php?controller=AdminStats&ajax=1&action=getKpi&kpi=newsletter_registrations&token=7c77748f277540c8f1634182bdcb9387&rand=1624176634924&_=1624176634799 HTTP/1.0" 200 1624 "https://www.fuzion.it/mcadmin/index.php/sell/customers/?_token=wPmR20WWs8n69dp_HJcPBzjtyLkybTyskf_avlN4jT8" "Mozilla/5.0 (iPhone; CPU iPhone OS 14_6 like Mac OS X) AppleWebKit/605.1.15 (KHTML, like Gecko) Version/14.1.1 Mobile/15E148 Safari/604.1"
93.70.67.86 - - [20/Jun/2021:10:10:39 +0200] "GET /mcadmin/index.php/sell/modules/gamification/views/img/badges/index.php?controller=AdminDashboard&token=a8714ea4628bbd9a5f11e3d876754de3 HTTP/1.0" 200 133154 "https://www.fuzion.it/mcadmin/index.php/sell/customers/?_token=wPmR20WWs8n69dp_HJcPBzjtyLkybTyskf_avlN4jT8" "Mozilla/5.0 (iPhone; CPU iPhone OS 14_6 like Mac OS X) AppleWebKit/605.1.15 (KHTML, like Gecko) Version/14.1.1 Mobile/15E148 Safari/604.1"
93.70.67.86 - - [20/Jun/2021:10:10:39 +0200] "GET /mcadmin/index.php/sell/modules/gamification/views/img/badges/index.php?controller=AdminDashboard&token=a8714ea4628bbd9a5f11e3d876754de3 HTTP/1.0" 200 132936 "https://www.fuzion.it/mcadmin/index.php/sell/customers/?_token=wPmR20WWs8n69dp_HJcPBzjtyLkybTyskf_avlN4jT8" "Mozilla/5.0 (iPhone; CPU iPhone OS 14_6 like Mac OS X) AppleWebKit/605.1.15 (KHTML, like Gecko) Version/14.1.1 Mobile/15E148 Safari/604.1"
93.70.67.86 - - [20/Jun/2021:10:10:44 +0200] "POST /mcadmin/index.php/sell/customers/10460/toggle-newsletter-subscription?_token=wPmR20WWs8n69dp_HJcPBzjtyLkybTyskf_avlN4jT8 HTTP/1.0" 302 1148 "https://www.fuzion.it/mcadmin/index.php/sell/customers/?_token=wPmR20WWs8n69dp_HJcPBzjtyLkybTyskf_avlN4jT8" "Mozilla/5.0 (iPhone; CPU iPhone OS 14_6 like Mac OS X) AppleWebKit/605.1.15 (KHTML, like Gecko) Version/14.1.1 Mobile/15E148 Safari/604.1"
114.119.134.231 - - [20/Jun/2021:10:10:44 +0200] "GET /2-categorie?q=Categorie-RICAMBI%2BXENON%2BAUTO%2BPROFESSIONALI&page=6 HTTP/1.0" 200 184000 "-" "Mozilla/5.0 (Linux; Android 7.0;) AppleWebKit/537.36 (KHTML, like Gecko) Mobile Safari/537.36 (compatible; PetalBot;+https://webmaster.petalsearch.com/site/petalbot)"
93.70.67.86 - - [20/Jun/2021:10:10:44 +0200] "GET /mcadmin/index.php/sell/customers/?_token=wPmR20WWs8n69dp_HJcPBzjtyLkybTyskf_avlN4jT8 HTTP/1.0" 200 568145 "https://www.fuzion.it/mcadmin/index.php/sell/customers/?_token=wPmR20WWs8n69dp_HJcPBzjtyLkybTyskf_avlN4jT8" "Mozilla/5.0 (iPhone; CPU iPhone OS 14_6 like Mac OS X) AppleWebKit/605.1.15 (KHTML, like Gecko) Version/14.1.1 Mobile/15E148 Safari/604.1"
93.70.67.86 - - [20/Jun/2021:10:10:45 +0200] "POST /mcadmin/index.php/common/notifications?_token=wPmR20WWs8n69dp_HJcPBzjtyLkybTyskf_avlN4jT8&rand=1624176645256 HTTP/1.0" 200 5820 "https://www.fuzion.it/mcadmin/index.php/sell/customers/?_token=wPmR20WWs8n69dp_HJcPBzjtyLkybTyskf_avlN4jT8" "Mozilla/5.0 (iPhone; CPU iPhone OS 14_6 like Mac OS X) AppleWebKit/605.1.15 (KHTML, like Gecko) Version/14.1.1 Mobile/15E148 Safari/604.1"
93.70.67.86 - - [20/Jun/2021:10:10:45 +0200] "GET /mcadmin/index.php?controller=AdminStats&ajax=1&action=getKpi&kpi=orders_per_customer&token=7c77748f277540c8f1634182bdcb9387&rand=1624176645263&_=1624176645139 HTTP/1.0" 200 1624 "https://www.fuzion.it/mcadmin/index.php/sell/customers/?_token=wPmR20WWs8n69dp_HJcPBzjtyLkybTyskf_avlN4jT8" "Mozilla/5.0 (iPhone; CPU iPhone OS 14_6 like Mac OS X) AppleWebKit/605.1.15 (KHTML, like Gecko) Version/14.1.1 Mobile/15E148 Safari/604.1"
93.70.67.86 - - [20/Jun/2021:10:10:45 +0200] "GET /mcadmin/index.php?controller=AdminStats&ajax=1&action=getKpi&kpi=newsletter_registrations&token=7c77748f277540c8f1634182bdcb9387&rand=1624176645264&_=1624176645140 HTTP/1.0" 200 1624 "https://www.fuzion.it/mcadmin/index.php/sell/customers/?_token=wPmR20WWs8n69dp_HJcPBzjtyLkybTyskf_avlN4jT8" "Mozilla/5.0 (iPhone; CPU iPhone OS 14_6 like Mac OS X) AppleWebKit/605.1.15 (KHTML, like Gecko) Version/14.1.1 Mobile/15E148 Safari/604.1"
93.70.67.86 - - [20/Jun/2021:10:10:45 +0200] "GET /mcadmin/index.php?controller=AdminStats&ajax=1&action=getKpi&kpi=avg_customer_age&token=7c77748f277540c8f1634182bdcb9387&rand=1624176645263&_=1624176645138 HTTP/1.0" 200 1630 "https://www.fuzion.it/mcadmin/index.php/sell/customers/?_token=wPmR20WWs8n69dp_HJcPBzjtyLkybTyskf_avlN4jT8" "Mozilla/5.0 (iPhone; CPU iPhone OS 14_6 like Mac OS X) AppleWebKit/605.1.15 (KHTML, like Gecko) Version/14.1.1 Mobile/15E148 Safari/604.1"
79.52.222.4 - - [20/Jun/2021:10:10:48 +0200] "POST /login?back=history HTTP/1.0" 302 2759 "https://www.fuzion.it/login?back=history" "Mozilla/5.0 (iPhone; CPU iPhone OS 14_6 like Mac OS X) AppleWebKit/605.1.15 (KHTML, like Gecko) Version/14.1.1 Mobile/15E148 Safari/604.1"
79.52.222.4 - - [20/Jun/2021:10:10:49 +0200] "GET /cronologia-ordini HTTP/1.0" 200 78810 "https://www.fuzion.it/login?back=history" "Mozilla/5.0 (iPhone; CPU iPhone OS 14_6 like Mac OS X) AppleWebKit/605.1.15 (KHTML, like Gecko) Version/14.1.1 Mobile/15E148 Safari/604.1"
79.52.222.4 - - [20/Jun/2021:10:10:49 +0200] "GET /2316-cart_default/h4-kit-bi-led-matrix-50w-canbus-pro-fuzion.jpg HTTP/1.0" 200 18056 "https://www.fuzion.it/cronologia-ordini" "Mozilla/5.0 (iPhone; CPU iPhone OS 14_6 like Mac OS X) AppleWebKit/605.1.15 (KHTML, like Gecko) Version/14.1.1 Mobile/15E148 Safari/604.1"
93.70.67.86 - - [20/Jun/2021:10:10:45 +0200] "POST /mcadmin/index.php?controller=AdminGamification&token=3b8900b30e807dc886c1a49b1d3a1e49 HTTP/1.0" 200 5214 "https://www.fuzion.it/mcadmin/index.php/sell/customers/?_token=wPmR20WWs8n69dp_HJcPBzjtyLkybTyskf_avlN4jT8" "Mozilla/5.0 (iPhone; CPU iPhone OS 14_6 like Mac OS X) AppleWebKit/605.1.15 (KHTML, like Gecko) Version/14.1.1 Mobile/15E148 Safari/604.1"
93.70.67.86 - - [20/Jun/2021:10:10:45 +0200] "GET /mcadmin/index.php?controller=AdminStats&ajax=1&action=getKpi&kpi=customer_main_gender&token=7c77748f277540c8f1634182bdcb9387&rand=1624176645263&_=1624176645137 HTTP/1.0" 200 1640 "https://www.fuzion.it/mcadmin/index.php/sell/customers/?_token=wPmR20WWs8n69dp_HJcPBzjtyLkybTyskf_avlN4jT8" "Mozilla/5.0 (iPhone; CPU iPhone OS 14_6 like Mac OS X) AppleWebKit/605.1.15 (KHTML, like Gecko) Version/14.1.1 Mobile/15E148 Safari/604.1"
79.52.222.4 - - [20/Jun/2021:10:10:49 +0200] "POST /module/newsletterpro/ajax HTTP/1.0" 200 519 "https://www.fuzion.it/cronologia-ordini" "Mozilla/5.0 (iPhone; CPU iPhone OS 14_6 like Mac OS X) AppleWebKit/605.1.15 (KHTML, like Gecko) Version/14.1.1 Mobile/15E148 Safari/604.1"
93.70.67.86 - - [20/Jun/2021:10:10:49 +0200] "GET /mcadmin/index.php/sell/modules/gamification/views/img/badges/107_0.png HTTP/1.0" 302 412 "https://www.fuzion.it/mcadmin/index.php/sell/customers/?_token=wPmR20WWs8n69dp_HJcPBzjtyLkybTyskf_avlN4jT8" "Mozilla/5.0 (iPhone; CPU iPhone OS 14_6 like Mac OS X) AppleWebKit/605.1.15 (KHTML, like Gecko) Version/14.1.1 Mobile/15E148 Safari/604.1"
93.70.67.86 - - [20/Jun/2021:10:10:49 +0200] "GET /mcadmin/index.php/sell/modules/gamification/views/img/badges/108_1.png HTTP/1.0" 302 412 "https://www.fuzion.it/mcadmin/index.php/sell/customers/?_token=wPmR20WWs8n69dp_HJcPBzjtyLkybTyskf_avlN4jT8" "Mozilla/5.0 (iPhone; CPU iPhone OS 14_6 like Mac OS X) AppleWebKit/605.1.15 (KHTML, like Gecko) Version/14.1.1 Mobile/15E148 Safari/604.1"
93.70.67.86 - - [20/Jun/2021:10:10:49 +0200] "GET /mcadmin/index.php/sell/modules/gamification/views/img/badges/index.php?controller=AdminDashboard&token=a8714ea4628bbd9a5f11e3d876754de3 HTTP/1.0" 200 132922 "https://www.fuzion.it/mcadmin/index.php/sell/customers/?_token=wPmR20WWs8n69dp_HJcPBzjtyLkybTyskf_avlN4jT8" "Mozilla/5.0 (iPhone; CPU iPhone OS 14_6 like Mac OS X) AppleWebKit/605.1.15 (KHTML, like Gecko) Version/14.1.1 Mobile/15E148 Safari/604.1"
93.70.67.86 - - [20/Jun/2021:10:10:49 +0200] "GET /mcadmin/index.php/sell/modules/gamification/views/img/badges/index.php?controller=AdminDashboard&token=a8714ea4628bbd9a5f11e3d876754de3 HTTP/1.0" 200 132904 "https://www.fuzion.it/mcadmin/index.php/sell/customers/?_token=wPmR20WWs8n69dp_HJcPBzjtyLkybTyskf_avlN4jT8" "Mozilla/5.0 (iPhone; CPU iPhone OS 14_6 like Mac OS X) AppleWebKit/605.1.15 (KHTML, like Gecko) Version/14.1.1 Mobile/15E148 Safari/604.1"
79.52.222.4 - - [20/Jun/2021:10:10:50 +0200] "POST /module/zonethememanager/categoryTree HTTP/1.0" 200 10897 "https://www.fuzion.it/cronologia-ordini" "Mozilla/5.0 (iPhone; CPU iPhone OS 14_6 like Mac OS X) AppleWebKit/605.1.15 (KHTML, like Gecko) Version/14.1.1 Mobile/15E148 Safari/604.1"
93.70.67.86 - - [20/Jun/2021:10:10:52 +0200] "POST /mcadmin/index.php/sell/customers/10459/toggle-newsletter-subscription?_token=wPmR20WWs8n69dp_HJcPBzjtyLkybTyskf_avlN4jT8 HTTP/1.0" 302 1148 "https://www.fuzion.it/mcadmin/index.php/sell/customers/?_token=wPmR20WWs8n69dp_HJcPBzjtyLkybTyskf_avlN4jT8" "Mozilla/5.0 (iPhone; CPU iPhone OS 14_6 like Mac OS X) AppleWebKit/605.1.15 (KHTML, like Gecko) Version/14.1.1 Mobile/15E148 Safari/604.1"
93.70.67.86 - - [20/Jun/2021:10:10:52 +0200] "GET /mcadmin/index.php/sell/customers/?_token=wPmR20WWs8n69dp_HJcPBzjtyLkybTyskf_avlN4jT8 HTTP/1.0" 200 568335 "https://www.fuzion.it/mcadmin/index.php/sell/customers/?_token=wPmR20WWs8n69dp_HJcPBzjtyLkybTyskf_avlN4jT8" "Mozilla/5.0 (iPhone; CPU iPhone OS 14_6 like Mac OS X) AppleWebKit/605.1.15 (KHTML, like Gecko) Version/14.1.1 Mobile/15E148 Safari/604.1"
93.70.67.86 - - [20/Jun/2021:10:10:53 +0200] "POST /mcadmin/index.php/common/notifications?_token=wPmR20WWs8n69dp_HJcPBzjtyLkybTyskf_avlN4jT8&rand=1624176653360 HTTP/1.0" 200 5820 "https://www.fuzion.it/mcadmin/index.php/sell/customers/?_token=wPmR20WWs8n69dp_HJcPBzjtyLkybTyskf_avlN4jT8" "Mozilla/5.0 (iPhone; CPU iPhone OS 14_6 like Mac OS X) AppleWebKit/605.1.15 (KHTML, like Gecko) Version/14.1.1 Mobile/15E148 Safari/604.1"
93.70.67.86 - - [20/Jun/2021:10:10:53 +0200] "GET /mcadmin/index.php?controller=AdminStats&ajax=1&action=getKpi&kpi=orders_per_customer&token=7c77748f277540c8f1634182bdcb9387&rand=1624176653368&_=1624176653241 HTTP/1.0" 200 1624 "https://www.fuzion.it/mcadmin/index.php/sell/customers/?_token=wPmR20WWs8n69dp_HJcPBzjtyLkybTyskf_avlN4jT8" "Mozilla/5.0 (iPhone; CPU iPhone OS 14_6 like Mac OS X) AppleWebKit/605.1.15 (KHTML, like Gecko) Version/14.1.1 Mobile/15E148 Safari/604.1"
93.70.67.86 - - [20/Jun/2021:10:10:53 +0200] "GET /mcadmin/index.php?controller=AdminStats&ajax=1&action=getKpi&kpi=avg_customer_age&token=7c77748f277540c8f1634182bdcb9387&rand=1624176653368&_=1624176653240 HTTP/1.0" 200 1630 "https://www.fuzion.it/mcadmin/index.php/sell/customers/?_token=wPmR20WWs8n69dp_HJcPBzjtyLkybTyskf_avlN4jT8" "Mozilla/5.0 (iPhone; CPU iPhone OS 14_6 like Mac OS X) AppleWebKit/605.1.15 (KHTML, like Gecko) Version/14.1.1 Mobile/15E148 Safari/604.1"
93.70.67.86 - - [20/Jun/2021:10:10:53 +0200] "GET /mcadmin/index.php?controller=AdminStats&ajax=1&action=getKpi&kpi=newsletter_registrations&token=7c77748f277540c8f1634182bdcb9387&rand=1624176653368&_=1624176653242 HTTP/1.0" 200 1624 "https://www.fuzion.it/mcadmin/index.php/sell/customers/?_token=wPmR20WWs8n69dp_HJcPBzjtyLkybTyskf_avlN4jT8" "Mozilla/5.0 (iPhone; CPU iPhone OS 14_6 like Mac OS X) AppleWebKit/605.1.15 (KHTML, like Gecko) Version/14.1.1 Mobile/15E148 Safari/604.1"
93.70.67.86 - - [20/Jun/2021:10:10:53 +0200] "GET /mcadmin/index.php?controller=AdminStats&ajax=1&action=getKpi&kpi=customer_main_gender&token=7c77748f277540c8f1634182bdcb9387&rand=1624176653368&_=1624176653239 HTTP/1.0" 200 1640 "https://www.fuzion.it/mcadmin/index.php/sell/customers/?_token=wPmR20WWs8n69dp_HJcPBzjtyLkybTyskf_avlN4jT8" "Mozilla/5.0 (iPhone; CPU iPhone OS 14_6 like Mac OS X) AppleWebKit/605.1.15 (KHTML, like Gecko) Version/14.1.1 Mobile/15E148 Safari/604.1"
93.70.67.86 - - [20/Jun/2021:10:10:53 +0200] "POST /mcadmin/index.php?controller=AdminGamification&token=3b8900b30e807dc886c1a49b1d3a1e49 HTTP/1.0" 200 5214 "https://www.fuzion.it/mcadmin/index.php/sell/customers/?_token=wPmR20WWs8n69dp_HJcPBzjtyLkybTyskf_avlN4jT8" "Mozilla/5.0 (iPhone; CPU iPhone OS 14_6 like Mac OS X) AppleWebKit/605.1.15 (KHTML, like Gecko) Version/14.1.1 Mobile/15E148 Safari/604.1"
93.70.67.86 - - [20/Jun/2021:10:10:57 +0200] "GET /mcadmin/index.php/sell/modules/gamification/views/img/badges/107_0.png HTTP/1.0" 302 412 "https://www.fuzion.it/mcadmin/index.php/sell/customers/?_token=wPmR20WWs8n69dp_HJcPBzjtyLkybTyskf_avlN4jT8" "Mozilla/5.0 (iPhone; CPU iPhone OS 14_6 like Mac OS X) AppleWebKit/605.1.15 (KHTML, like Gecko) Version/14.1.1 Mobile/15E148 Safari/604.1"
93.70.67.86 - - [20/Jun/2021:10:10:57 +0200] "GET /mcadmin/index.php/sell/modules/gamification/views/img/badges/108_1.png HTTP/1.0" 302 412 "https://www.fuzion.it/mcadmin/index.php/sell/customers/?_token=wPmR20WWs8n69dp_HJcPBzjtyLkybTyskf_avlN4jT8" "Mozilla/5.0 (iPhone; CPU iPhone OS 14_6 like Mac OS X) AppleWebKit/605.1.15 (KHTML, like Gecko) Version/14.1.1 Mobile/15E148 Safari/604.1"
93.70.67.86 - - [20/Jun/2021:10:10:57 +0200] "GET /mcadmin/index.php/sell/modules/gamification/views/img/badges/index.php?controller=AdminDashboard&token=a8714ea4628bbd9a5f11e3d876754de3 HTTP/1.0" 200 132929 "https://www.fuzion.it/mcadmin/index.php/sell/customers/?_token=wPmR20WWs8n69dp_HJcPBzjtyLkybTyskf_avlN4jT8" "Mozilla/5.0 (iPhone; CPU iPhone OS 14_6 like Mac OS X) AppleWebKit/605.1.15 (KHTML, like Gecko) Version/14.1.1 Mobile/15E148 Safari/604.1"
93.70.67.86 - - [20/Jun/2021:10:10:57 +0200] "GET /mcadmin/index.php/sell/modules/gamification/views/img/badges/index.php?controller=AdminDashboard&token=a8714ea4628bbd9a5f11e3d876754de3 HTTP/1.0" 200 133167 "https://www.fuzion.it/mcadmin/index.php/sell/customers/?_token=wPmR20WWs8n69dp_HJcPBzjtyLkybTyskf_avlN4jT8" "Mozilla/5.0 (iPhone; CPU iPhone OS 14_6 like Mac OS X) AppleWebKit/605.1.15 (KHTML, like Gecko) Version/14.1.1 Mobile/15E148 Safari/604.1"
93.70.67.86 - - [20/Jun/2021:10:11:05 +0200] "POST /mcadmin/index.php/sell/customers/10458/toggle-newsletter-subscription?_token=wPmR20WWs8n69dp_HJcPBzjtyLkybTyskf_avlN4jT8 HTTP/1.0" 302 1148 "https://www.fuzion.it/mcadmin/index.php/sell/customers/?_token=wPmR20WWs8n69dp_HJcPBzjtyLkybTyskf_avlN4jT8" "Mozilla/5.0 (iPhone; CPU iPhone OS 14_6 like Mac OS X) AppleWebKit/605.1.15 (KHTML, like Gecko) Version/14.1.1 Mobile/15E148 Safari/604.1"
93.70.67.86 - - [20/Jun/2021:10:11:05 +0200] "GET /mcadmin/index.php/sell/customers/?_token=wPmR20WWs8n69dp_HJcPBzjtyLkybTyskf_avlN4jT8 HTTP/1.0" 200 568110 "https://www.fuzion.it/mcadmin/index.php/sell/customers/?_token=wPmR20WWs8n69dp_HJcPBzjtyLkybTyskf_avlN4jT8" "Mozilla/5.0 (iPhone; CPU iPhone OS 14_6 like Mac OS X) AppleWebKit/605.1.15 (KHTML, like Gecko) Version/14.1.1 Mobile/15E148 Safari/604.1"
93.70.67.86 - - [20/Jun/2021:10:11:06 +0200] "GET /mcadmin/index.php?controller=AdminStats&ajax=1&action=getKpi&kpi=customer_main_gender&token=7c77748f277540c8f1634182bdcb9387&rand=1624176666465&_=1624176666338 HTTP/1.0" 200 1640 "https://www.fuzion.it/mcadmin/index.php/sell/customers/?_token=wPmR20WWs8n69dp_HJcPBzjtyLkybTyskf_avlN4jT8" "Mozilla/5.0 (iPhone; CPU iPhone OS 14_6 like Mac OS X) AppleWebKit/605.1.15 (KHTML, like Gecko) Version/14.1.1 Mobile/15E148 Safari/604.1"
93.70.67.86 - - [20/Jun/2021:10:11:06 +0200] "GET /mcadmin/index.php?controller=AdminStats&ajax=1&action=getKpi&kpi=avg_customer_age&token=7c77748f277540c8f1634182bdcb9387&rand=1624176666465&_=1624176666339 HTTP/1.0" 200 1630 "https://www.fuzion.it/mcadmin/index.php/sell/customers/?_token=wPmR20WWs8n69dp_HJcPBzjtyLkybTyskf_avlN4jT8" "Mozilla/5.0 (iPhone; CPU iPhone OS 14_6 like Mac OS X) AppleWebKit/605.1.15 (KHTML, like Gecko) Version/14.1.1 Mobile/15E148 Safari/604.1"
93.70.67.86 - - [20/Jun/2021:10:11:06 +0200] "GET /mcadmin/index.php?controller=AdminStats&ajax=1&action=getKpi&kpi=orders_per_customer&token=7c77748f277540c8f1634182bdcb9387&rand=1624176666466&_=1624176666340 HTTP/1.0" 200 1624 "https://www.fuzion.it/mcadmin/index.php/sell/customers/?_token=wPmR20WWs8n69dp_HJcPBzjtyLkybTyskf_avlN4jT8" "Mozilla/5.0 (iPhone; CPU iPhone OS 14_6 like Mac OS X) AppleWebKit/605.1.15 (KHTML, like Gecko) Version/14.1.1 Mobile/15E148 Safari/604.1"
93.70.67.86 - - [20/Jun/2021:10:11:06 +0200] "POST /mcadmin/index.php/common/notifications?_token=wPmR20WWs8n69dp_HJcPBzjtyLkybTyskf_avlN4jT8&rand=1624176666458 HTTP/1.0" 200 5820 "https://www.fuzion.it/mcadmin/index.php/sell/customers/?_token=wPmR20WWs8n69dp_HJcPBzjtyLkybTyskf_avlN4jT8" "Mozilla/5.0 (iPhone; CPU iPhone OS 14_6 like Mac OS X) AppleWebKit/605.1.15 (KHTML, like Gecko) Version/14.1.1 Mobile/15E148 Safari/604.1"
93.70.67.86 - - [20/Jun/2021:10:11:06 +0200] "POST /mcadmin/index.php?controller=AdminGamification&token=3b8900b30e807dc886c1a49b1d3a1e49 HTTP/1.0" 200 5214 "https://www.fuzion.it/mcadmin/index.php/sell/customers/?_token=wPmR20WWs8n69dp_HJcPBzjtyLkybTyskf_avlN4jT8" "Mozilla/5.0 (iPhone; CPU iPhone OS 14_6 like Mac OS X) AppleWebKit/605.1.15 (KHTML, like Gecko) Version/14.1.1 Mobile/15E148 Safari/604.1"
