93.70.67.86 - - [20/Jun/2021:10:11:06 +0200] "GET /mcadmin/index.php?controller=AdminStats&ajax=1&action=getKpi&kpi=newsletter_registrations&token=7c77748f277540c8f1634182bdcb9387&rand=1624176666466&_=1624176666341 HTTP/1.0" 200 1624 "https://www.fuzion.it/mcadmin/index.php/sell/customers/?_token=wPmR20WWs8n69dp_HJcPBzjtyLkybTyskf_avlN4jT8" "Mozilla/5.0 (iPhone; CPU iPhone OS 14_6 like Mac OS X) AppleWebKit/605.1.15 (KHTML, like Gecko) Version/14.1.1 Mobile/15E148 Safari/604.1"
79.52.222.4 - - [20/Jun/2021:10:11:10 +0200] "GET /ordine?submitReorder=&id_order=1645 HTTP/1.0" 302 1574 "https://www.fuzion.it/cronologia-ordini" "Mozilla/5.0 (iPhone; CPU iPhone OS 14_6 like Mac OS X) AppleWebKit/605.1.15 (KHTML, like Gecko) Version/14.1.1 Mobile/15E148 Safari/604.1"
79.52.222.4 - - [20/Jun/2021:10:11:11 +0200] "GET /ordine HTTP/1.0" 200 79919 "https://www.fuzion.it/cronologia-ordini" "Mozilla/5.0 (iPhone; CPU iPhone OS 14_6 like Mac OS X) AppleWebKit/605.1.15 (KHTML, like Gecko) Version/14.1.1 Mobile/15E148 Safari/604.1"
79.52.222.4 - - [20/Jun/2021:10:11:11 +0200] "GET /1065-cart_default/h4-alogene-super-white-pro-effetto-xenon-hid-fuzion.jpg HTTP/1.0" 200 4914 "https://www.fuzion.it/ordine" "Mozilla/5.0 (iPhone; CPU iPhone OS 14_6 like Mac OS X) AppleWebKit/605.1.15 (KHTML, like Gecko) Version/14.1.1 Mobile/15E148 Safari/604.1"
79.52.222.4 - - [20/Jun/2021:10:11:11 +0200] "POST /module/newsletterpro/ajax HTTP/1.0" 200 519 "https://www.fuzion.it/ordine" "Mozilla/5.0 (iPhone; CPU iPhone OS 14_6 like Mac OS X) AppleWebKit/605.1.15 (KHTML, like Gecko) Version/14.1.1 Mobile/15E148 Safari/604.1"
79.52.222.4 - - [20/Jun/2021:10:11:26 +0200] "POST /ordine HTTP/1.0" 302 476 "https://www.fuzion.it/ordine" "Mozilla/5.0 (iPhone; CPU iPhone OS 14_6 like Mac OS X) AppleWebKit/605.1.15 (KHTML, like Gecko) Version/14.1.1 Mobile/15E148 Safari/604.1"
79.52.222.4 - - [20/Jun/2021:10:11:26 +0200] "GET /ordine HTTP/1.0" 200 85472 "https://www.fuzion.it/ordine" "Mozilla/5.0 (iPhone; CPU iPhone OS 14_6 like Mac OS X) AppleWebKit/605.1.15 (KHTML, like Gecko) Version/14.1.1 Mobile/15E148 Safari/604.1"
79.52.222.4 - - [20/Jun/2021:10:11:27 +0200] "POST /module/insuredshipping/ajax?action=readState HTTP/1.0" 200 374 "https://www.fuzion.it/ordine" "Mozilla/5.0 (iPhone; CPU iPhone OS 14_6 like Mac OS X) AppleWebKit/605.1.15 (KHTML, like Gecko) Version/14.1.1 Mobile/15E148 Safari/604.1"
79.52.222.4 - - [20/Jun/2021:10:11:27 +0200] "POST /module/newsletterpro/ajax HTTP/1.0" 200 519 "https://www.fuzion.it/ordine" "Mozilla/5.0 (iPhone; CPU iPhone OS 14_6 like Mac OS X) AppleWebKit/605.1.15 (KHTML, like Gecko) Version/14.1.1 Mobile/15E148 Safari/604.1"
79.52.222.4 - - [20/Jun/2021:10:11:38 +0200] "POST /ordine HTTP/1.0" 302 476 "https://www.fuzion.it/ordine" "Mozilla/5.0 (iPhone; CPU iPhone OS 14_6 like Mac OS X) AppleWebKit/605.1.15 (KHTML, like Gecko) Version/14.1.1 Mobile/15E148 Safari/604.1"
79.52.222.4 - - [20/Jun/2021:10:11:38 +0200] "GET /ordine HTTP/1.0" 200 123210 "https://www.fuzion.it/ordine" "Mozilla/5.0 (iPhone; CPU iPhone OS 14_6 like Mac OS X) AppleWebKit/605.1.15 (KHTML, like Gecko) Version/14.1.1 Mobile/15E148 Safari/604.1"
79.52.222.4 - - [20/Jun/2021:10:11:39 +0200] "POST /module/insuredshipping/ajax?action=readState HTTP/1.0" 200 374 "https://www.fuzion.it/ordine" "Mozilla/5.0 (iPhone; CPU iPhone OS 14_6 like Mac OS X) AppleWebKit/605.1.15 (KHTML, like Gecko) Version/14.1.1 Mobile/15E148 Safari/604.1"
79.52.222.4 - - [20/Jun/2021:10:11:39 +0200] "POST /module/newsletterpro/ajax HTTP/1.0" 200 519 "https://www.fuzion.it/ordine" "Mozilla/5.0 (iPhone; CPU iPhone OS 14_6 like Mac OS X) AppleWebKit/605.1.15 (KHTML, like Gecko) Version/14.1.1 Mobile/15E148 Safari/604.1"
79.52.222.4 - - [20/Jun/2021:10:11:39 +0200] "GET /module/ps_checkout/token HTTP/1.0" 200 1016 "https://www.fuzion.it/ordine" "Mozilla/5.0 (iPhone; CPU iPhone OS 14_6 like Mac OS X) AppleWebKit/605.1.15 (KHTML, like Gecko) Version/14.1.1 Mobile/15E148 Safari/604.1"
66.249.64.200 - - [20/Jun/2021:10:12:18 +0200] "GET /143-large_default/kit-xenon-h3-slim-digital-64bit-55w-alta-qualita-.jpg HTTP/1.0" 200 34297 "-" "Googlebot-Image/1.0"
5.218.218.140 - - [20/Jun/2021:10:13:06 +0200] "GET /wp-login.php HTTP/1.0" 404 48661 "-" "Mozilla/4.0 (compatible; MSIE 6.0; Windows NT 5.0)"
114.119.145.192 - - [20/Jun/2021:10:13:07 +0200] "GET /2-categorie?q=Categorie-KIT%2BXENON%2BMOTO%2BSLIM%2BDIGITAL%2B64BIT%2B55W&page=6 HTTP/1.0" 200 184174 "-" "Mozilla/5.0 (Linux; Android 7.0;) AppleWebKit/537.36 (KHTML, like Gecko) Mobile Safari/537.36 (compatible; PetalBot;+https://webmaster.petalsearch.com/site/petalbot)"
66.249.64.200 - - [20/Jun/2021:10:13:32 +0200] "GET /511-large_default/kit-xenon-h11-canbus-line-12v-35w-pro-quality-fuzion.jpg HTTP/1.0" 200 43723 "-" "Googlebot-Image/1.0"
114.119.147.42 - - [20/Jun/2021:10:13:40 +0200] "GET /filtri-canbus-no-error-led/653-modulo-hb1-9004-filtro-canbus-led-no-error-fuzion.html HTTP/1.0" 200 130177 "-" "Mozilla/5.0 (Linux; Android 7.0;) AppleWebKit/537.36 (KHTML, like Gecko) Mobile Safari/537.36 (compatible; PetalBot;+https://webmaster.petalsearch.com/site/petalbot)"
157.55.39.88 - - [20/Jun/2021:10:14:53 +0200] "GET /2-categorie HTTP/1.0" 200 182167 "-" "Mozilla/5.0 (compatible; bingbot/2.0; +http://www.bing.com/bingbot.htm)"
66.249.89.200 - - [20/Jun/2021:10:14:57 +0200] "POST /module/newsletterpro/ajax HTTP/1.0" 200 519 "https://www.fuzion.it/kit-pro-canbus-line-12v-35w/220-kit-xenon-h7-canbus-line-12v-35w-pro-quality-fuzion.html" "Mozilla/5.0 (iPhone; CPU iPhone OS 9_1 like Mac OS X) AppleWebKit/601.1.46 (KHTML, like Gecko) Version/9.0 Mobile/13B143 Safari/601.1 (compatible; AdsBot-Google-Mobile; +http://www.google.com/mobile/adsbot.html)"
66.249.89.200 - - [20/Jun/2021:10:14:59 +0200] "POST /module/zonethememanager/getFinalDate HTTP/1.0" 200 775 "https://www.fuzion.it/kit-pro-canbus-line-12v-35w/220-kit-xenon-h7-canbus-line-12v-35w-pro-quality-fuzion.html" "Mozilla/5.0 (iPhone; CPU iPhone OS 9_1 like Mac OS X) AppleWebKit/601.1.46 (KHTML, like Gecko) Version/9.0 Mobile/13B143 Safari/601.1 (compatible; AdsBot-Google-Mobile; +http://www.google.com/mobile/adsbot.html)"
66.249.89.202 - - [20/Jun/2021:10:15:05 +0200] "POST /module/zonethememanager/categoryTree HTTP/1.0" 200 10897 "https://www.fuzion.it/kit-pro-canbus-line-12v-35w/220-kit-xenon-h7-canbus-line-12v-35w-pro-quality-fuzion.html" "Mozilla/5.0 (iPhone; CPU iPhone OS 9_1 like Mac OS X) AppleWebKit/601.1.46 (KHTML, like Gecko) Version/9.0 Mobile/13B143 Safari/601.1 (compatible; AdsBot-Google-Mobile; +http://www.google.com/mobile/adsbot.html)"
5.77.95.133 - - [20/Jun/2021:10:15:29 +0200] "GET /2232-medium_default/h7-kit-led-36w-canbus-alta-qualita-fuzion.jpg HTTP/1.0" 200 272197 "https://outlook.live.com/" "Mozilla/5.0 (Windows NT 10.0; Win64; x64) AppleWebKit/537.36 (KHTML, like Gecko) Chrome/91.0.4472.106 Safari/537.36"
5.77.95.133 - - [20/Jun/2021:10:15:29 +0200] "GET /2326-medium_default/h7-kit-led-matrix-50w-canbus-pro-fuzion.jpg HTTP/1.0" 200 235011 "https://outlook.live.com/" "Mozilla/5.0 (Windows NT 10.0; Win64; x64) AppleWebKit/537.36 (KHTML, like Gecko) Chrome/91.0.4472.106 Safari/537.36"
5.77.95.133 - - [20/Jun/2021:10:15:29 +0200] "GET /1079-medium_default/h7-alogene-super-white-pro-effetto-xenon-hid-fuzion.jpg HTTP/1.0" 200 26045 "https://outlook.live.com/" "Mozilla/5.0 (Windows NT 10.0; Win64; x64) AppleWebKit/537.36 (KHTML, like Gecko) Chrome/91.0.4472.106 Safari/537.36"
5.77.95.133 - - [20/Jun/2021:10:15:29 +0200] "GET /1202-medium_default/kit-4-sensori-di-parcheggio-con-cicalino-pro-fuzion.jpg HTTP/1.0" 200 34393 "https://outlook.live.com/" "Mozilla/5.0 (Windows NT 10.0; Win64; x64) AppleWebKit/537.36 (KHTML, like Gecko) Chrome/91.0.4472.106 Safari/537.36"
5.77.95.133 - - [20/Jun/2021:10:15:29 +0200] "GET /2904-medium_default/kit-ricambio-lampade-xenon-d1s-hid-standard-fuzion.jpg HTTP/1.0" 200 225777 "https://outlook.live.com/" "Mozilla/5.0 (Windows NT 10.0; Win64; x64) AppleWebKit/537.36 (KHTML, like Gecko) Chrome/91.0.4472.106 Safari/537.36"
5.77.95.133 - - [20/Jun/2021:10:15:29 +0200] "GET /3100-medium_default/pasta-lavamani-professionale-4000ml-4kg-made-in-italy-fuzion.jpg HTTP/1.0" 200 240221 "https://outlook.live.com/" "Mozilla/5.0 (Windows NT 10.0; Win64; x64) AppleWebKit/537.36 (KHTML, like Gecko) Chrome/91.0.4472.106 Safari/537.36"
5.77.95.133 - - [20/Jun/2021:10:15:29 +0200] "GET /2910-medium_default/kit-ricambio-lampade-xenon-d1s-oem-24v-xenpro-fuzion-pro-quality.jpg HTTP/1.0" 200 228858 "https://outlook.live.com/" "Mozilla/5.0 (Windows NT 10.0; Win64; x64) AppleWebKit/537.36 (KHTML, like Gecko) Chrome/91.0.4472.106 Safari/537.36"
5.77.95.133 - - [20/Jun/2021:10:15:30 +0200] "GET /module/newsletterpro/api?action=openedEmail&token=b1bea600d7f8a5312bae42ecdb85343c&email=sistem70@hotmail.com HTTP/1.0" 200 1610 "https://outlook.live.com/" "Mozilla/5.0 (Windows NT 10.0; Win64; x64) AppleWebKit/537.36 (KHTML, like Gecko) Chrome/91.0.4472.106 Safari/537.36"
66.249.76.4 - - [20/Jun/2021:10:16:15 +0200] "GET /1754-home_default/h1-kit-led-moto-36w-canbus-alta-qualita-fuzion.jpg HTTP/1.0" 403 1229 "-" "Googlebot-Image/1.0"
66.249.89.202 - - [20/Jun/2021:10:17:10 +0200] "POST /module/newsletterpro/ajax HTTP/1.0" 200 519 "https://www.fuzion.it/ricambi-xenon-auto-professionali/387-kit-ricambio-lampade-xenon-d3s-oem-xenpro-fuzion-pro-quality.html" "Mozilla/5.0 (iPhone; CPU iPhone OS 9_1 like Mac OS X) AppleWebKit/601.1.46 (KHTML, like Gecko) Version/9.0 Mobile/13B143 Safari/601.1 (compatible; AdsBot-Google-Mobile; +http://www.google.com/mobile/adsbot.html)"
66.249.89.200 - - [20/Jun/2021:10:17:41 +0200] "POST /module/zonethememanager/getFinalDate HTTP/1.0" 200 775 "https://www.fuzion.it/ricambi-xenon-auto-professionali/387-kit-ricambio-lampade-xenon-d3s-oem-xenpro-fuzion-pro-quality.html" "Mozilla/5.0 (iPhone; CPU iPhone OS 9_1 like Mac OS X) AppleWebKit/601.1.46 (KHTML, like Gecko) Version/9.0 Mobile/13B143 Safari/601.1 (compatible; AdsBot-Google-Mobile; +http://www.google.com/mobile/adsbot.html)"
66.249.89.200 - - [20/Jun/2021:10:17:45 +0200] "POST /module/zonethememanager/categoryTree HTTP/1.0" 200 10897 "https://www.fuzion.it/ricambi-xenon-auto-professionali/387-kit-ricambio-lampade-xenon-d3s-oem-xenpro-fuzion-pro-quality.html" "Mozilla/5.0 (iPhone; CPU iPhone OS 9_1 like Mac OS X) AppleWebKit/601.1.46 (KHTML, like Gecko) Version/9.0 Mobile/13B143 Safari/601.1 (compatible; AdsBot-Google-Mobile; +http://www.google.com/mobile/adsbot.html)"
52.30.156.75 - - [20/Jun/2021:10:18:44 +0200] "HEAD /779-large_default/kit-ricambio-lampade-xenon-h10-55w-alta-qualita-.jpg HTTP/1.0" 200 137 "eshoppingadvisor.com" "Mozilla/5.0 (Macintosh; Intel Mac OS X 10_15_6) AppleWebKit/537.36 (KHTML, like Gecko) Chrome/86.0.4240.80 Safari/537.36 OPR/72.0.3815.148"
80.104.141.197 - - [20/Jun/2021:10:19:50 +0200] "GET /led-interni-esterni-1224v/551-lampade-siluro-c5w-c10w-3-led-canbus-fuzion.html?gclid=CjwKCAjwzruGBhBAEiwAUqMR8M_kssH5pxUcAqN9-GUfAughuuU_PWGIRrRkEbx-ECrO3I66NPoT2hoC1XcQAvD_BwE HTTP/1.0" 200 144423 "https://www.google.com/" "Mozilla/5.0 (Linux; Android 11; SM-G998B) AppleWebKit/537.36 (KHTML, like Gecko) Chrome/91.0.4472.101 Mobile Safari/537.36"
80.104.141.197 - - [20/Jun/2021:10:19:51 +0200] "GET /1497-medium_default/lampade-siluro-c5w-c10w-3-led-canbus-fuzion.jpg HTTP/1.0" 200 27736 "https://www.fuzion.it/led-interni-esterni-1224v/551-lampade-siluro-c5w-c10w-3-led-canbus-fuzion.html?gclid=CjwKCAjwzruGBhBAEiwAUqMR8M_kssH5pxUcAqN9-GUfAughuuU_PWGIRrRkEbx-ECrO3I66NPoT2hoC1XcQAvD_BwE" "Mozilla/5.0 (Linux; Android 11; SM-G998B) AppleWebKit/537.36 (KHTML, like Gecko) Chrome/91.0.4472.101 Mobile Safari/537.36"
80.104.141.197 - - [20/Jun/2021:10:19:51 +0200] "GET /1498-medium_default/lampade-siluro-c5w-c10w-3-led-canbus-fuzion.jpg HTTP/1.0" 200 60531 "https://www.fuzion.it/led-interni-esterni-1224v/551-lampade-siluro-c5w-c10w-3-led-canbus-fuzion.html?gclid=CjwKCAjwzruGBhBAEiwAUqMR8M_kssH5pxUcAqN9-GUfAughuuU_PWGIRrRkEbx-ECrO3I66NPoT2hoC1XcQAvD_BwE" "Mozilla/5.0 (Linux; Android 11; SM-G998B) AppleWebKit/537.36 (KHTML, like Gecko) Chrome/91.0.4472.101 Mobile Safari/537.36"
80.104.141.197 - - [20/Jun/2021:10:19:52 +0200] "GET /1497-home_default/lampade-siluro-c5w-c10w-3-led-canbus-fuzion.jpg HTTP/1.0" 200 11787 "https://www.fuzion.it/led-interni-esterni-1224v/551-lampade-siluro-c5w-c10w-3-led-canbus-fuzion.html?gclid=CjwKCAjwzruGBhBAEiwAUqMR8M_kssH5pxUcAqN9-GUfAughuuU_PWGIRrRkEbx-ECrO3I66NPoT2hoC1XcQAvD_BwE" "Mozilla/5.0 (Linux; Android 11; SM-G998B) AppleWebKit/537.36 (KHTML, like Gecko) Chrome/91.0.4472.101 Mobile Safari/537.36"
80.104.141.197 - - [20/Jun/2021:10:19:52 +0200] "POST /module/newsletterpro/ajax HTTP/1.0" 200 519 "https://www.fuzion.it/led-interni-esterni-1224v/551-lampade-siluro-c5w-c10w-3-led-canbus-fuzion.html?gclid=CjwKCAjwzruGBhBAEiwAUqMR8M_kssH5pxUcAqN9-GUfAughuuU_PWGIRrRkEbx-ECrO3I66NPoT2hoC1XcQAvD_BwE" "Mozilla/5.0 (Linux; Android 11; SM-G998B) AppleWebKit/537.36 (KHTML, like Gecko) Chrome/91.0.4472.101 Mobile Safari/537.36"
80.104.141.197 - - [20/Jun/2021:10:19:55 +0200] "POST /module/zonethememanager/getFinalDate HTTP/1.0" 200 775 "https://www.fuzion.it/led-interni-esterni-1224v/551-lampade-siluro-c5w-c10w-3-led-canbus-fuzion.html?gclid=CjwKCAjwzruGBhBAEiwAUqMR8M_kssH5pxUcAqN9-GUfAughuuU_PWGIRrRkEbx-ECrO3I66NPoT2hoC1XcQAvD_BwE" "Mozilla/5.0 (Linux; Android 11; SM-G998B) AppleWebKit/537.36 (KHTML, like Gecko) Chrome/91.0.4472.101 Mobile Safari/537.36"
80.104.141.197 - - [20/Jun/2021:10:19:56 +0200] "POST /module/zonethememanager/categoryTree HTTP/1.0" 200 10897 "https://www.fuzion.it/led-interni-esterni-1224v/551-lampade-siluro-c5w-c10w-3-led-canbus-fuzion.html?gclid=CjwKCAjwzruGBhBAEiwAUqMR8M_kssH5pxUcAqN9-GUfAughuuU_PWGIRrRkEbx-ECrO3I66NPoT2hoC1XcQAvD_BwE" "Mozilla/5.0 (Linux; Android 11; SM-G998B) AppleWebKit/537.36 (KHTML, like Gecko) Chrome/91.0.4472.101 Mobile Safari/537.36"
66.249.76.4 - - [20/Jun/2021:10:20:04 +0200] "GET /filtri-canbus-no-error-led/717-resistenze-50w-spegnispia-canbus-no-error-pro-quality-fuzion.html HTTP/1.0" 200 221442 "-" "Mozilla/5.0 (Linux; Android 6.0.1; Nexus 5X Build/MMB29P) AppleWebKit/537.36 (KHTML, like Gecko) Chrome/91.0.4472.90 Mobile Safari/537.36 (compatible; Googlebot/2.1; +http://www.google.com/bot.html)"
66.249.76.4 - - [20/Jun/2021:10:21:00 +0200] "GET /184-filtri-canbus-no-error-led HTTP/1.0" 200 179159 "-" "Mozilla/5.0 (compatible; Googlebot/2.1; +http://www.google.com/bot.html)"
66.249.89.202 - - [20/Jun/2021:10:21:05 +0200] "POST /module/newsletterpro/ajax HTTP/1.0" 200 519 "https://www.fuzion.it/kit-xenon-slim-digital-64bit-55w/80-kit-xenon-h7-r-slim-digital-64bit-55w-alta-qualita-.html" "Mozilla/5.0 (iPhone; CPU iPhone OS 9_1 like Mac OS X) AppleWebKit/601.1.46 (KHTML, like Gecko) Version/9.0 Mobile/13B143 Safari/601.1 (compatible; AdsBot-Google-Mobile; +http://www.google.com/mobile/adsbot.html)"
185.191.171.38 - - [20/Jun/2021:10:21:16 +0200] "GET /kit-sensori-di-parcheggio/775-kit-2-sensori-di-parcheggio-con-retrocamera-hd-170-3-in-1-pro-fuzion.html HTTP/1.0" 200 170619 "-" "Mozilla/5.0 (compatible; SemrushBot/7~bl; +http://www.semrush.com/bot.html)"
66.249.89.200 - - [20/Jun/2021:10:21:17 +0200] "POST /module/zonethememanager/getFinalDate HTTP/1.0" 200 775 "https://www.fuzion.it/kit-xenon-slim-digital-64bit-55w/80-kit-xenon-h7-r-slim-digital-64bit-55w-alta-qualita-.html" "Mozilla/5.0 (iPhone; CPU iPhone OS 9_1 like Mac OS X) AppleWebKit/601.1.46 (KHTML, like Gecko) Version/9.0 Mobile/13B143 Safari/601.1 (compatible; AdsBot-Google-Mobile; +http://www.google.com/mobile/adsbot.html)"
66.249.89.200 - - [20/Jun/2021:10:21:20 +0200] "POST /module/zonethememanager/categoryTree HTTP/1.0" 200 10897 "https://www.fuzion.it/kit-xenon-slim-digital-64bit-55w/80-kit-xenon-h7-r-slim-digital-64bit-55w-alta-qualita-.html" "Mozilla/5.0 (iPhone; CPU iPhone OS 9_1 like Mac OS X) AppleWebKit/601.1.46 (KHTML, like Gecko) Version/9.0 Mobile/13B143 Safari/601.1 (compatible; AdsBot-Google-Mobile; +http://www.google.com/mobile/adsbot.html)"
114.119.140.56 - - [20/Jun/2021:10:22:19 +0200] "GET /2-categorie?q=Marca-FuZion%2FCategorie-RICAMBI%2BXENON%2BORIGINALI&page=12 HTTP/1.0" 200 185769 "-" "Mozilla/5.0 (Linux; Android 7.0;) AppleWebKit/537.36 (KHTML, like Gecko) Mobile Safari/537.36 (compatible; PetalBot;+https://webmaster.petalsearch.com/site/petalbot)"
185.220.50.32 - - [20/Jun/2021:10:22:42 +0200] "GET /1079-medium_default/h7-alogene-super-white-pro-effetto-xenon-hid-fuzion.jpg HTTP/1.0" 200 26045 "-" "Mozilla/5.0 (Linux; Android 8.0.0; SM-G935F Build/R16NW; wv) AppleWebKit/537.36 (KHTML, like Gecko) Version/4.0 Chrome/91.0.4472.101 Mobile Safari/537.36"
185.220.50.32 - - [20/Jun/2021:10:22:42 +0200] "GET /1202-medium_default/kit-4-sensori-di-parcheggio-con-cicalino-pro-fuzion.jpg HTTP/1.0" 200 34393 "-" "Mozilla/5.0 (Linux; Android 8.0.0; SM-G935F Build/R16NW; wv) AppleWebKit/537.36 (KHTML, like Gecko) Version/4.0 Chrome/91.0.4472.101 Mobile Safari/537.36"
185.220.50.32 - - [20/Jun/2021:10:22:42 +0200] "GET /2326-medium_default/h7-kit-led-matrix-50w-canbus-pro-fuzion.jpg HTTP/1.0" 200 235011 "-" "Mozilla/5.0 (Linux; Android 8.0.0; SM-G935F Build/R16NW; wv) AppleWebKit/537.36 (KHTML, like Gecko) Version/4.0 Chrome/91.0.4472.101 Mobile Safari/537.36"
185.220.50.32 - - [20/Jun/2021:10:22:42 +0200] "GET /2232-medium_default/h7-kit-led-36w-canbus-alta-qualita-fuzion.jpg HTTP/1.0" 200 272197 "-" "Mozilla/5.0 (Linux; Android 8.0.0; SM-G935F Build/R16NW; wv) AppleWebKit/537.36 (KHTML, like Gecko) Version/4.0 Chrome/91.0.4472.101 Mobile Safari/537.36"
185.220.50.32 - - [20/Jun/2021:10:22:42 +0200] "GET /3100-medium_default/pasta-lavamani-professionale-4000ml-4kg-made-in-italy-fuzion.jpg HTTP/1.0" 200 240221 "-" "Mozilla/5.0 (Linux; Android 8.0.0; SM-G935F Build/R16NW; wv) AppleWebKit/537.36 (KHTML, like Gecko) Version/4.0 Chrome/91.0.4472.101 Mobile Safari/537.36"
185.220.50.32 - - [20/Jun/2021:10:22:42 +0200] "GET /2904-medium_default/kit-ricambio-lampade-xenon-d1s-hid-standard-fuzion.jpg HTTP/1.0" 200 225777 "-" "Mozilla/5.0 (Linux; Android 8.0.0; SM-G935F Build/R16NW; wv) AppleWebKit/537.36 (KHTML, like Gecko) Version/4.0 Chrome/91.0.4472.101 Mobile Safari/537.36"
185.220.50.32 - - [20/Jun/2021:10:22:42 +0200] "GET /2910-medium_default/kit-ricambio-lampade-xenon-d1s-oem-24v-xenpro-fuzion-pro-quality.jpg HTTP/1.0" 200 228858 "-" "Mozilla/5.0 (Linux; Android 8.0.0; SM-G935F Build/R16NW; wv) AppleWebKit/537.36 (KHTML, like Gecko) Version/4.0 Chrome/91.0.4472.101 Mobile Safari/537.36"
185.220.50.32 - - [20/Jun/2021:10:22:42 +0200] "GET /module/newsletterpro/api?action=openedEmail&token=3dca93dcf36c9b943a5306b6872ceb8c&email=antoniorazzano2004@libero.it HTTP/1.0" 200 1610 "-" "Mozilla/5.0 (Linux; Android 8.0.0; SM-G935F Build/R16NW; wv) AppleWebKit/537.36 (KHTML, like Gecko) Version/4.0 Chrome/91.0.4472.101 Mobile Safari/537.36"
185.220.50.32 - - [20/Jun/2021:10:22:42 +0200] "GET /module/newsletterpro/api?action=openedEmail&token=b1bea600d7f8a5312bae42ecdb85343c&email=antoniorazzano2004@libero.it HTTP/1.0" 200 1610 "-" "Mozilla/5.0 (Linux; Android 8.0.0; SM-G935F Build/R16NW; wv) AppleWebKit/537.36 (KHTML, like Gecko) Version/4.0 Chrome/91.0.4472.101 Mobile Safari/537.36"
185.220.50.32 - - [20/Jun/2021:10:22:43 +0200] "GET /module/newsletterpro/api?action=openedEmail&token=b1bea600d7f8a5312bae42ecdb85343c&email=antoniorazzano2004@libero.it HTTP/1.0" 200 1610 "-" "Mozilla/5.0 (Linux; Android 8.0.0; SM-G935F Build/R16NW; wv) AppleWebKit/537.36 (KHTML, like Gecko) Version/4.0 Chrome/91.0.4472.101 Mobile Safari/537.36"
185.220.50.32 - - [20/Jun/2021:10:22:43 +0200] "GET /module/newsletterpro/api?action=openedEmail&token=3dca93dcf36c9b943a5306b6872ceb8c&email=antoniorazzano2004@libero.it HTTP/1.0" 200 1610 "-" "Mozilla/5.0 (Linux; Android 8.0.0; SM-G935F Build/R16NW; wv) AppleWebKit/537.36 (KHTML, like Gecko) Version/4.0 Chrome/91.0.4472.101 Mobile Safari/537.36"
185.220.50.32 - - [20/Jun/2021:10:22:44 +0200] "GET /module/newsletterpro/api?action=openedEmail&token=b1bea600d7f8a5312bae42ecdb85343c&email=antoniorazzano2004@libero.it HTTP/1.0" 200 1610 "-" "Mozilla/5.0 (Linux; Android 8.0.0; SM-G935F Build/R16NW; wv) AppleWebKit/537.36 (KHTML, like Gecko) Version/4.0 Chrome/91.0.4472.101 Mobile Safari/537.36"
66.249.89.200 - - [20/Jun/2021:10:23:44 +0200] "POST /module/newsletterpro/ajax HTTP/1.0" 200 519 "https://www.fuzion.it/114-led-interni-esterni-1224v" "Mozilla/5.0 (iPhone; CPU iPhone OS 9_1 like Mac OS X) AppleWebKit/601.1.46 (KHTML, like Gecko) Version/9.0 Mobile/13B143 Safari/601.1 (compatible; AdsBot-Google-Mobile; +http://www.google.com/mobile/adsbot.html)"
114.119.147.42 - - [20/Jun/2021:10:24:01 +0200] "GET /2-categorie?q=Categorie-RICAMBI%2BXENON%2BVEICOLI%2B24VOLT%2BPRO&page=32 HTTP/1.0" 200 185131 "-" "Mozilla/5.0 (Linux; Android 7.0;) AppleWebKit/537.36 (KHTML, like Gecko) Mobile Safari/537.36 (compatible; PetalBot;+https://webmaster.petalsearch.com/site/petalbot)"
66.249.89.200 - - [20/Jun/2021:10:24:47 +0200] "GET /ricambi-xenon-auto-alta-qualita-/349-kit-ricambio-lampade-xenon-h7-55w-alta-qualita-.html HTTP/1.0" 200 127117 "-" "Mozilla/5.0 (iPhone; CPU iPhone OS 9_1 like Mac OS X) AppleWebKit/601.1.46 (KHTML, like Gecko) Version/9.0 Mobile/13B143 Safari/601.1 (compatible; AdsBot-Google-Mobile; +http://www.google.com/mobile/adsbot.html)"
114.119.145.192 - - [20/Jun/2021:10:25:12 +0200] "GET /2-categorie?q=Categorie-RICAMBI%2BXENON%2BORIGINALI&page=53 HTTP/1.0" 200 184452 "-" "Mozilla/5.0 (Linux; Android 7.0;) AppleWebKit/537.36 (KHTML, like Gecko) Mobile Safari/537.36 (compatible; PetalBot;+https://webmaster.petalsearch.com/site/petalbot)"
66.249.89.202 - - [20/Jun/2021:10:25:28 +0200] "POST /module/zonethememanager/getFinalDate HTTP/1.0" 200 775 "https://www.fuzion.it/ricambi-xenon-auto-alta-qualita-/349-kit-ricambio-lampade-xenon-h7-55w-alta-qualita-.html" "Mozilla/5.0 (iPhone; CPU iPhone OS 9_1 like Mac OS X) AppleWebKit/601.1.46 (KHTML, like Gecko) Version/9.0 Mobile/13B143 Safari/601.1 (compatible; AdsBot-Google-Mobile; +http://www.google.com/mobile/adsbot.html)"
66.249.89.200 - - [20/Jun/2021:10:25:32 +0200] "POST /module/zonethememanager/categoryTree HTTP/1.0" 200 10897 "https://www.fuzion.it/ricambi-xenon-auto-alta-qualita-/349-kit-ricambio-lampade-xenon-h7-55w-alta-qualita-.html" "Mozilla/5.0 (iPhone; CPU iPhone OS 9_1 like Mac OS X) AppleWebKit/601.1.46 (KHTML, like Gecko) Version/9.0 Mobile/13B143 Safari/601.1 (compatible; AdsBot-Google-Mobile; +http://www.google.com/mobile/adsbot.html)"
178.220.94.21 - - [20/Jun/2021:10:25:38 +0200] "GET /wp-login.php HTTP/1.0" 404 48661 "-" "Mozilla/4.0 (compatible; MSIE 6.0; Windows NT 5.0)"
114.119.139.115 - - [20/Jun/2021:10:26:21 +0200] "GET /2-categorie?q=Categorie-KIT%2BXENON%2BMOTO%2BSLIM%2BDIGITAL%2B64BIT%2B35W&page=53 HTTP/1.0" 200 184804 "-" "Mozilla/5.0 (Linux; Android 7.0;) AppleWebKit/537.36 (KHTML, like Gecko) Mobile Safari/537.36 (compatible; PetalBot;+https://webmaster.petalsearch.com/site/petalbot)"
185.64.106.84 - - [20/Jun/2021:10:27:57 +0200] "GET /copy/archive.zip HTTP/1.0" 301 388 "-" "Go-http-client/1.1"
185.64.106.84 - - [20/Jun/2021:10:27:57 +0200] "GET /copy/archive.zip HTTP/1.0" 404 48639 "http://fuzion.it/copy/archive.zip" "Go-http-client/1.1"
185.64.106.84 - - [20/Jun/2021:10:27:57 +0200] "GET /copy/archive.zip HTTP/1.0" 404 48639 "https://fuzion.it/copy/archive.zip" "Go-http-client/1.1"
54.36.149.81 - - [20/Jun/2021:10:28:43 +0200] "GET / HTTP/1.0" 200 395577 "-" "Mozilla/5.0 (compatible; AhrefsBot/7.0; +http://ahrefs.com/robot/)"
93.35.209.137 - - [20/Jun/2021:10:30:13 +0200] "GET /1079-medium_default/h7-alogene-super-white-pro-effetto-xenon-hid-fuzion.jpg HTTP/1.0" 200 26045 "-" "Mozilla/5.0 (Macintosh; Intel Mac OS X 10_15_7) AppleWebKit/605.1.15 (KHTML, like Gecko)"
93.35.209.137 - - [20/Jun/2021:10:30:13 +0200] "GET /1202-medium_default/kit-4-sensori-di-parcheggio-con-cicalino-pro-fuzion.jpg HTTP/1.0" 200 34393 "-" "Mozilla/5.0 (Macintosh; Intel Mac OS X 10_15_7) AppleWebKit/605.1.15 (KHTML, like Gecko)"
93.35.209.137 - - [20/Jun/2021:10:30:13 +0200] "GET /2232-medium_default/h7-kit-led-36w-canbus-alta-qualita-fuzion.jpg HTTP/1.0" 200 272197 "-" "Mozilla/5.0 (Macintosh; Intel Mac OS X 10_15_7) AppleWebKit/605.1.15 (KHTML, like Gecko)"
93.35.209.137 - - [20/Jun/2021:10:30:13 +0200] "GET /2904-medium_default/kit-ricambio-lampade-xenon-d1s-hid-standard-fuzion.jpg HTTP/1.0" 200 225777 "-" "Mozilla/5.0 (Macintosh; Intel Mac OS X 10_15_7) AppleWebKit/605.1.15 (KHTML, like Gecko)"
93.35.209.137 - - [20/Jun/2021:10:30:13 +0200] "GET /3100-medium_default/pasta-lavamani-professionale-4000ml-4kg-made-in-italy-fuzion.jpg HTTP/1.0" 200 240221 "-" "Mozilla/5.0 (Macintosh; Intel Mac OS X 10_15_7) AppleWebKit/605.1.15 (KHTML, like Gecko)"
93.35.209.137 - - [20/Jun/2021:10:30:13 +0200] "GET /2326-medium_default/h7-kit-led-matrix-50w-canbus-pro-fuzion.jpg HTTP/1.0" 200 235011 "-" "Mozilla/5.0 (Macintosh; Intel Mac OS X 10_15_7) AppleWebKit/605.1.15 (KHTML, like Gecko)"
93.35.209.137 - - [20/Jun/2021:10:30:13 +0200] "GET /2910-medium_default/kit-ricambio-lampade-xenon-d1s-oem-24v-xenpro-fuzion-pro-quality.jpg HTTP/1.0" 200 228858 "-" "Mozilla/5.0 (Macintosh; Intel Mac OS X 10_15_7) AppleWebKit/605.1.15 (KHTML, like Gecko)"
93.35.209.137 - - [20/Jun/2021:10:30:13 +0200] "GET /module/newsletterpro/api?action=openedEmail&token=3dca93dcf36c9b943a5306b6872ceb8c&email=templare7@tiscali.it HTTP/1.0" 200 1610 "-" "Mozilla/5.0 (Macintosh; Intel Mac OS X 10_15_7) AppleWebKit/605.1.15 (KHTML, like Gecko)"
93.35.209.137 - - [20/Jun/2021:10:30:16 +0200] "GET /module/newsletterpro/api?action=openedEmail&token=b1bea600d7f8a5312bae42ecdb85343c&email=templare7@tiscali.it HTTP/1.0" 200 1610 "-" "Mozilla/5.0 (Macintosh; Intel Mac OS X 10_15_7) AppleWebKit/605.1.15 (KHTML, like Gecko)"
66.249.64.200 - - [20/Jun/2021:10:32:50 +0200] "GET /78-kit-xenon-moto-alta-qualita- HTTP/1.0" 200 174024 "-" "Mozilla/5.0 (compatible; Googlebot/2.1; +http://www.google.com/bot.html)"
66.249.76.4 - - [20/Jun/2021:10:33:01 +0200] "GET /module/ws_productreviews/default?wsr_p=2 HTTP/1.0" 200 90340 "-" "Mozilla/5.0 (compatible; Googlebot/2.1; +http://www.google.com/bot.html)"
114.119.139.115 - - [20/Jun/2021:10:33:17 +0200] "GET /2-categorie?q=Categorie-KIT%2BLED%2BPER%2BAUTO%2BPROFESSIONALI&page=37 HTTP/1.0" 200 183910 "-" "Mozilla/5.0 (Linux; Android 7.0;) AppleWebKit/537.36 (KHTML, like Gecko) Mobile Safari/537.36 (compatible; PetalBot;+https://webmaster.petalsearch.com/site/petalbot)"
17.121.112.22 - - [20/Jun/2021:10:33:29 +0200] "GET /ricambi-xenon-auto-professionali/378-kit-ricambio-lampade-xenon-hb3-9005-xenpro-fuzion-pro-quality.html HTTP/1.0" 200 137988 "-" "Mozilla/5.0 (Macintosh; Intel Mac OS X 10_15_5) AppleWebKit/605.1.15 (KHTML, like Gecko) Version/13.1.1 Safari/605.1.15 (Applebot/0.1; +http://www.apple.com/go/applebot)"
54.36.148.142 - - [20/Jun/2021:10:33:49 +0200] "GET /brand/3-fuzion?page=57 HTTP/1.0" 200 158278 "-" "Mozilla/5.0 (compatible; AhrefsBot/7.0; +http://ahrefs.com/robot/)"
66.249.76.4 - - [20/Jun/2021:10:34:43 +0200] "GET /115-kit-led-per-auto-alta-qualita- HTTP/1.0" 200 172360 "-" "Mozilla/5.0 (compatible; Googlebot/2.1; +http://www.google.com/bot.html)"
66.249.64.202 - - [20/Jun/2021:10:36:35 +0200] "GET /2186-home_default/hb4a-9006xs-alogene-super-white-pro-effetto-xenon-hid-fuzion.jpg HTTP/1.0" 304 295 "-" "Googlebot-Image/1.0"
66.249.76.4 - - [20/Jun/2021:10:37:57 +0200] "GET /178-kit-xenon-moto-canbus-pro-55w HTTP/1.0" 200 166886 "-" "Mozilla/5.0 (compatible; Googlebot/2.1; +http://www.google.com/bot.html)"
54.36.148.37 - - [20/Jun/2021:10:38:34 +0200] "GET /kit-xenon-digital-64bit-35w/40-kit-xenon-hb4-9006-digital-64bit-35w-alta-qualita-.html HTTP/1.0" 200 138440 "-" "Mozilla/5.0 (compatible; AhrefsBot/7.0; +http://ahrefs.com/robot/)"
66.249.76.4 - - [20/Jun/2021:10:39:26 +0200] "GET /187-adattatori-portalampade-xenon HTTP/1.0" 200 176434 "-" "Mozilla/5.0 (compatible; Googlebot/2.1; +http://www.google.com/bot.html)"
93.38.154.203 - - [20/Jun/2021:10:39:47 +0200] "GET /1202-medium_default/kit-4-sensori-di-parcheggio-con-cicalino-pro-fuzion.jpg HTTP/1.0" 200 34393 "-" "Mozilla/5.0 (iPhone; CPU iPhone OS 14_5_1 like Mac OS X) AppleWebKit/605.1.15 (KHTML, like Gecko) Mobile/15E148"
93.38.154.203 - - [20/Jun/2021:10:39:47 +0200] "GET /1079-medium_default/h7-alogene-super-white-pro-effetto-xenon-hid-fuzion.jpg HTTP/1.0" 200 26045 "-" "Mozilla/5.0 (iPhone; CPU iPhone OS 14_5_1 like Mac OS X) AppleWebKit/605.1.15 (KHTML, like Gecko) Mobile/15E148"
93.38.154.203 - - [20/Jun/2021:10:39:47 +0200] "GET /2232-medium_default/h7-kit-led-36w-canbus-alta-qualita-fuzion.jpg HTTP/1.0" 200 272197 "-" "Mozilla/5.0 (iPhone; CPU iPhone OS 14_5_1 like Mac OS X) AppleWebKit/605.1.15 (KHTML, like Gecko) Mobile/15E148"
93.38.154.203 - - [20/Jun/2021:10:39:47 +0200] "GET /3100-medium_default/pasta-lavamani-professionale-4000ml-4kg-made-in-italy-fuzion.jpg HTTP/1.0" 200 240221 "-" "Mozilla/5.0 (iPhone; CPU iPhone OS 14_5_1 like Mac OS X) AppleWebKit/605.1.15 (KHTML, like Gecko) Mobile/15E148"
93.38.154.203 - - [20/Jun/2021:10:39:47 +0200] "GET /2326-medium_default/h7-kit-led-matrix-50w-canbus-pro-fuzion.jpg HTTP/1.0" 200 235011 "-" "Mozilla/5.0 (iPhone; CPU iPhone OS 14_5_1 like Mac OS X) AppleWebKit/605.1.15 (KHTML, like Gecko) Mobile/15E148"
93.38.154.203 - - [20/Jun/2021:10:39:47 +0200] "GET /2904-medium_default/kit-ricambio-lampade-xenon-d1s-hid-standard-fuzion.jpg HTTP/1.0" 200 225777 "-" "Mozilla/5.0 (iPhone; CPU iPhone OS 14_5_1 like Mac OS X) AppleWebKit/605.1.15 (KHTML, like Gecko) Mobile/15E148"
93.38.154.203 - - [20/Jun/2021:10:39:47 +0200] "GET /2910-medium_default/kit-ricambio-lampade-xenon-d1s-oem-24v-xenpro-fuzion-pro-quality.jpg HTTP/1.0" 200 228858 "-" "Mozilla/5.0 (iPhone; CPU iPhone OS 14_5_1 like Mac OS X) AppleWebKit/605.1.15 (KHTML, like Gecko) Mobile/15E148"
93.38.154.203 - - [20/Jun/2021:10:39:47 +0200] "GET /module/newsletterpro/api?action=openedEmail&token=b1bea600d7f8a5312bae42ecdb85343c&email=viviani.tullio@libero.it HTTP/1.0" 200 1610 "-" "Mozilla/5.0 (iPhone; CPU iPhone OS 14_5_1 like Mac OS X) AppleWebKit/605.1.15 (KHTML, like Gecko) Mobile/15E148"
93.38.154.203 - - [20/Jun/2021:10:40:08 +0200] "GET /module/newsletterpro/api?action=openedEmail&token=e0c1265cfee5b1837e026e578c5bcceb&email=viviani.tullio@libero.it HTTP/1.0" 200 1610 "-" "Mozilla/5.0 (iPhone; CPU iPhone OS 14_5_1 like Mac OS X) AppleWebKit/605.1.15 (KHTML, like Gecko) Mobile/15E148"
93.38.154.203 - - [20/Jun/2021:10:40:08 +0200] "GET /img/fuzion-logo-1592047011.jpg HTTP/1.0" 404 46873 "-" "Mozilla/5.0 (iPhone; CPU iPhone OS 14_5_1 like Mac OS X) AppleWebKit/605.1.15 (KHTML, like Gecko) Mobile/15E148"
66.249.89.202 - - [20/Jun/2021:10:40:27 +0200] "GET /adattatori-portalampade-led/629-adattatori-portalampade-led-vw-golf-5-jetta.html HTTP/1.0" 200 125551 "-" "Mozilla/5.0 (iPhone; CPU iPhone OS 9_1 like Mac OS X) AppleWebKit/601.1.46 (KHTML, like Gecko) Version/9.0 Mobile/13B143 Safari/601.1 (compatible; AdsBot-Google-Mobile; +http://www.google.com/mobile/adsbot.html)"
66.249.81.180 - - [20/Jun/2021:10:41:15 +0200] "GET /2904-medium_default/kit-ricambio-lampade-xenon-d1s-hid-standard-fuzion.jpg HTTP/1.0" 200 225777 "-" "Mozilla/5.0 (Windows NT 5.1; rv:11.0) Gecko Firefox/11.0 (via ggpht.com GoogleImageProxy)"
66.249.81.182 - - [20/Jun/2021:10:41:15 +0200] "GET /1202-medium_default/kit-4-sensori-di-parcheggio-con-cicalino-pro-fuzion.jpg HTTP/1.0" 200 34393 "-" "Mozilla/5.0 (Windows NT 5.1; rv:11.0) Gecko Firefox/11.0 (via ggpht.com GoogleImageProxy)"
66.249.81.184 - - [20/Jun/2021:10:41:15 +0200] "GET /2326-medium_default/h7-kit-led-matrix-50w-canbus-pro-fuzion.jpg HTTP/1.0" 200 235011 "-" "Mozilla/5.0 (Windows NT 5.1; rv:11.0) Gecko Firefox/11.0 (via ggpht.com GoogleImageProxy)"
66.249.81.180 - - [20/Jun/2021:10:41:15 +0200] "GET /1079-medium_default/h7-alogene-super-white-pro-effetto-xenon-hid-fuzion.jpg HTTP/1.0" 200 26045 "-" "Mozilla/5.0 (Windows NT 5.1; rv:11.0) Gecko Firefox/11.0 (via ggpht.com GoogleImageProxy)"
66.249.81.180 - - [20/Jun/2021:10:41:15 +0200] "GET /2232-medium_default/h7-kit-led-36w-canbus-alta-qualita-fuzion.jpg HTTP/1.0" 200 272197 "-" "Mozilla/5.0 (Windows NT 5.1; rv:11.0) Gecko Firefox/11.0 (via ggpht.com GoogleImageProxy)"
66.249.81.182 - - [20/Jun/2021:10:41:15 +0200] "GET /module/newsletterpro/api?action=openedEmail&token=3dca93dcf36c9b943a5306b6872ceb8c&email=delpi1981@gmail.com HTTP/1.0" 200 1610 "-" "Mozilla/5.0 (Windows NT 5.1; rv:11.0) Gecko Firefox/11.0 (via ggpht.com GoogleImageProxy)"
66.249.81.182 - - [20/Jun/2021:10:41:15 +0200] "GET /module/newsletterpro/api?action=openedEmail&token=b1bea600d7f8a5312bae42ecdb85343c&email=delpi1981@gmail.com HTTP/1.0" 200 1610 "-" "Mozilla/5.0 (Windows NT 5.1; rv:11.0) Gecko Firefox/11.0 (via ggpht.com GoogleImageProxy)"
66.249.76.4 - - [20/Jun/2021:10:41:21 +0200] "GET / HTTP/1.0" 200 286991 "-" "Mozilla/5.0 (Linux; Android 6.0.1; Nexus 5X Build/MMB29P) AppleWebKit/537.36 (KHTML, like Gecko) Chrome/91.0.4472.90 Mobile Safari/537.36 (compatible; Googlebot/2.1; +http://www.google.com/bot.html)"
114.119.147.42 - - [20/Jun/2021:10:42:28 +0200] "GET /2-categorie?q=Categorie-KIT%2BXENON%2BMOTO%2BCANBUS%2BPRO%2B55W&page=23 HTTP/1.0" 200 184288 "-" "Mozilla/5.0 (Linux; Android 7.0;) AppleWebKit/537.36 (KHTML, like Gecko) Mobile Safari/537.36 (compatible; PetalBot;+https://webmaster.petalsearch.com/site/petalbot)"
66.249.89.202 - - [20/Jun/2021:10:43:25 +0200] "GET /kit-led-per-veicoli-24volt/525-h15-kit-bi-led-matrix-50w-canbus-pro-fuzion.html HTTP/1.0" 200 172068 "-" "Mozilla/5.0 (iPhone; CPU iPhone OS 9_1 like Mac OS X) AppleWebKit/601.1.46 (KHTML, like Gecko) Version/9.0 Mobile/13B143 Safari/601.1 (compatible; AdsBot-Google-Mobile; +http://www.google.com/mobile/adsbot.html)"
54.36.148.37 - - [20/Jun/2021:10:43:26 +0200] "GET /ricambi-xenon-moto-e-scooter/410-1585-kit-ricambio-lampade-xenon-moto-h3-alta-qualita-.html HTTP/1.0" 200 135248 "-" "Mozilla/5.0 (compatible; AhrefsBot/7.0; +http://ahrefs.com/robot/)"
66.249.89.204 - - [20/Jun/2021:10:43:26 +0200] "GET /kit-pro-can-superlight-55w/262-kit-xenon-hb3-9005-canbus-superlight-12v-55w-pro-quality-fuzion.html HTTP/1.0" 200 134718 "-" "Mozilla/5.0 (iPhone; CPU iPhone OS 9_1 like Mac OS X) AppleWebKit/601.1.46 (KHTML, like Gecko) Version/9.0 Mobile/13B143 Safari/601.1 (compatible; AdsBot-Google-Mobile; +http://www.google.com/mobile/adsbot.html)"
66.249.89.200 - - [20/Jun/2021:10:43:36 +0200] "GET /kit-led-per-veicoli-24volt/519-h7-kit-led-matrix-50w-canbus-pro-fuzion.html HTTP/1.0" 200 170855 "-" "Mozilla/5.0 (iPhone; CPU iPhone OS 9_1 like Mac OS X) AppleWebKit/601.1.46 (KHTML, like Gecko) Version/9.0 Mobile/13B143 Safari/601.1 (compatible; AdsBot-Google-Mobile; +http://www.google.com/mobile/adsbot.html)"
62.211.196.117 - - [20/Jun/2021:10:44:26 +0200] "GET /lampade-alogene-12volt/481-h7-alogene-super-white-pro-effetto-xenon-hid-fuzion.html?gclid=EAIaIQobChMIhLfL_-il8QIVmNV3Ch2uVgS1EAAYASAAEgKKPvD_BwE HTTP/1.0" 200 166957 "https://www.google.it/" "Mozilla/5.0 (iPhone; CPU iPhone OS 14_6 like Mac OS X) AppleWebKit/605.1.15 (KHTML, like Gecko) Version/14.1.1 Mobile/15E148 Safari/604.1"
62.211.196.117 - - [20/Jun/2021:10:44:27 +0200] "GET /1079-medium_default/h7-alogene-super-white-pro-effetto-xenon-hid-fuzion.jpg HTTP/1.0" 200 26045 "https://www.fuzion.it/lampade-alogene-12volt/481-h7-alogene-super-white-pro-effetto-xenon-hid-fuzion.html?gclid=EAIaIQobChMIhLfL_-il8QIVmNV3Ch2uVgS1EAAYASAAEgKKPvD_BwE" "Mozilla/5.0 (iPhone; CPU iPhone OS 14_6 like Mac OS X) AppleWebKit/605.1.15 (KHTML, like Gecko) Version/14.1.1 Mobile/15E148 Safari/604.1"
62.211.196.117 - - [20/Jun/2021:10:44:27 +0200] "GET /2090-medium_default/h7-alogene-super-white-pro-effetto-xenon-hid-fuzion.jpg HTTP/1.0" 200 45769 "https://www.fuzion.it/lampade-alogene-12volt/481-h7-alogene-super-white-pro-effetto-xenon-hid-fuzion.html?gclid=EAIaIQobChMIhLfL_-il8QIVmNV3Ch2uVgS1EAAYASAAEgKKPvD_BwE" "Mozilla/5.0 (iPhone; CPU iPhone OS 14_6 like Mac OS X) AppleWebKit/605.1.15 (KHTML, like Gecko) Version/14.1.1 Mobile/15E148 Safari/604.1"
62.211.196.117 - - [20/Jun/2021:10:44:27 +0200] "GET /1071-medium_default/h7-alogene-super-white-pro-effetto-xenon-hid-fuzion.jpg HTTP/1.0" 200 38535 "https://www.fuzion.it/lampade-alogene-12volt/481-h7-alogene-super-white-pro-effetto-xenon-hid-fuzion.html?gclid=EAIaIQobChMIhLfL_-il8QIVmNV3Ch2uVgS1EAAYASAAEgKKPvD_BwE" "Mozilla/5.0 (iPhone; CPU iPhone OS 14_6 like Mac OS X) AppleWebKit/605.1.15 (KHTML, like Gecko) Version/14.1.1 Mobile/15E148 Safari/604.1"
62.211.196.117 - - [20/Jun/2021:10:44:27 +0200] "GET /1072-medium_default/h7-alogene-super-white-pro-effetto-xenon-hid-fuzion.jpg HTTP/1.0" 200 26653 "https://www.fuzion.it/lampade-alogene-12volt/481-h7-alogene-super-white-pro-effetto-xenon-hid-fuzion.html?gclid=EAIaIQobChMIhLfL_-il8QIVmNV3Ch2uVgS1EAAYASAAEgKKPvD_BwE" "Mozilla/5.0 (iPhone; CPU iPhone OS 14_6 like Mac OS X) AppleWebKit/605.1.15 (KHTML, like Gecko) Version/14.1.1 Mobile/15E148 Safari/604.1"
62.211.196.117 - - [20/Jun/2021:10:44:27 +0200] "GET /1079-home_default/h7-alogene-super-white-pro-effetto-xenon-hid-fuzion.jpg HTTP/1.0" 200 11324 "https://www.fuzion.it/lampade-alogene-12volt/481-h7-alogene-super-white-pro-effetto-xenon-hid-fuzion.html?gclid=EAIaIQobChMIhLfL_-il8QIVmNV3Ch2uVgS1EAAYASAAEgKKPvD_BwE" "Mozilla/5.0 (iPhone; CPU iPhone OS 14_6 like Mac OS X) AppleWebKit/605.1.15 (KHTML, like Gecko) Version/14.1.1 Mobile/15E148 Safari/604.1"
62.211.196.117 - - [20/Jun/2021:10:44:27 +0200] "GET /2091-medium_default/h7-alogene-super-white-pro-effetto-xenon-hid-fuzion.jpg HTTP/1.0" 200 45788 "https://www.fuzion.it/lampade-alogene-12volt/481-h7-alogene-super-white-pro-effetto-xenon-hid-fuzion.html?gclid=EAIaIQobChMIhLfL_-il8QIVmNV3Ch2uVgS1EAAYASAAEgKKPvD_BwE" "Mozilla/5.0 (iPhone; CPU iPhone OS 14_6 like Mac OS X) AppleWebKit/605.1.15 (KHTML, like Gecko) Version/14.1.1 Mobile/15E148 Safari/604.1"
62.211.196.117 - - [20/Jun/2021:10:44:27 +0200] "GET /2092-medium_default/h7-alogene-super-white-pro-effetto-xenon-hid-fuzion.jpg HTTP/1.0" 200 48655 "https://www.fuzion.it/lampade-alogene-12volt/481-h7-alogene-super-white-pro-effetto-xenon-hid-fuzion.html?gclid=EAIaIQobChMIhLfL_-il8QIVmNV3Ch2uVgS1EAAYASAAEgKKPvD_BwE" "Mozilla/5.0 (iPhone; CPU iPhone OS 14_6 like Mac OS X) AppleWebKit/605.1.15 (KHTML, like Gecko) Version/14.1.1 Mobile/15E148 Safari/604.1"
62.211.196.117 - - [20/Jun/2021:10:44:27 +0200] "POST /module/newsletterpro/ajax HTTP/1.0" 200 519 "https://www.fuzion.it/lampade-alogene-12volt/481-h7-alogene-super-white-pro-effetto-xenon-hid-fuzion.html?gclid=EAIaIQobChMIhLfL_-il8QIVmNV3Ch2uVgS1EAAYASAAEgKKPvD_BwE" "Mozilla/5.0 (iPhone; CPU iPhone OS 14_6 like Mac OS X) AppleWebKit/605.1.15 (KHTML, like Gecko) Version/14.1.1 Mobile/15E148 Safari/604.1"
62.211.196.117 - - [20/Jun/2021:10:44:29 +0200] "POST /module/zonethememanager/getFinalDate HTTP/1.0" 200 775 "https://www.fuzion.it/lampade-alogene-12volt/481-h7-alogene-super-white-pro-effetto-xenon-hid-fuzion.html?gclid=EAIaIQobChMIhLfL_-il8QIVmNV3Ch2uVgS1EAAYASAAEgKKPvD_BwE" "Mozilla/5.0 (iPhone; CPU iPhone OS 14_6 like Mac OS X) AppleWebKit/605.1.15 (KHTML, like Gecko) Version/14.1.1 Mobile/15E148 Safari/604.1"
62.211.196.117 - - [20/Jun/2021:10:44:30 +0200] "POST /module/zonethememanager/categoryTree HTTP/1.0" 200 10897 "https://www.fuzion.it/lampade-alogene-12volt/481-h7-alogene-super-white-pro-effetto-xenon-hid-fuzion.html?gclid=EAIaIQobChMIhLfL_-il8QIVmNV3Ch2uVgS1EAAYASAAEgKKPvD_BwE" "Mozilla/5.0 (iPhone; CPU iPhone OS 14_6 like Mac OS X) AppleWebKit/605.1.15 (KHTML, like Gecko) Version/14.1.1 Mobile/15E148 Safari/604.1"
62.211.196.117 - - [20/Jun/2021:10:44:55 +0200] "POST /index.php?controller=product&token=f5c6323f1323d8b9782b800f0f78b14a&id_product=481&id_customization=0&qty=2 HTTP/1.0" 200 57747 "https://www.fuzion.it/lampade-alogene-12volt/481-h7-alogene-super-white-pro-effetto-xenon-hid-fuzion.html?gclid=EAIaIQobChMIhLfL_-il8QIVmNV3Ch2uVgS1EAAYASAAEgKKPvD_BwE" "Mozilla/5.0 (iPhone; CPU iPhone OS 14_6 like Mac OS X) AppleWebKit/605.1.15 (KHTML, like Gecko) Version/14.1.1 Mobile/15E148 Safari/604.1"
62.211.196.117 - - [20/Jun/2021:10:44:55 +0200] "GET /modules/estimatedshipping/ajax.php?ajax=true&action=escarrier&cid=10&carrier=49&pid=481&qty=2&ipa=0&token=718c76b9519a43f1afe20f3d693c31a5 HTTP/1.0" 200 410 "https://www.fuzion.it/lampade-alogene-12volt/481-h7-alogene-super-white-pro-effetto-xenon-hid-fuzion.html" "Mozilla/5.0 (iPhone; CPU iPhone OS 14_6 like Mac OS X) AppleWebKit/605.1.15 (KHTML, like Gecko) Version/14.1.1 Mobile/15E148 Safari/604.1"
62.211.196.117 - - [20/Jun/2021:10:44:55 +0200] "POST /carrello HTTP/1.0" 200 16128 "https://www.fuzion.it/lampade-alogene-12volt/481-h7-alogene-super-white-pro-effetto-xenon-hid-fuzion.html" "Mozilla/5.0 (iPhone; CPU iPhone OS 14_6 like Mac OS X) AppleWebKit/605.1.15 (KHTML, like Gecko) Version/14.1.1 Mobile/15E148 Safari/604.1"
62.211.196.117 - - [20/Jun/2021:10:44:56 +0200] "POST /module/ps_shoppingcart/ajax HTTP/1.0" 200 9613 "https://www.fuzion.it/lampade-alogene-12volt/481-h7-alogene-super-white-pro-effetto-xenon-hid-fuzion.html" "Mozilla/5.0 (iPhone; CPU iPhone OS 14_6 like Mac OS X) AppleWebKit/605.1.15 (KHTML, like Gecko) Version/14.1.1 Mobile/15E148 Safari/604.1"
62.211.196.117 - - [20/Jun/2021:10:44:56 +0200] "GET /1079-cart_default/h7-alogene-super-white-pro-effetto-xenon-hid-fuzion.jpg HTTP/1.0" 200 4366 "https://www.fuzion.it/lampade-alogene-12volt/481-h7-alogene-super-white-pro-effetto-xenon-hid-fuzion.html" "Mozilla/5.0 (iPhone; CPU iPhone OS 14_6 like Mac OS X) AppleWebKit/605.1.15 (KHTML, like Gecko) Version/14.1.1 Mobile/15E148 Safari/604.1"
62.211.196.117 - - [20/Jun/2021:10:44:56 +0200] "POST /index.php?controller=product&token=f5c6323f1323d8b9782b800f0f78b14a&id_product=481&id_customization=0&qty=1 HTTP/1.0" 200 57747 "https://www.fuzion.it/lampade-alogene-12volt/481-h7-alogene-super-white-pro-effetto-xenon-hid-fuzion.html" "Mozilla/5.0 (iPhone; CPU iPhone OS 14_6 like Mac OS X) AppleWebKit/605.1.15 (KHTML, like Gecko) Version/14.1.1 Mobile/15E148 Safari/604.1"
62.211.196.117 - - [20/Jun/2021:10:44:57 +0200] "GET /modules/estimatedshipping/ajax.php?ajax=true&action=escarrier&cid=10&carrier=49&pid=481&qty=1&ipa=0&token=718c76b9519a43f1afe20f3d693c31a5 HTTP/1.0" 200 410 "https://www.fuzion.it/lampade-alogene-12volt/481-h7-alogene-super-white-pro-effetto-xenon-hid-fuzion.html" "Mozilla/5.0 (iPhone; CPU iPhone OS 14_6 like Mac OS X) AppleWebKit/605.1.15 (KHTML, like Gecko) Version/14.1.1 Mobile/15E148 Safari/604.1"
62.211.196.117 - - [20/Jun/2021:10:45:00 +0200] "POST /carrello?delete=1&id_product=481&id_product_attribute=0&token=f5c6323f1323d8b9782b800f0f78b14a HTTP/1.0" 200 1397 "https://www.fuzion.it/lampade-alogene-12volt/481-h7-alogene-super-white-pro-effetto-xenon-hid-fuzion.html" "Mozilla/5.0 (iPhone; CPU iPhone OS 14_6 like Mac OS X) AppleWebKit/605.1.15 (KHTML, like Gecko) Version/14.1.1 Mobile/15E148 Safari/604.1"
62.211.196.117 - - [20/Jun/2021:10:45:01 +0200] "POST /module/ps_shoppingcart/ajax HTTP/1.0" 200 1776 "https://www.fuzion.it/lampade-alogene-12volt/481-h7-alogene-super-white-pro-effetto-xenon-hid-fuzion.html" "Mozilla/5.0 (iPhone; CPU iPhone OS 14_6 like Mac OS X) AppleWebKit/605.1.15 (KHTML, like Gecko) Version/14.1.1 Mobile/15E148 Safari/604.1"
66.249.89.200 - - [20/Jun/2021:10:45:30 +0200] "GET /ricambi-xenon-auto-professionali/387-kit-ricambio-lampade-xenon-d3s-oem-xenpro-fuzion-pro-quality.html HTTP/1.0" 200 162430 "-" "Mozilla/5.0 (iPhone; CPU iPhone OS 9_1 like Mac OS X) AppleWebKit/601.1.46 (KHTML, like Gecko) Version/9.0 Mobile/13B143 Safari/601.1 (compatible; AdsBot-Google-Mobile; +http://www.google.com/mobile/adsbot.html)"
66.249.89.202 - - [20/Jun/2021:10:46:00 +0200] "POST /module/newsletterpro/ajax HTTP/1.0" 200 519 "https://www.fuzion.it/ricambi-xenon-auto-professionali/387-kit-ricambio-lampade-xenon-d3s-oem-xenpro-fuzion-pro-quality.html" "Mozilla/5.0 (iPhone; CPU iPhone OS 9_1 like Mac OS X) AppleWebKit/601.1.46 (KHTML, like Gecko) Version/9.0 Mobile/13B143 Safari/601.1 (compatible; AdsBot-Google-Mobile; +http://www.google.com/mobile/adsbot.html)"
157.55.39.32 - - [20/Jun/2021:10:46:23 +0200] "GET /1180-medium_default/w5w-24v-alogene-super-white-pro-effetto-xenon-hid-fuzion.jpg HTTP/1.0" 200 26556 "-" "Mozilla/5.0 (compatible; bingbot/2.0; +http://www.bing.com/bingbot.htm)"
54.36.149.81 - - [20/Jun/2021:10:48:20 +0200] "GET /ricambi-xenon-auto-alta-qualita-/437-centralina-xenon-slim-digital-64bit-12v-35w-alta-qualita-.html HTTP/1.0" 200 131701 "-" "Mozilla/5.0 (compatible; AhrefsBot/7.0; +http://ahrefs.com/robot/)"
66.249.89.200 - - [20/Jun/2021:10:48:48 +0200] "GET /kit-xenon-moto-slim-digital-64bit-35w/276-kit-xenon-moto-h4-2-slim-digital-64bit-35w-alta-qualita-.html HTTP/1.0" 200 133106 "-" "Mozilla/5.0 (iPhone; CPU iPhone OS 9_1 like Mac OS X) AppleWebKit/601.1.46 (KHTML, like Gecko) Version/9.0 Mobile/13B143 Safari/601.1 (compatible; AdsBot-Google-Mobile; +http://www.google.com/mobile/adsbot.html)"
66.249.89.204 - - [20/Jun/2021:10:48:49 +0200] "GET /led-interni-esterni-1224v/549-lampade-t15-w16w-w21w-24-led-12-24v-canbus-fuzion.html HTTP/1.0" 200 150989 "-" "Mozilla/5.0 (iPhone; CPU iPhone OS 9_1 like Mac OS X) AppleWebKit/601.1.46 (KHTML, like Gecko) Version/9.0 Mobile/13B143 Safari/601.1 (compatible; AdsBot-Google-Mobile; +http://www.google.com/mobile/adsbot.html)"
66.249.89.200 - - [20/Jun/2021:10:48:51 +0200] "POST /module/newsletterpro/ajax HTTP/1.0" 200 519 "https://www.fuzion.it/kit-xenon-moto-slim-digital-64bit-35w/276-kit-xenon-moto-h4-2-slim-digital-64bit-35w-alta-qualita-.html" "Mozilla/5.0 (iPhone; CPU iPhone OS 9_1 like Mac OS X) AppleWebKit/601.1.46 (KHTML, like Gecko) Version/9.0 Mobile/13B143 Safari/601.1 (compatible; AdsBot-Google-Mobile; +http://www.google.com/mobile/adsbot.html)"
66.249.64.202 - - [20/Jun/2021:10:48:54 +0200] "GET /1781-home_default/h8-kit-led-moto-36w-canbus-alta-qualita-fuzion.jpg HTTP/1.0" 403 1229 "-" "Googlebot-Image/1.0"
66.249.89.204 - - [20/Jun/2021:10:50:35 +0200] "GET /ricambi-xenon-veicoli-24volt-pro/394-kit-ricambio-lampade-xenon-h1-24v-xenpro-fuzion-pro-quality.html HTTP/1.0" 200 129774 "-" "Mozilla/5.0 (iPhone; CPU iPhone OS 9_1 like Mac OS X) AppleWebKit/601.1.46 (KHTML, like Gecko) Version/9.0 Mobile/13B143 Safari/601.1 (compatible; AdsBot-Google-Mobile; +http://www.google.com/mobile/adsbot.html)"
52.30.156.75 - - [20/Jun/2021:10:50:39 +0200] "HEAD /2517-large_default/h9-kit-led-moto-36w-canbus-alta-qualita-fuzion.jpg HTTP/1.0" 200 137 "eshoppingadvisor.com" "Mozilla/5.0 (Macintosh; Intel Mac OS X 10_15_6) AppleWebKit/537.36 (KHTML, like Gecko) Chrome/86.0.4240.80 Safari/537.36 OPR/72.0.3815.148"
66.249.89.200 - - [20/Jun/2021:10:51:01 +0200] "POST /module/zonethememanager/categoryTree HTTP/1.0" 200 10897 "https://www.fuzion.it/ricambi-xenon-veicoli-24volt-pro/394-kit-ricambio-lampade-xenon-h1-24v-xenpro-fuzion-pro-quality.html" "Mozilla/5.0 (iPhone; CPU iPhone OS 9_1 like Mac OS X) AppleWebKit/601.1.46 (KHTML, like Gecko) Version/9.0 Mobile/13B143 Safari/601.1 (compatible; AdsBot-Google-Mobile; +http://www.google.com/mobile/adsbot.html)"
54.36.149.81 - - [20/Jun/2021:10:53:12 +0200] "GET /kit-xenon-moto-slim-digital-64bit-35w/281-1069-kit-xenon-moto-h9-slim-digital-64bit-35w-alta-qualita-.html HTTP/1.0" 200 140816 "-" "Mozilla/5.0 (compatible; AhrefsBot/7.0; +http://ahrefs.com/robot/)"
93.70.67.86 - - [20/Jun/2021:10:53:40 +0200] "GET /mcadmin/index.php/sell/customers/?_token=wPmR20WWs8n69dp_HJcPBzjtyLkybTyskf_avlN4jT8 HTTP/1.0" 302 1742 "https://www.fuzion.it/mcadmin/index.php/sell/customers/?_token=wPmR20WWs8n69dp_HJcPBzjtyLkybTyskf_avlN4jT8" "Mozilla/5.0 (iPhone; CPU iPhone OS 14_6 like Mac OS X) AppleWebKit/605.1.15 (KHTML, like Gecko) Version/14.1.1 Mobile/15E148 Safari/604.1"
93.70.67.86 - - [20/Jun/2021:10:53:40 +0200] "GET /mcadmin/index.php/security/compromised?uri=https%253A%252F%252Fwww.fuzion.it%252Fmcadmin%252Findex.php%252Fsell%252Fcustomers%252F%253F&_token=OaaG27AbIa1K5MIiF6X1CD6sCoaY0TUTMaGO1oc9AWA HTTP/1.0" 200 2077 "https://www.fuzion.it/mcadmin/index.php/sell/customers/?_token=wPmR20WWs8n69dp_HJcPBzjtyLkybTyskf_avlN4jT8" "Mozilla/5.0 (iPhone; CPU iPhone OS 14_6 like Mac OS X) AppleWebKit/605.1.15 (KHTML, like Gecko) Version/14.1.1 Mobile/15E148 Safari/604.1"
66.249.64.200 - - [20/Jun/2021:10:54:10 +0200] "GET /adattatori-portalampade-led/629-adattatori-portalampade-led-vw-golf-5-jetta.html HTTP/1.0" 200 130167 "-" "Mozilla/5.0 (Linux; Android 6.0.1; Nexus 5X Build/MMB29P) AppleWebKit/537.36 (KHTML, like Gecko) Chrome/91.0.4472.90 Mobile Safari/537.36 (compatible; Googlebot/2.1; +http://www.google.com/bot.html)"
157.55.39.180 - - [20/Jun/2021:10:55:14 +0200] "GET / HTTP/1.0" 200 390577 "-" "Mozilla/5.0 (compatible; bingbot/2.0; +http://www.bing.com/bingbot.htm)"
40.77.167.30 - - [20/Jun/2021:10:55:23 +0200] "GET /456-medium_default/kit-xenon-h16-5202-superlight-12v-55w-pro-quality-fuzion.jpg HTTP/1.0" 200 16335 "-" "Mozilla/5.0 (compatible; bingbot/2.0; +http://www.bing.com/bingbot.htm)"
54.36.148.37 - - [20/Jun/2021:10:58:00 +0200] "GET /kit-pro-can-superlight-55w/273-kit-xenon-d5s-canbus-superlight-12v-55w-pro-quality-fuzion.html HTTP/1.0" 200 145443 "-" "Mozilla/5.0 (compatible; AhrefsBot/7.0; +http://ahrefs.com/robot/)"
157.55.39.63 - - [20/Jun/2021:10:58:15 +0200] "GET /1032-medium_default/centralina-xenon-philips-xenodrive-xld-145-9137-001-63203-originale.jpg HTTP/1.0" 200 22166 "-" "Mozilla/5.0 (compatible; bingbot/2.0; +http://www.bing.com/bingbot.htm)"
5.91.82.195 - - [20/Jun/2021:10:59:58 +0200] "GET /kit-sensori-di-parcheggio/511-kit-4-sensori-di-parcheggio-con-display-led-slim-pro-fuzion.html?gclid=CjwKCAjwzruGBhBAEiwAUqMR8Av1Svs1B8DxQCTFan35nO7bkFwQzVpjIat6rJvH4JDRr50VXlmDNBoCb-YQAvD_BwE HTTP/1.0" 200 164462 "https://www.google.com/" "Mozilla/5.0 (Linux; Android 10; SM-J600FN) AppleWebKit/537.36 (KHTML, like Gecko) Chrome/91.0.4472.101 Mobile Safari/537.36"
