66.249.89.200 - - [20/Jun/2021:12:34:46 +0200] "GET /ricambi-xenon-auto-alta-qualita-/354-kit-ricambio-lampade-xenon-h11-55w-alta-qualita-.html HTTP/1.0" 200 129919 "-" "AdsBot-Google (+http://www.google.com/adsbot.html)"
66.249.89.200 - - [20/Jun/2021:12:35:09 +0200] "GET /ricambi-xenon-auto-professionali/386-kit-ricambio-lampade-xenon-d2s-oem-xenpro-fuzion-pro-quality.html HTTP/1.0" 200 165701 "-" "AdsBot-Google (+http://www.google.com/adsbot.html)"
54.36.148.37 - - [20/Jun/2021:12:37:13 +0200] "GET /62-kit-pro-can-superlight-55w HTTP/1.0" 200 183851 "-" "Mozilla/5.0 (compatible; AhrefsBot/7.0; +http://ahrefs.com/robot/)"
66.249.64.200 - - [20/Jun/2021:12:38:08 +0200] "GET /1341-home_default/h16-5202-kit-led-matrix-50w-canbus-pro-fuzion.jpg HTTP/1.0" 403 1229 "-" "Googlebot-Image/1.0"
66.249.76.4 - - [20/Jun/2021:12:39:17 +0200] "GET /543-home_default/kit-xenon-d3s-canbus-line-12v-35w-pro-quality-fuzion.jpg HTTP/1.0" 200 8573 "-" "Googlebot-Image/1.0"
66.249.89.200 - - [20/Jun/2021:12:39:33 +0200] "POST /module/zonemegamenu/menuDropdownContent HTTP/1.0" 200 479 "https://www.fuzion.it/ricambi-xenon-auto-alta-qualita-/354-kit-ricambio-lampade-xenon-h11-55w-alta-qualita-.html" "AdsBot-Google (+http://www.google.com/adsbot.html)"
87.11.157.203 - - [20/Jun/2021:12:39:43 +0200] "GET /2232-medium_default/h7-kit-led-36w-canbus-alta-qualita-fuzion.jpg HTTP/1.0" 200 272197 "-" "Mozilla/5.0 (iPhone; CPU iPhone OS 14_5_1 like Mac OS X) AppleWebKit/605.1.15 (KHTML, like Gecko) Mobile/15E148"
87.11.157.203 - - [20/Jun/2021:12:39:43 +0200] "GET /2326-medium_default/h7-kit-led-matrix-50w-canbus-pro-fuzion.jpg HTTP/1.0" 200 235011 "-" "Mozilla/5.0 (iPhone; CPU iPhone OS 14_5_1 like Mac OS X) AppleWebKit/605.1.15 (KHTML, like Gecko) Mobile/15E148"
87.11.157.203 - - [20/Jun/2021:12:39:43 +0200] "GET /1079-medium_default/h7-alogene-super-white-pro-effetto-xenon-hid-fuzion.jpg HTTP/1.0" 200 26045 "-" "Mozilla/5.0 (iPhone; CPU iPhone OS 14_5_1 like Mac OS X) AppleWebKit/605.1.15 (KHTML, like Gecko) Mobile/15E148"
87.11.157.203 - - [20/Jun/2021:12:39:43 +0200] "GET /1202-medium_default/kit-4-sensori-di-parcheggio-con-cicalino-pro-fuzion.jpg HTTP/1.0" 200 34393 "-" "Mozilla/5.0 (iPhone; CPU iPhone OS 14_5_1 like Mac OS X) AppleWebKit/605.1.15 (KHTML, like Gecko) Mobile/15E148"
87.11.157.203 - - [20/Jun/2021:12:39:43 +0200] "GET /3100-medium_default/pasta-lavamani-professionale-4000ml-4kg-made-in-italy-fuzion.jpg HTTP/1.0" 200 240221 "-" "Mozilla/5.0 (iPhone; CPU iPhone OS 14_5_1 like Mac OS X) AppleWebKit/605.1.15 (KHTML, like Gecko) Mobile/15E148"
87.11.157.203 - - [20/Jun/2021:12:39:43 +0200] "GET /2904-medium_default/kit-ricambio-lampade-xenon-d1s-hid-standard-fuzion.jpg HTTP/1.0" 200 225777 "-" "Mozilla/5.0 (iPhone; CPU iPhone OS 14_5_1 like Mac OS X) AppleWebKit/605.1.15 (KHTML, like Gecko) Mobile/15E148"
87.11.157.203 - - [20/Jun/2021:12:39:43 +0200] "GET /2910-medium_default/kit-ricambio-lampade-xenon-d1s-oem-24v-xenpro-fuzion-pro-quality.jpg HTTP/1.0" 200 228858 "-" "Mozilla/5.0 (iPhone; CPU iPhone OS 14_5_1 like Mac OS X) AppleWebKit/605.1.15 (KHTML, like Gecko) Mobile/15E148"
87.11.157.203 - - [20/Jun/2021:12:39:43 +0200] "GET /module/newsletterpro/api?action=openedEmail&token=3dca93dcf36c9b943a5306b6872ceb8c&email=moroni05@hotmail.it HTTP/1.0" 200 1610 "-" "Mozilla/5.0 (iPhone; CPU iPhone OS 14_5_1 like Mac OS X) AppleWebKit/605.1.15 (KHTML, like Gecko) Mobile/15E148"
66.249.89.200 - - [20/Jun/2021:12:41:48 +0200] "POST /module/newsletterpro/ajax HTTP/1.0" 200 519 "https://www.fuzion.it/ricambi-xenon-auto-professionali/386-kit-ricambio-lampade-xenon-d2s-oem-xenpro-fuzion-pro-quality.html" "AdsBot-Google (+http://www.google.com/adsbot.html)"
66.249.89.200 - - [20/Jun/2021:12:41:58 +0200] "POST /module/zonethememanager/categoryTree HTTP/1.0" 200 10897 "https://www.fuzion.it/ricambi-xenon-auto-professionali/386-kit-ricambio-lampade-xenon-d2s-oem-xenpro-fuzion-pro-quality.html" "AdsBot-Google (+http://www.google.com/adsbot.html)"
40.77.167.108 - - [20/Jun/2021:12:42:00 +0200] "GET /kit-pro-canbus-line-12v-35w/229-kit-xenon-h15-canbus-line-12v-35w-pro-quality-fuzion.html HTTP/1.0" 200 137031 "-" "Mozilla/5.0 (compatible; bingbot/2.0; +http://www.bing.com/bingbot.htm)"
54.36.148.183 - - [20/Jun/2021:12:42:12 +0200] "GET /kit-pro-canbus-line-12v-35w/227-853-kit-xenon-h13-canbus-line-12v-35w-pro-quality-fuzion.html HTTP/1.0" 200 142045 "-" "Mozilla/5.0 (compatible; AhrefsBot/7.0; +http://ahrefs.com/robot/)"
151.68.136.90 - - [20/Jun/2021:12:43:40 +0200] "GET /37-led-auto-moto-e-24v HTTP/1.0" 200 178839 "https://www.fuzion.it/kit-led-per-auto-professionali/531-hb5-9007-kit-bi-led-matrix-50w-canbus-pro-fuzion.html?gclid=CjwKCAjwzruGBhBAEiwAUqMR8DOiuc8f-F8RD8J_Ow-WBiqmMGlPIS8ZDsixLFqVxKyjVF3-1Hk39BoCWIIQAvD_BwE" "Mozilla/5.0 (Linux; Android 10; Redmi Note 7) AppleWebKit/537.36 (KHTML, like Gecko) Chrome/91.0.4472.101 Mobile Safari/537.36"
151.68.136.90 - - [20/Jun/2021:12:43:42 +0200] "GET /c/117-category_medium/lampade-angel-eyes-led-bmw.jpg HTTP/1.0" 404 46882 "https://www.fuzion.it/37-led-auto-moto-e-24v" "Mozilla/5.0 (Linux; Android 10; Redmi Note 7) AppleWebKit/537.36 (KHTML, like Gecko) Chrome/91.0.4472.101 Mobile Safari/537.36"
151.68.136.90 - - [20/Jun/2021:12:43:42 +0200] "POST /module/newsletterpro/ajax HTTP/1.0" 200 519 "https://www.fuzion.it/37-led-auto-moto-e-24v" "Mozilla/5.0 (Linux; Android 10; Redmi Note 7) AppleWebKit/537.36 (KHTML, like Gecko) Chrome/91.0.4472.101 Mobile Safari/537.36"
151.68.136.90 - - [20/Jun/2021:12:43:43 +0200] "POST /module/zonethememanager/getFinalDateMiniature HTTP/1.0" 200 3288 "https://www.fuzion.it/37-led-auto-moto-e-24v" "Mozilla/5.0 (Linux; Android 10; Redmi Note 7) AppleWebKit/537.36 (KHTML, like Gecko) Chrome/91.0.4472.101 Mobile Safari/537.36"
151.68.136.90 - - [20/Jun/2021:12:43:44 +0200] "POST /module/zonethememanager/categoryTree HTTP/1.0" 200 10897 "https://www.fuzion.it/37-led-auto-moto-e-24v" "Mozilla/5.0 (Linux; Android 10; Redmi Note 7) AppleWebKit/537.36 (KHTML, like Gecko) Chrome/91.0.4472.101 Mobile Safari/537.36"
176.201.232.14 - - [20/Jun/2021:12:45:16 +0200] "GET /?gclid=EAIaIQobChMI9-_Ag4Sm8QIVis13Ch3VTAjUEAAYASAAEgJtcfD_BwE HTTP/1.0" 200 292177 "https://www.google.it/" "Mozilla/5.0 (iPhone; CPU iPhone OS 13_7 like Mac OS X) AppleWebKit/605.1.15 (KHTML, like Gecko) Version/13.1.2 Mobile/15E148 Safari/604.1"
176.201.232.14 - - [20/Jun/2021:12:45:17 +0200] "GET /2877-home_default/kit-ricambio-lampade-xenon-d2s-oem-xenpro-fuzion-pro-quality.jpg HTTP/1.0" 200 84248 "https://www.fuzion.it/?gclid=EAIaIQobChMI9-_Ag4Sm8QIVis13Ch3VTAjUEAAYASAAEgJtcfD_BwE" "Mozilla/5.0 (iPhone; CPU iPhone OS 13_7 like Mac OS X) AppleWebKit/605.1.15 (KHTML, like Gecko) Version/13.1.2 Mobile/15E148 Safari/604.1"
176.201.232.14 - - [20/Jun/2021:12:45:17 +0200] "GET /2904-home_default/kit-ricambio-lampade-xenon-d1s-hid-standard-fuzion.jpg HTTP/1.0" 200 77056 "https://www.fuzion.it/?gclid=EAIaIQobChMI9-_Ag4Sm8QIVis13Ch3VTAjUEAAYASAAEgJtcfD_BwE" "Mozilla/5.0 (iPhone; CPU iPhone OS 13_7 like Mac OS X) AppleWebKit/605.1.15 (KHTML, like Gecko) Version/13.1.2 Mobile/15E148 Safari/604.1"
176.201.232.14 - - [20/Jun/2021:12:45:17 +0200] "GET /847-home_default/kit-ricambio-lampade-xenon-d5s-oem-xenpro-fuzion-pro-quality.jpg HTTP/1.0" 200 9013 "https://www.fuzion.it/?gclid=EAIaIQobChMI9-_Ag4Sm8QIVis13Ch3VTAjUEAAYASAAEgJtcfD_BwE" "Mozilla/5.0 (iPhone; CPU iPhone OS 13_7 like Mac OS X) AppleWebKit/605.1.15 (KHTML, like Gecko) Version/13.1.2 Mobile/15E148 Safari/604.1"
176.201.232.14 - - [20/Jun/2021:12:45:17 +0200] "GET /944-home_default/centralina-xenon-valeo-lad5g-12pin-alta-qualita-fuzion.jpg HTTP/1.0" 200 10495 "https://www.fuzion.it/?gclid=EAIaIQobChMI9-_Ag4Sm8QIVis13Ch3VTAjUEAAYASAAEgJtcfD_BwE" "Mozilla/5.0 (iPhone; CPU iPhone OS 13_7 like Mac OS X) AppleWebKit/605.1.15 (KHTML, like Gecko) Version/13.1.2 Mobile/15E148 Safari/604.1"
176.201.232.14 - - [20/Jun/2021:12:45:18 +0200] "POST /module/newsletterpro/ajax HTTP/1.0" 200 519 "https://www.fuzion.it/?gclid=EAIaIQobChMI9-_Ag4Sm8QIVis13Ch3VTAjUEAAYASAAEgJtcfD_BwE" "Mozilla/5.0 (iPhone; CPU iPhone OS 13_7 like Mac OS X) AppleWebKit/605.1.15 (KHTML, like Gecko) Version/13.1.2 Mobile/15E148 Safari/604.1"
176.201.232.14 - - [20/Jun/2021:12:45:18 +0200] "POST /module/zonethememanager/getFinalDateMiniature HTTP/1.0" 200 21433 "https://www.fuzion.it/?gclid=EAIaIQobChMI9-_Ag4Sm8QIVis13Ch3VTAjUEAAYASAAEgJtcfD_BwE" "Mozilla/5.0 (iPhone; CPU iPhone OS 13_7 like Mac OS X) AppleWebKit/605.1.15 (KHTML, like Gecko) Version/13.1.2 Mobile/15E148 Safari/604.1"
176.201.232.14 - - [20/Jun/2021:12:45:20 +0200] "POST /module/zonethememanager/categoryTree HTTP/1.0" 200 10897 "https://www.fuzion.it/?gclid=EAIaIQobChMI9-_Ag4Sm8QIVis13Ch3VTAjUEAAYASAAEgJtcfD_BwE" "Mozilla/5.0 (iPhone; CPU iPhone OS 13_7 like Mac OS X) AppleWebKit/605.1.15 (KHTML, like Gecko) Version/13.1.2 Mobile/15E148 Safari/604.1"
157.55.39.63 - - [20/Jun/2021:12:46:08 +0200] "GET /ricambi-xenon-auto-alta-qualita-/759-1725-kit-ricambio-lampade-xenon-d1s-hid-standard-fuzion.html HTTP/1.0" 200 141057 "-" "Mozilla/5.0 (compatible; bingbot/2.0; +http://www.bing.com/bingbot.htm)"
54.36.148.43 - - [20/Jun/2021:12:46:25 +0200] "GET /kit-xenon-digital-64bit-35w/31-kit-xenon-h7-r-digital-64bit-35w-alta-qualita-.html HTTP/1.0" 200 138284 "-" "Mozilla/5.0 (compatible; AhrefsBot/7.0; +http://ahrefs.com/robot/)"
54.36.148.103 - - [20/Jun/2021:12:47:27 +0200] "GET /lampadine-led-interneesterne/569-lampade-881-h27-75w-led-canbus-fuzion.html HTTP/1.0" 301 457 "-" "Mozilla/5.0 (compatible; AhrefsBot/7.0; +http://ahrefs.com/robot/)"
93.44.189.20 - - [20/Jun/2021:12:48:22 +0200] "GET /2232-medium_default/h7-kit-led-36w-canbus-alta-qualita-fuzion.jpg HTTP/1.0" 200 272197 "https://webmail.tim.it/" "Mozilla/5.0 (Windows NT 6.1; Win64; x64) AppleWebKit/537.36 (KHTML, like Gecko) Chrome/91.0.4472.106 Safari/537.36"
93.44.189.20 - - [20/Jun/2021:12:48:22 +0200] "GET /2326-medium_default/h7-kit-led-matrix-50w-canbus-pro-fuzion.jpg HTTP/1.0" 200 235011 "https://webmail.tim.it/" "Mozilla/5.0 (Windows NT 6.1; Win64; x64) AppleWebKit/537.36 (KHTML, like Gecko) Chrome/91.0.4472.106 Safari/537.36"
93.44.189.20 - - [20/Jun/2021:12:48:22 +0200] "GET /1079-medium_default/h7-alogene-super-white-pro-effetto-xenon-hid-fuzion.jpg HTTP/1.0" 200 26045 "https://webmail.tim.it/" "Mozilla/5.0 (Windows NT 6.1; Win64; x64) AppleWebKit/537.36 (KHTML, like Gecko) Chrome/91.0.4472.106 Safari/537.36"
93.44.189.20 - - [20/Jun/2021:12:48:22 +0200] "GET /3100-medium_default/pasta-lavamani-professionale-4000ml-4kg-made-in-italy-fuzion.jpg HTTP/1.0" 200 240221 "https://webmail.tim.it/" "Mozilla/5.0 (Windows NT 6.1; Win64; x64) AppleWebKit/537.36 (KHTML, like Gecko) Chrome/91.0.4472.106 Safari/537.36"
93.44.189.20 - - [20/Jun/2021:12:48:22 +0200] "GET /1202-medium_default/kit-4-sensori-di-parcheggio-con-cicalino-pro-fuzion.jpg HTTP/1.0" 200 34393 "https://webmail.tim.it/" "Mozilla/5.0 (Windows NT 6.1; Win64; x64) AppleWebKit/537.36 (KHTML, like Gecko) Chrome/91.0.4472.106 Safari/537.36"
93.44.189.20 - - [20/Jun/2021:12:48:22 +0200] "GET /2904-medium_default/kit-ricambio-lampade-xenon-d1s-hid-standard-fuzion.jpg HTTP/1.0" 200 225777 "https://webmail.tim.it/" "Mozilla/5.0 (Windows NT 6.1; Win64; x64) AppleWebKit/537.36 (KHTML, like Gecko) Chrome/91.0.4472.106 Safari/537.36"
93.44.189.20 - - [20/Jun/2021:12:48:22 +0200] "GET /2910-medium_default/kit-ricambio-lampade-xenon-d1s-oem-24v-xenpro-fuzion-pro-quality.jpg HTTP/1.0" 200 228858 "https://webmail.tim.it/" "Mozilla/5.0 (Windows NT 6.1; Win64; x64) AppleWebKit/537.36 (KHTML, like Gecko) Chrome/91.0.4472.106 Safari/537.36"
93.44.189.20 - - [20/Jun/2021:12:48:22 +0200] "GET /module/newsletterpro/api?action=openedEmail&token=3dca93dcf36c9b943a5306b6872ceb8c&email=roberto.bettin1@alice.it HTTP/1.0" 200 1610 "https://webmail.tim.it/" "Mozilla/5.0 (Windows NT 6.1; Win64; x64) AppleWebKit/537.36 (KHTML, like Gecko) Chrome/91.0.4472.106 Safari/537.36"
185.191.171.34 - - [20/Jun/2021:12:49:03 +0200] "GET /lampade-alogene-12volt/479-h4-alogene-super-white-pro-effetto-xenon-hid-fuzion.html HTTP/1.0" 200 172680 "-" "Mozilla/5.0 (compatible; SemrushBot/7~bl; +http://www.semrush.com/bot.html)"
185.191.171.10 - - [20/Jun/2021:12:50:36 +0200] "GET /filtri-canbus-no-error-led/645-modulo-h4-filtro-canbus-led-no-error-fuzion.html HTTP/1.0" 200 133147 "-" "Mozilla/5.0 (compatible; SemrushBot/7~bl; +http://www.semrush.com/bot.html)"
54.36.149.81 - - [20/Jun/2021:12:50:45 +0200] "GET /kit-pro-canbus-line-12v-35w/230-kit-xenon-h16-5202-canbus-line-12v-35w-pro-quality-fuzion.html HTTP/1.0" 200 142150 "-" "Mozilla/5.0 (compatible; AhrefsBot/7.0; +http://ahrefs.com/robot/)"
66.249.89.200 - - [20/Jun/2021:12:53:57 +0200] "GET /led-interni-esterni-1224v/543-lampade-t5-1-led-smd-fuzion.html?gclid=EAIaIQobChMIwPu5t4qs3AIVAQAAAB0BAAAAEAAYACAAEgJVzfD_BwE HTTP/1.0" 200 128434 "-" "AdsBot-Google (+http://www.google.com/adsbot.html)"
66.249.89.204 - - [20/Jun/2021:12:54:05 +0200] "GET /kit-xenon-slim-digital-64bit-55w/80-kit-xenon-h7-r-slim-digital-64bit-55w-alta-qualita-.html?gclid=EAIaIQobChMIwPu5t4qs3AIVAQAAAB0BAAAAEAAYACAAEgJVzfD_BwE HTTP/1.0" 200 133033 "-" "Mozilla/5.0 (iPhone; CPU iPhone OS 9_1 like Mac OS X) AppleWebKit/601.1.46 (KHTML, like Gecko) Version/9.0 Mobile/13B143 Safari/601.1 (compatible; AdsBot-Google-Mobile; +http://www.google.com/mobile/adsbot.html)"
54.36.148.107 - - [20/Jun/2021:12:55:11 +0200] "GET /78-kit-xenon-moto-alta-qualita- HTTP/1.0" 200 179101 "-" "Mozilla/5.0 (compatible; AhrefsBot/7.0; +http://ahrefs.com/robot/)"
66.249.89.200 - - [20/Jun/2021:12:55:13 +0200] "GET /ricambi-xenon-auto-professionali/391-kit-ricambio-lampade-xenon-d5s-amp-xenpro-fuzion-pro-quality.html?gclid=EAIaIQobChMIwPu5t4qs3AIVAQAAAB0BAAAAEAAYACAAEgJVzfD_BwE HTTP/1.0" 200 136250 "-" "AdsBot-Google (+http://www.google.com/adsbot.html)"
66.249.89.200 - - [20/Jun/2021:12:55:44 +0200] "GET /kit-led-per-auto-alta-qualita-/590-h11-kit-led-36w-canbus-alta-qualita-fuzion.html?gclid=EAIaIQobChMIwPu5t4qs3AIVAQAAAB0BAAAAEAAYACAAEgJVzfD_BwE HTTP/1.0" 200 170946 "-" "Mozilla/5.0 (iPhone; CPU iPhone OS 9_1 like Mac OS X) AppleWebKit/601.1.46 (KHTML, like Gecko) Version/9.0 Mobile/13B143 Safari/601.1 (compatible; AdsBot-Google-Mobile; +http://www.google.com/mobile/adsbot.html)"
66.249.89.202 - - [20/Jun/2021:12:56:16 +0200] "GET /ricambi-xenon-auto-alta-qualita-/349-kit-ricambio-lampade-xenon-h7-55w-alta-qualita-.html?gclid=EAIaIQobChMIwPu5t4qs3AIVAQAAAB0BAAAAEAAYACAAEgJVzfD_BwE HTTP/1.0" 200 130110 "-" "AdsBot-Google (+http://www.google.com/adsbot.html)"
66.249.89.202 - - [20/Jun/2021:12:56:17 +0200] "GET /led-interni-esterni-1224v/543-lampade-t5-1-led-smd-fuzion.html?gclid=EAIaIQobChMIwPu5t4qs3AIVAQAAAB0BAAAAEAAYACAAEgJVzfD_BwE HTTP/1.0" 200 125486 "-" "Mozilla/5.0 (iPhone; CPU iPhone OS 9_1 like Mac OS X) AppleWebKit/601.1.46 (KHTML, like Gecko) Version/9.0 Mobile/13B143 Safari/601.1 (compatible; AdsBot-Google-Mobile; +http://www.google.com/mobile/adsbot.html)"
66.249.89.200 - - [20/Jun/2021:12:56:41 +0200] "GET /ricambi-xenon-auto-alta-qualita-/331-kit-ricambio-lampade-xenon-h4-2-35w-alta-qualita-.html?gclid=EAIaIQobChMIwPu5t4qs3AIVAQAAAB0BAAAAEAAYACAAEgJVzfD_BwE HTTP/1.0" 200 127761 "-" "Mozilla/5.0 (iPhone; CPU iPhone OS 9_1 like Mac OS X) AppleWebKit/601.1.46 (KHTML, like Gecko) Version/9.0 Mobile/13B143 Safari/601.1 (compatible; AdsBot-Google-Mobile; +http://www.google.com/mobile/adsbot.html)"
66.249.89.200 - - [20/Jun/2021:12:56:42 +0200] "GET /kit-sensori-di-parcheggio/510-1661-kit-4-sensori-di-parcheggio-con-cicalino-pro-fuzion.html?gclid=EAIaIQobChMIwPu5t4qs3AIVAQAAAB0BAAAAEAAYACAAEgJVzfD_BwE HTTP/1.0" 200 173924 "-" "Mozilla/5.0 (iPhone; CPU iPhone OS 9_1 like Mac OS X) AppleWebKit/601.1.46 (KHTML, like Gecko) Version/9.0 Mobile/13B143 Safari/601.1 (compatible; AdsBot-Google-Mobile; +http://www.google.com/mobile/adsbot.html)"
66.249.89.200 - - [20/Jun/2021:12:56:47 +0200] "GET /led-interni-esterni-1224v/544-lampade-t5-3-led-canbus-fuzion.html?gclid=EAIaIQobChMIwPu5t4qs3AIVAQAAAB0BAAAAEAAYACAAEgJVzfD_BwE HTTP/1.0" 200 130379 "-" "Mozilla/5.0 (iPhone; CPU iPhone OS 9_1 like Mac OS X) AppleWebKit/601.1.46 (KHTML, like Gecko) Version/9.0 Mobile/13B143 Safari/601.1 (compatible; AdsBot-Google-Mobile; +http://www.google.com/mobile/adsbot.html)"
66.249.89.200 - - [20/Jun/2021:12:57:51 +0200] "GET /lampadine-led-interneesterne/545-lampade-t10-w5w-9-led-12-24v-canbus-fuzion.html?gclid=EAIaIQobChMIwPu5t4qs3AIVAQAAAB0BAAAAEAAYACAAEgJVzfD_BwE HTTP/1.0" 301 524 "-" "Mozilla/5.0 (iPhone; CPU iPhone OS 9_1 like Mac OS X) AppleWebKit/601.1.46 (KHTML, like Gecko) Version/9.0 Mobile/13B143 Safari/601.1 (compatible; AdsBot-Google-Mobile; +http://www.google.com/mobile/adsbot.html)"
66.249.89.200 - - [20/Jun/2021:12:57:51 +0200] "GET /led-interni-esterni-1224v/545-lampade-t10-w5w-9-led-12-24v-canbus-fuzion.html?gclid=EAIaIQobChMIwPu5t4qs3AIVAQAAAB0BAAAAEAAYACAAEgJVzfD_BwE HTTP/1.0" 200 132028 "-" "Mozilla/5.0 (iPhone; CPU iPhone OS 9_1 like Mac OS X) AppleWebKit/601.1.46 (KHTML, like Gecko) Version/9.0 Mobile/13B143 Safari/601.1 (compatible; AdsBot-Google-Mobile; +http://www.google.com/mobile/adsbot.html)"
66.249.89.204 - - [20/Jun/2021:12:58:11 +0200] "GET /kit-pro-can-superlight-55w/262-kit-xenon-hb3-9005-canbus-superlight-12v-55w-pro-quality-fuzion.html?gclid=EAIaIQobChMIwPu5t4qs3AIVAQAAAB0BAAAAEAAYACAAEgJVzfD_BwE HTTP/1.0" 200 134904 "-" "Mozilla/5.0 (iPhone; CPU iPhone OS 9_1 like Mac OS X) AppleWebKit/601.1.46 (KHTML, like Gecko) Version/9.0 Mobile/13B143 Safari/601.1 (compatible; AdsBot-Google-Mobile; +http://www.google.com/mobile/adsbot.html)"
151.66.134.118 - - [20/Jun/2021:12:58:45 +0200] "GET / HTTP/1.0" 503 9434 "-" "Mozilla/5.0 (iPhone; CPU iPhone OS 14_6 like Mac OS X) AppleWebKit/605.1.15 (KHTML, like Gecko) Version/14.1.1 Mobile/15E148 Safari/604.1"
66.249.89.200 - - [20/Jun/2021:12:58:46 +0200] "GET /lampade-alogene-12volt/483-h9-alogene-super-white-pro-effetto-xenon-hid-fuzion.html?gclid=EAIaIQobChMIwPu5t4qs3AIVAQAAAB0BAAAAEAAYACAAEgJVzfD_BwE HTTP/1.0" 200 146652 "-" "Mozilla/5.0 (iPhone; CPU iPhone OS 9_1 like Mac OS X) AppleWebKit/601.1.46 (KHTML, like Gecko) Version/9.0 Mobile/13B143 Safari/601.1 (compatible; AdsBot-Google-Mobile; +http://www.google.com/mobile/adsbot.html)"
66.249.89.200 - - [20/Jun/2021:12:58:47 +0200] "GET /kit-pro-standard-12v-35w/178-kit-xenon-d3s-standard-12v-35w-pro-quality-fuzion.html?gclid=EAIaIQobChMIwPu5t4qs3AIVAQAAAB0BAAAAEAAYACAAEgJVzfD_BwE HTTP/1.0" 200 134372 "-" "Mozilla/5.0 (iPhone; CPU iPhone OS 9_1 like Mac OS X) AppleWebKit/601.1.46 (KHTML, like Gecko) Version/9.0 Mobile/13B143 Safari/601.1 (compatible; AdsBot-Google-Mobile; +http://www.google.com/mobile/adsbot.html)"
66.249.89.204 - - [20/Jun/2021:12:59:14 +0200] "GET /120-kit-sensori-di-parcheggio?gclid=EAIaIQobChMIwPu5t4qs3AIVAQAAAB0BAAAAEAAYACAAEgJVzfD_BwE HTTP/1.0" 200 155019 "-" "Mozilla/5.0 (iPhone; CPU iPhone OS 9_1 like Mac OS X) AppleWebKit/601.1.46 (KHTML, like Gecko) Version/9.0 Mobile/13B143 Safari/601.1 (compatible; AdsBot-Google-Mobile; +http://www.google.com/mobile/adsbot.html)"
54.36.148.37 - - [20/Jun/2021:12:59:35 +0200] "GET /kit-pro-can-superlight-55w/271-1029-kit-xenon-d3s-canbus-superlight-12v-55w-pro-quality-fuzion.html HTTP/1.0" 200 145469 "-" "Mozilla/5.0 (compatible; AhrefsBot/7.0; +http://ahrefs.com/robot/)"
80.211.21.168 - - [20/Jun/2021:13:00:01 +0200] "GET /modules/fastbay1/ajax/downloadOrders.php?s=1&mp=101&token=fe5bbe495522e306e46ab3a58ca3e552 HTTP/1.0" 200 1185 "-" "curl/7.29.0"
80.211.21.168 - - [20/Jun/2021:13:00:01 +0200] "GET /mcadmin/index.php?controller=AdminSearch&action=searchCron&ajax=1&full=1&token=3ztiax6t&id_shop=1 HTTP/1.0" 200 1048 "-" "curl/7.29.0"
66.249.89.200 - - [20/Jun/2021:13:00:43 +0200] "GET /ricambi-xenon-veicoli-24volt-pro/394-kit-ricambio-lampade-xenon-h1-24v-xenpro-fuzion-pro-quality.html?gclid=EAIaIQobChMIwPu5t4qs3AIVAQAAAB0BAAAAEAAYACAAEgJVzfD_BwE HTTP/1.0" 200 129931 "-" "Mozilla/5.0 (iPhone; CPU iPhone OS 9_1 like Mac OS X) AppleWebKit/601.1.46 (KHTML, like Gecko) Version/9.0 Mobile/13B143 Safari/601.1 (compatible; AdsBot-Google-Mobile; +http://www.google.com/mobile/adsbot.html)"
66.249.89.200 - - [20/Jun/2021:13:00:46 +0200] "GET /ricambi-xenon-auto-professionali/386-kit-ricambio-lampade-xenon-d2s-oem-xenpro-fuzion-pro-quality.html?gclid=EAIaIQobChMIwPu5t4qs3AIVAQAAAB0BAAAAEAAYACAAEgJVzfD_BwE HTTP/1.0" 200 162086 "-" "Mozilla/5.0 (iPhone; CPU iPhone OS 9_1 like Mac OS X) AppleWebKit/601.1.46 (KHTML, like Gecko) Version/9.0 Mobile/13B143 Safari/601.1 (compatible; AdsBot-Google-Mobile; +http://www.google.com/mobile/adsbot.html)"
66.249.89.200 - - [20/Jun/2021:13:00:53 +0200] "GET /kit-pro-standard-12v-35w/164-kit-xenon-h7-c-standard-12v-35w-pro-quality-fuzion.html?gclid=EAIaIQobChMIwPu5t4qs3AIVAQAAAB0BAAAAEAAYACAAEgJVzfD_BwE HTTP/1.0" 200 132674 "-" "Mozilla/5.0 (iPhone; CPU iPhone OS 9_1 like Mac OS X) AppleWebKit/601.1.46 (KHTML, like Gecko) Version/9.0 Mobile/13B143 Safari/601.1 (compatible; AdsBot-Google-Mobile; +http://www.google.com/mobile/adsbot.html)"
66.249.76.4 - - [20/Jun/2021:13:01:04 +0200] "GET /led-interni-esterni-1224v/710-lampade-t10-w5w-16-led-new-canbus-pro-power-fuzion.html HTTP/1.0" 200 136032 "-" "Mozilla/5.0 (Linux; Android 6.0.1; Nexus 5X Build/MMB29P) AppleWebKit/537.36 (KHTML, like Gecko) Chrome/91.0.4472.90 Mobile Safari/537.36 (compatible; Googlebot/2.1; +http://www.google.com/bot.html)"
66.249.89.200 - - [20/Jun/2021:13:01:32 +0200] "GET /114-led-interni-esterni-1224v?gclid=EAIaIQobChMIwPu5t4qs3AIVAQAAAB0BAAAAEAAYACAAEgJVzfD_BwE HTTP/1.0" 200 182331 "-" "AdsBot-Google (+http://www.google.com/adsbot.html)"
66.249.89.200 - - [20/Jun/2021:13:01:58 +0200] "GET /kit-xenon-moto-slim-digital-64bit-35w/276-kit-xenon-moto-h4-2-slim-digital-64bit-35w-alta-qualita-.html?gclid=EAIaIQobChMIwPu5t4qs3AIVAQAAAB0BAAAAEAAYACAAEgJVzfD_BwE HTTP/1.0" 200 133292 "-" "Mozilla/5.0 (iPhone; CPU iPhone OS 9_1 like Mac OS X) AppleWebKit/601.1.46 (KHTML, like Gecko) Version/9.0 Mobile/13B143 Safari/601.1 (compatible; AdsBot-Google-Mobile; +http://www.google.com/mobile/adsbot.html)"
66.249.89.200 - - [20/Jun/2021:13:02:43 +0200] "POST /module/newsletterpro/ajax HTTP/1.0" 200 519 "https://www.fuzion.it/led-interni-esterni-1224v/543-lampade-t5-1-led-smd-fuzion.html?gclid=EAIaIQobChMIwPu5t4qs3AIVAQAAAB0BAAAAEAAYACAAEgJVzfD_BwE" "Mozilla/5.0 (iPhone; CPU iPhone OS 9_1 like Mac OS X) AppleWebKit/601.1.46 (KHTML, like Gecko) Version/9.0 Mobile/13B143 Safari/601.1 (compatible; AdsBot-Google-Mobile; +http://www.google.com/mobile/adsbot.html)"
66.249.89.200 - - [20/Jun/2021:13:02:43 +0200] "POST /module/zonethememanager/getFinalDate HTTP/1.0" 200 775 "https://www.fuzion.it/led-interni-esterni-1224v/543-lampade-t5-1-led-smd-fuzion.html?gclid=EAIaIQobChMIwPu5t4qs3AIVAQAAAB0BAAAAEAAYACAAEgJVzfD_BwE" "Mozilla/5.0 (iPhone; CPU iPhone OS 9_1 like Mac OS X) AppleWebKit/601.1.46 (KHTML, like Gecko) Version/9.0 Mobile/13B143 Safari/601.1 (compatible; AdsBot-Google-Mobile; +http://www.google.com/mobile/adsbot.html)"
66.249.89.200 - - [20/Jun/2021:13:02:45 +0200] "POST /module/zonethememanager/categoryTree HTTP/1.0" 200 10897 "https://www.fuzion.it/led-interni-esterni-1224v/543-lampade-t5-1-led-smd-fuzion.html?gclid=EAIaIQobChMIwPu5t4qs3AIVAQAAAB0BAAAAEAAYACAAEgJVzfD_BwE" "Mozilla/5.0 (iPhone; CPU iPhone OS 9_1 like Mac OS X) AppleWebKit/601.1.46 (KHTML, like Gecko) Version/9.0 Mobile/13B143 Safari/601.1 (compatible; AdsBot-Google-Mobile; +http://www.google.com/mobile/adsbot.html)"
66.249.89.200 - - [20/Jun/2021:13:02:46 +0200] "GET /ricambi-xenon-auto-alta-qualita-/349-kit-ricambio-lampade-xenon-h7-55w-alta-qualita-.html?gclid=EAIaIQobChMIwPu5t4qs3AIVAQAAAB0BAAAAEAAYACAAEgJVzfD_BwE HTTP/1.0" 200 127303 "-" "Mozilla/5.0 (iPhone; CPU iPhone OS 9_1 like Mac OS X) AppleWebKit/601.1.46 (KHTML, like Gecko) Version/9.0 Mobile/13B143 Safari/601.1 (compatible; AdsBot-Google-Mobile; +http://www.google.com/mobile/adsbot.html)"
66.249.89.200 - - [20/Jun/2021:13:02:47 +0200] "GET /lampade-angel-eyes-led-bmw/622-serie-3-e90-e91-20w-lampade-led-bmw-angel-eyes-fuzion.html?gclid=EAIaIQobChMIwPu5t4qs3AIVAQAAAB0BAAAAEAAYACAAEgJVzfD_BwE HTTP/1.0" 200 160320 "-" "AdsBot-Google (+http://www.google.com/adsbot.html)"
40.77.167.30 - - [20/Jun/2021:13:02:56 +0200] "GET /ricambi-xenon-auto-professionali/384-kit-ricambio-lampade-xenon-881-xenpro-fuzion-pro-quality.html HTTP/1.0" 200 132466 "-" "Mozilla/5.0 (compatible; bingbot/2.0; +http://www.bing.com/bingbot.htm)"
66.249.89.204 - - [20/Jun/2021:13:03:21 +0200] "GET /kit-sensori-di-parcheggio/510-1661-kit-4-sensori-di-parcheggio-con-cicalino-pro-fuzion.html?gclid=EAIaIQobChMIwPu5t4qs3AIVAQAAAB0BAAAAEAAYACAAEgJVzfD_BwE HTTP/1.0" 200 179156 "-" "AdsBot-Google (+http://www.google.com/adsbot.html)"
66.249.89.202 - - [20/Jun/2021:13:03:23 +0200] "POST /module/zonethememanager/getFinalDate HTTP/1.0" 200 775 "https://www.fuzion.it/kit-led-per-auto-alta-qualita-/590-h11-kit-led-36w-canbus-alta-qualita-fuzion.html?gclid=EAIaIQobChMIwPu5t4qs3AIVAQAAAB0BAAAAEAAYACAAEgJVzfD_BwE" "Mozilla/5.0 (iPhone; CPU iPhone OS 9_1 like Mac OS X) AppleWebKit/601.1.46 (KHTML, like Gecko) Version/9.0 Mobile/13B143 Safari/601.1 (compatible; AdsBot-Google-Mobile; +http://www.google.com/mobile/adsbot.html)"
66.249.89.202 - - [20/Jun/2021:13:03:30 +0200] "POST /module/zonethememanager/getFinalDate HTTP/1.0" 200 775 "https://www.fuzion.it/led-interni-esterni-1224v/544-lampade-t5-3-led-canbus-fuzion.html?gclid=EAIaIQobChMIwPu5t4qs3AIVAQAAAB0BAAAAEAAYACAAEgJVzfD_BwE" "Mozilla/5.0 (iPhone; CPU iPhone OS 9_1 like Mac OS X) AppleWebKit/601.1.46 (KHTML, like Gecko) Version/9.0 Mobile/13B143 Safari/601.1 (compatible; AdsBot-Google-Mobile; +http://www.google.com/mobile/adsbot.html)"
66.249.89.200 - - [20/Jun/2021:13:03:43 +0200] "GET /kit-led-per-auto-alta-qualita-/595-hb4-9006-kit-led-36w-canbus-alta-qualita-fuzion.html?gclid=EAIaIQobChMIwPu5t4qs3AIVAQAAAB0BAAAAEAAYACAAEgJVzfD_BwE HTTP/1.0" 200 152765 "-" "Mozilla/5.0 (iPhone; CPU iPhone OS 9_1 like Mac OS X) AppleWebKit/601.1.46 (KHTML, like Gecko) Version/9.0 Mobile/13B143 Safari/601.1 (compatible; AdsBot-Google-Mobile; +http://www.google.com/mobile/adsbot.html)"
66.249.89.200 - - [20/Jun/2021:13:03:44 +0200] "GET /ricambi-xenon-auto-alta-qualita-/345-kit-ricambio-lampade-xenon-h1-55w-alta-qualita-.html?gclid=EAIaIQobChMIwPu5t4qs3AIVAQAAAB0BAAAAEAAYACAAEgJVzfD_BwE HTTP/1.0" 200 127083 "-" "Mozilla/5.0 (iPhone; CPU iPhone OS 9_1 like Mac OS X) AppleWebKit/601.1.46 (KHTML, like Gecko) Version/9.0 Mobile/13B143 Safari/601.1 (compatible; AdsBot-Google-Mobile; +http://www.google.com/mobile/adsbot.html)"
54.36.148.14 - - [20/Jun/2021:13:04:06 +0200] "GET /kit-xenon-digital-64bit-35w/36-kit-xenon-h11-digital-64bit-35w-alta-qualita-.html HTTP/1.0" 200 138054 "-" "Mozilla/5.0 (compatible; AhrefsBot/7.0; +http://ahrefs.com/robot/)"
66.249.89.200 - - [20/Jun/2021:13:04:43 +0200] "GET /ricambi-xenon-auto-professionali/385-kit-ricambio-lampade-xenon-d1s-oem-xenpro-fuzion-pro-quality.html?gclid=EAIaIQobChMIwPu5t4qs3AIVAQAAAB0BAAAAEAAYACAAEgJVzfD_BwE HTTP/1.0" 200 166295 "-" "AdsBot-Google (+http://www.google.com/adsbot.html)"
66.249.89.200 - - [20/Jun/2021:13:04:47 +0200] "GET /kit-xenon-slim-digital-64bit-55w/76-kit-xenon-h1-slim-digital-64bit-55w-alta-qualita-.html?gclid=EAIaIQobChMIwPu5t4qs3AIVAQAAAB0BAAAAEAAYACAAEgJVzfD_BwE HTTP/1.0" 200 137176 "-" "Mozilla/5.0 (iPhone; CPU iPhone OS 9_1 like Mac OS X) AppleWebKit/601.1.46 (KHTML, like Gecko) Version/9.0 Mobile/13B143 Safari/601.1 (compatible; AdsBot-Google-Mobile; +http://www.google.com/mobile/adsbot.html)"
66.249.89.200 - - [20/Jun/2021:13:05:33 +0200] "POST /module/zonethememanager/getFinalDateMiniature HTTP/1.0" 200 6144 "https://www.fuzion.it/114-led-interni-esterni-1224v?gclid=EAIaIQobChMIwPu5t4qs3AIVAQAAAB0BAAAAEAAYACAAEgJVzfD_BwE" "AdsBot-Google (+http://www.google.com/adsbot.html)"
40.77.167.30 - - [20/Jun/2021:13:06:06 +0200] "GET /30-lampade-alogene-12volt?page=3 HTTP/1.0" 200 169971 "-" "Mozilla/5.0 (compatible; bingbot/2.0; +http://www.bing.com/bingbot.htm)"
207.46.13.52 - - [20/Jun/2021:13:06:24 +0200] "GET /1023-large_default/centralina-xenon-osram-xenaelectron-10r-020025-831-10009-044-originale.jpg HTTP/1.0" 200 80960 "-" "Mozilla/5.0 (compatible; bingbot/2.0; +http://www.bing.com/bingbot.htm)"
173.252.107.4 - - [20/Jun/2021:13:06:36 +0200] "GET /facebookproductad.xml.php?id_shop=1&id_lang=2&country=IT&currency_iso=EUR&token=4adc503825c1701d7c6a53b252364f85 HTTP/1.0" 200 2525123 "-" "facebookexternalhit/1.1 (+http://www.facebook.com/externalhit_uatext.php)"
157.55.39.88 - - [20/Jun/2021:13:06:59 +0200] "GET /2-categorie HTTP/1.0" 200 182170 "-" "Mozilla/5.0 (compatible; bingbot/2.0; +http://www.bing.com/bingbot.htm)"
157.55.39.88 - - [20/Jun/2021:13:07:00 +0200] "GET /2-categorie HTTP/1.0" 200 182170 "-" "Mozilla/5.0 (compatible; bingbot/2.0; +http://www.bing.com/bingbot.htm)"
157.55.39.88 - - [20/Jun/2021:13:07:01 +0200] "GET /2-categorie HTTP/1.0" 200 182170 "-" "Mozilla/5.0 (compatible; bingbot/2.0; +http://www.bing.com/bingbot.htm)"
157.55.39.88 - - [20/Jun/2021:13:07:01 +0200] "GET /2-categorie HTTP/1.0" 200 182162 "-" "Mozilla/5.0 (compatible; bingbot/2.0; +http://www.bing.com/bingbot.htm)"
207.46.13.52 - - [20/Jun/2021:13:07:04 +0200] "GET /2-categorie?page=4 HTTP/1.0" 200 183528 "-" "Mozilla/5.0 (compatible; bingbot/2.0; +http://www.bing.com/bingbot.htm)"
40.77.167.30 - - [20/Jun/2021:13:07:08 +0200] "GET /kit-sensori-di-parcheggio/510-kit-4-sensori-di-parcheggio-con-cicalino-pro-fuzion.html HTTP/1.0" 200 178936 "-" "Mozilla/5.0 (compatible; bingbot/2.0; +http://www.bing.com/bingbot.htm)"
66.249.89.200 - - [20/Jun/2021:13:07:09 +0200] "GET /kit-led-per-veicoli-24volt/518-h4-kit-bi-led-matrix-50w-canbus-pro-fuzion.html?gclid=EAIaIQobChMIwPu5t4qs3AIVAQAAAB0BAAAAEAAYACAAEgJVzfD_BwE HTTP/1.0" 200 174955 "-" "Mozilla/5.0 (iPhone; CPU iPhone OS 9_1 like Mac OS X) AppleWebKit/601.1.46 (KHTML, like Gecko) Version/9.0 Mobile/13B143 Safari/601.1 (compatible; AdsBot-Google-Mobile; +http://www.google.com/mobile/adsbot.html)"
157.55.39.75 - - [20/Jun/2021:13:07:09 +0200] "GET /kit-led-moto-professionali/611-h7-kit-led-matrix-moto-50w-canbus-pro-fuzion.html HTTP/1.0" 200 163392 "-" "Mozilla/5.0 (compatible; bingbot/2.0; +http://www.bing.com/bingbot.htm)"
157.55.39.32 - - [20/Jun/2021:13:07:09 +0200] "GET /centraline-xenon-oem-originali/452-centralina-xenon-mitsubishi-w003t22071-alta-qualita-fuzion.html HTTP/1.0" 200 133786 "-" "Mozilla/5.0 (compatible; bingbot/2.0; +http://www.bing.com/bingbot.htm)"
66.249.76.4 - - [20/Jun/2021:13:08:04 +0200] "GET /62-kit-pro-can-superlight-55w HTTP/1.0" 200 178822 "-" "Mozilla/5.0 (compatible; Googlebot/2.1; +http://www.google.com/bot.html)"
66.249.89.202 - - [20/Jun/2021:13:08:07 +0200] "POST /module/zonethememanager/getFinalDate HTTP/1.0" 200 775 "https://www.fuzion.it/kit-led-per-auto-alta-qualita-/595-hb4-9006-kit-led-36w-canbus-alta-qualita-fuzion.html?gclid=EAIaIQobChMIwPu5t4qs3AIVAQAAAB0BAAAAEAAYACAAEgJVzfD_BwE" "Mozilla/5.0 (iPhone; CPU iPhone OS 9_1 like Mac OS X) AppleWebKit/601.1.46 (KHTML, like Gecko) Version/9.0 Mobile/13B143 Safari/601.1 (compatible; AdsBot-Google-Mobile; +http://www.google.com/mobile/adsbot.html)"
54.36.148.45 - - [20/Jun/2021:13:08:54 +0200] "GET /151-kit-led-per-veicoli-24volt HTTP/1.0" 200 176434 "-" "Mozilla/5.0 (compatible; AhrefsBot/7.0; +http://ahrefs.com/robot/)"
23.100.232.233 - - [20/Jun/2021:13:09:34 +0200] "GET /centraline-xenon-oem-originali/463-centralina-xenon-al-bosch-130732931201-alta-qualita-fuzion.html HTTP/1.0" 200 135627 "-" "Mozilla/5.0 (compatible; MSIE 9.0; Windows NT 6.0; Trident/5.0;  Trident/5.0)"
23.100.232.233 - - [20/Jun/2021:13:09:38 +0200] "GET /1002-medium_default/centralina-xenon-al-bosch-130732931201-alta-qualita-fuzion.jpg HTTP/1.0" 200 24687 "https://www.fuzion.it/centraline-xenon-oem-originali/463-centralina-xenon-al-bosch-130732931201-alta-qualita-fuzion.html" "Mozilla/5.0 (compatible; MSIE 9.0; Windows NT 6.0; Trident/5.0;  Trident/5.0)"
23.100.232.233 - - [20/Jun/2021:13:09:38 +0200] "GET /1003-small_default/centralina-xenon-al-bosch-130732931201-alta-qualita-fuzion.jpg HTTP/1.0" 200 3494 "https://www.fuzion.it/centraline-xenon-oem-originali/463-centralina-xenon-al-bosch-130732931201-alta-qualita-fuzion.html" "Mozilla/5.0 (compatible; MSIE 9.0; Windows NT 6.0; Trident/5.0;  Trident/5.0)"
23.100.232.233 - - [20/Jun/2021:13:09:38 +0200] "GET /1002-small_default/centralina-xenon-al-bosch-130732931201-alta-qualita-fuzion.jpg HTTP/1.0" 200 3067 "https://www.fuzion.it/centraline-xenon-oem-originali/463-centralina-xenon-al-bosch-130732931201-alta-qualita-fuzion.html" "Mozilla/5.0 (compatible; MSIE 9.0; Windows NT 6.0; Trident/5.0;  Trident/5.0)"
23.100.232.233 - - [20/Jun/2021:13:09:38 +0200] "GET /1002-home_default/centralina-xenon-al-bosch-130732931201-alta-qualita-fuzion.jpg HTTP/1.0" 200 10337 "https://www.fuzion.it/centraline-xenon-oem-originali/463-centralina-xenon-al-bosch-130732931201-alta-qualita-fuzion.html" "Mozilla/5.0 (compatible; MSIE 9.0; Windows NT 6.0; Trident/5.0;  Trident/5.0)"
66.249.76.4 - - [20/Jun/2021:13:10:12 +0200] "GET /led-interni-esterni-1224v/560-1700-lampade-p21w-ba15s-1156-18-led-canbus-fuzion.html HTTP/1.0" 200 139889 "-" "Mozilla/5.0 (compatible; Googlebot/2.1; +http://www.google.com/bot.html)"
66.249.89.200 - - [20/Jun/2021:13:10:43 +0200] "GET /kit-led-moto-professionali/610-h4-kit-bi-led-matrix-moto-50w-canbus-pro-fuzion.html HTTP/1.0" 200 174888 "-" "AdsBot-Google (+http://www.google.com/adsbot.html)"
66.249.76.4 - - [20/Jun/2021:13:12:55 +0200] "GET /centraline-xenon-oem-originali/475-cavo-alimentazione-ricambio-per-centralina-xenon-valeo-6g-7g.html HTTP/1.0" 200 132571 "-" "Mozilla/5.0 (compatible; Googlebot/2.1; +http://www.google.com/bot.html)"
66.249.89.204 - - [20/Jun/2021:13:13:13 +0200] "GET /kit-led-per-auto-alta-qualita-/591-h13-kit-bi-led-36w-canbus-alta-qualita-fuzion.html HTTP/1.0" 200 155739 "-" "AdsBot-Google (+http://www.google.com/adsbot.html)"
54.36.149.100 - - [20/Jun/2021:13:13:33 +0200] "GET /lampade-alogene-12volt/499-t20-7440-alogene-super-white-pro-effetto-xenon-hid-fuzion.html HTTP/1.0" 200 149111 "-" "Mozilla/5.0 (compatible; AhrefsBot/7.0; +http://ahrefs.com/robot/)"
40.77.167.30 - - [20/Jun/2021:13:14:18 +0200] "GET /kit-sensori-di-parcheggio/510-kit-4-sensori-di-parcheggio-con-cicalino-pro-fuzion.html HTTP/1.0" 200 178936 "-" "Mozilla/5.0 (compatible; bingbot/2.0; +http://www.bing.com/bingbot.htm)"
66.249.89.202 - - [20/Jun/2021:13:14:23 +0200] "GET /led-interni-esterni-1224v/543-lampade-t5-1-led-smd-fuzion.html HTTP/1.0" 200 128219 "-" "AdsBot-Google (+http://www.google.com/adsbot.html)"
66.249.89.202 - - [20/Jun/2021:13:14:32 +0200] "GET /ricambi-xenon-auto-alta-qualita-/331-kit-ricambio-lampade-xenon-h4-2-35w-alta-qualita-.html HTTP/1.0" 200 130363 "-" "AdsBot-Google (+http://www.google.com/adsbot.html)"
66.249.89.202 - - [20/Jun/2021:13:15:14 +0200] "GET /kit-pro-can-superlight-55w/253-kit-xenon-h9-canbus-superlight-12v-55w-pro-quality-fuzion.html HTTP/1.0" 200 134560 "-" "Mozilla/5.0 (iPhone; CPU iPhone OS 9_1 like Mac OS X) AppleWebKit/601.1.46 (KHTML, like Gecko) Version/9.0 Mobile/13B143 Safari/601.1 (compatible; AdsBot-Google-Mobile; +http://www.google.com/mobile/adsbot.html)"
66.249.89.200 - - [20/Jun/2021:13:17:35 +0200] "GET /114-lampadine-led-interneesterne?gclid=EAIaIQobChMIwPu5t4qs3AIVAQAAAB0BAAAAEAAYACAAEgJVzfD_BwE HTTP/1.0" 301 476 "-" "Mozilla/5.0 (iPhone; CPU iPhone OS 9_1 like Mac OS X) AppleWebKit/601.1.46 (KHTML, like Gecko) Version/9.0 Mobile/13B143 Safari/601.1 (compatible; AdsBot-Google-Mobile; +http://www.google.com/mobile/adsbot.html)"
66.249.89.202 - - [20/Jun/2021:13:17:35 +0200] "GET /114-led-interni-esterni-1224v?gclid=EAIaIQobChMIwPu5t4qs3AIVAQAAAB0BAAAAEAAYACAAEgJVzfD_BwE HTTP/1.0" 200 176578 "-" "Mozilla/5.0 (iPhone; CPU iPhone OS 9_1 like Mac OS X) AppleWebKit/601.1.46 (KHTML, like Gecko) Version/9.0 Mobile/13B143 Safari/601.1 (compatible; AdsBot-Google-Mobile; +http://www.google.com/mobile/adsbot.html)"
66.249.89.200 - - [20/Jun/2021:13:17:51 +0200] "POST /module/zonemegamenu/menuDropdownContent HTTP/1.0" 200 479 "https://www.fuzion.it/ricambi-xenon-auto-alta-qualita-/331-kit-ricambio-lampade-xenon-h4-2-35w-alta-qualita-.html" "AdsBot-Google (+http://www.google.com/adsbot.html)"
66.249.89.204 - - [20/Jun/2021:13:18:10 +0200] "POST /module/zonethememanager/categoryTree HTTP/1.0" 200 10897 "https://www.fuzion.it/114-led-interni-esterni-1224v?gclid=EAIaIQobChMIwPu5t4qs3AIVAQAAAB0BAAAAEAAYACAAEgJVzfD_BwE" "Mozilla/5.0 (iPhone; CPU iPhone OS 9_1 like Mac OS X) AppleWebKit/601.1.46 (KHTML, like Gecko) Version/9.0 Mobile/13B143 Safari/601.1 (compatible; AdsBot-Google-Mobile; +http://www.google.com/mobile/adsbot.html)"
54.36.148.147 - - [20/Jun/2021:13:18:22 +0200] "GET /led-interni-esterni-1224v/562-lampade-p215w-1157-18-led-canbus-fuzion.html HTTP/1.0" 200 139878 "-" "Mozilla/5.0 (compatible; AhrefsBot/7.0; +http://ahrefs.com/robot/)"
157.55.39.75 - - [20/Jun/2021:13:20:00 +0200] "GET /864-small_default/kit-ricambio-lampade-xenon-h7-r-24v-xenpro-fuzion-pro-quality.jpg HTTP/1.0" 200 2763 "-" "Mozilla/5.0 (compatible; bingbot/2.0; +http://www.bing.com/bingbot.htm)"
151.68.136.90 - - [20/Jun/2021:13:20:49 +0200] "GET /37-led-auto-moto-e-24v HTTP/1.0" 200 178904 "https://www.fuzion.it/kit-led-per-auto-professionali/531-hb5-9007-kit-bi-led-matrix-50w-canbus-pro-fuzion.html?gclid=CjwKCAjwzruGBhBAEiwAUqMR8DOiuc8f-F8RD8J_Ow-WBiqmMGlPIS8ZDsixLFqVxKyjVF3-1Hk39BoCWIIQAvD_BwE" "Mozilla/5.0 (Linux; Android 10; Redmi Note 7) AppleWebKit/537.36 (KHTML, like Gecko) Chrome/91.0.4472.101 Mobile Safari/537.36"
151.68.136.90 - - [20/Jun/2021:13:20:50 +0200] "GET /c/117-category_medium/lampade-angel-eyes-led-bmw.jpg HTTP/1.0" 404 46882 "https://www.fuzion.it/37-led-auto-moto-e-24v" "Mozilla/5.0 (Linux; Android 10; Redmi Note 7) AppleWebKit/537.36 (KHTML, like Gecko) Chrome/91.0.4472.101 Mobile Safari/537.36"
151.68.136.90 - - [20/Jun/2021:13:20:51 +0200] "POST /module/newsletterpro/ajax HTTP/1.0" 200 519 "https://www.fuzion.it/37-led-auto-moto-e-24v" "Mozilla/5.0 (Linux; Android 10; Redmi Note 7) AppleWebKit/537.36 (KHTML, like Gecko) Chrome/91.0.4472.101 Mobile Safari/537.36"
151.68.136.90 - - [20/Jun/2021:13:20:52 +0200] "POST /module/zonethememanager/getFinalDateMiniature HTTP/1.0" 200 3288 "https://www.fuzion.it/37-led-auto-moto-e-24v" "Mozilla/5.0 (Linux; Android 10; Redmi Note 7) AppleWebKit/537.36 (KHTML, like Gecko) Chrome/91.0.4472.101 Mobile Safari/537.36"
151.68.136.90 - - [20/Jun/2021:13:20:53 +0200] "POST /module/zonethememanager/categoryTree HTTP/1.0" 200 10897 "https://www.fuzion.it/37-led-auto-moto-e-24v" "Mozilla/5.0 (Linux; Android 10; Redmi Note 7) AppleWebKit/537.36 (KHTML, like Gecko) Chrome/91.0.4472.101 Mobile Safari/537.36"
66.249.64.200 - - [20/Jun/2021:13:21:31 +0200] "GET /1250-home_default/kit-4-sensori-di-parcheggio-con-display-lcd-a-colori-pro-fuzion.jpg HTTP/1.0" 200 14925 "-" "Googlebot-Image/1.0"
151.68.136.90 - - [20/Jun/2021:13:22:25 +0200] "GET /37-led-auto-moto-e-24v HTTP/1.0" 200 178846 "https://www.fuzion.it/kit-led-per-auto-professionali/531-hb5-9007-kit-bi-led-matrix-50w-canbus-pro-fuzion.html?gclid=CjwKCAjwzruGBhBAEiwAUqMR8DOiuc8f-F8RD8J_Ow-WBiqmMGlPIS8ZDsixLFqVxKyjVF3-1Hk39BoCWIIQAvD_BwE" "Mozilla/5.0 (Linux; Android 10; Redmi Note 7) AppleWebKit/537.36 (KHTML, like Gecko) Chrome/91.0.4472.101 Mobile Safari/537.36"
151.68.136.90 - - [20/Jun/2021:13:22:26 +0200] "GET /c/117-category_medium/lampade-angel-eyes-led-bmw.jpg HTTP/1.0" 404 46882 "https://www.fuzion.it/37-led-auto-moto-e-24v" "Mozilla/5.0 (Linux; Android 10; Redmi Note 7) AppleWebKit/537.36 (KHTML, like Gecko) Chrome/91.0.4472.101 Mobile Safari/537.36"
151.68.136.90 - - [20/Jun/2021:13:22:27 +0200] "POST /module/newsletterpro/ajax HTTP/1.0" 200 519 "https://www.fuzion.it/37-led-auto-moto-e-24v" "Mozilla/5.0 (Linux; Android 10; Redmi Note 7) AppleWebKit/537.36 (KHTML, like Gecko) Chrome/91.0.4472.101 Mobile Safari/537.36"
151.68.136.90 - - [20/Jun/2021:13:22:27 +0200] "POST /module/zonethememanager/getFinalDateMiniature HTTP/1.0" 200 3288 "https://www.fuzion.it/37-led-auto-moto-e-24v" "Mozilla/5.0 (Linux; Android 10; Redmi Note 7) AppleWebKit/537.36 (KHTML, like Gecko) Chrome/91.0.4472.101 Mobile Safari/537.36"
151.68.136.90 - - [20/Jun/2021:13:22:29 +0200] "POST /module/zonethememanager/categoryTree HTTP/1.0" 200 10897 "https://www.fuzion.it/37-led-auto-moto-e-24v" "Mozilla/5.0 (Linux; Android 10; Redmi Note 7) AppleWebKit/537.36 (KHTML, like Gecko) Chrome/91.0.4472.101 Mobile Safari/537.36"
66.249.89.202 - - [20/Jun/2021:13:22:47 +0200] "GET /adattatori-portalampade-led/629-adattatori-portalampade-led-vw-golf-5-jetta.html HTTP/1.0" 200 128611 "-" "AdsBot-Google (+http://www.google.com/adsbot.html)"
54.36.148.37 - - [20/Jun/2021:13:23:06 +0200] "GET /kit-pro-can-superlight-55w/270-1025-kit-xenon-d2s-canbus-superlight-12v-55w-pro-quality-fuzion.html HTTP/1.0" 200 142255 "-" "Mozilla/5.0 (compatible; AhrefsBot/7.0; +http://ahrefs.com/robot/)"
87.19.210.188 - - [20/Jun/2021:13:23:51 +0200] "GET /account HTTP/1.0" 302 939 "-" "Mozilla/5.0 (Linux; Android 10; SAMSUNG SM-A750FN) AppleWebKit/537.36 (KHTML, like Gecko) SamsungBrowser/14.0 Chrome/87.0.4280.141 Mobile Safari/537.36"
87.19.210.188 - - [20/Jun/2021:13:23:51 +0200] "GET /login?back=my-account HTTP/1.0" 200 50753 "-" "Mozilla/5.0 (Linux; Android 10; SAMSUNG SM-A750FN) AppleWebKit/537.36 (KHTML, like Gecko) SamsungBrowser/14.0 Chrome/87.0.4280.141 Mobile Safari/537.36"
66.249.89.200 - - [20/Jun/2021:13:25:05 +0200] "GET /adattatori-portalampade-led/629-adattatori-portalampade-led-vw-golf-5-jetta.html?gclid=EAIaIQobChMIwPu5t4qs3AIVAQAAAB0BAAAAEAAYACAAEgJVzfD_BwE HTTP/1.0" 200 125737 "-" "Mozilla/5.0 (iPhone; CPU iPhone OS 9_1 like Mac OS X) AppleWebKit/601.1.46 (KHTML, like Gecko) Version/9.0 Mobile/13B143 Safari/601.1 (compatible; AdsBot-Google-Mobile; +http://www.google.com/mobile/adsbot.html)"
176.200.174.49 - - [20/Jun/2021:13:25:38 +0200] "GET /kit-xenon-moto-slim-digital-64bit-35w/276-kit-xenon-moto-h4-2-slim-digital-64bit-35w-alta-qualita-.html?gclid=EAIaIQobChMI_pHf-4ym8QIVi9ayCh0EigB-EAAYASAAEgKPtPD_BwE HTTP/1.0" 200 138321 "https://www.google.it/" "Mozilla/5.0 (iPhone; CPU iPhone OS 14_6 like Mac OS X) AppleWebKit/605.1.15 (KHTML, like Gecko) Version/14.1.1 Mobile/15E148 Safari/604.1"
176.200.174.49 - - [20/Jun/2021:13:25:38 +0200] "GET /617-medium_default/kit-xenon-moto-h4-2-slim-digital-64bit-35w-alta-qualita-.jpg HTTP/1.0" 200 19696 "https://www.fuzion.it/kit-xenon-moto-slim-digital-64bit-35w/276-kit-xenon-moto-h4-2-slim-digital-64bit-35w-alta-qualita-.html?gclid=EAIaIQobChMI_pHf-4ym8QIVi9ayCh0EigB-EAAYASAAEgKPtPD_BwE" "Mozilla/5.0 (iPhone; CPU iPhone OS 14_6 like Mac OS X) AppleWebKit/605.1.15 (KHTML, like Gecko) Version/14.1.1 Mobile/15E148 Safari/604.1"
176.200.174.49 - - [20/Jun/2021:13:25:38 +0200] "GET /616-medium_default/kit-xenon-moto-h4-2-slim-digital-64bit-35w-alta-qualita-.jpg HTTP/1.0" 200 19507 "https://www.fuzion.it/kit-xenon-moto-slim-digital-64bit-35w/276-kit-xenon-moto-h4-2-slim-digital-64bit-35w-alta-qualita-.html?gclid=EAIaIQobChMI_pHf-4ym8QIVi9ayCh0EigB-EAAYASAAEgKPtPD_BwE" "Mozilla/5.0 (iPhone; CPU iPhone OS 14_6 like Mac OS X) AppleWebKit/605.1.15 (KHTML, like Gecko) Version/14.1.1 Mobile/15E148 Safari/604.1"
176.200.174.49 - - [20/Jun/2021:13:25:38 +0200] "GET /617-home_default/kit-xenon-moto-h4-2-slim-digital-64bit-35w-alta-qualita-.jpg HTTP/1.0" 200 8992 "https://www.fuzion.it/kit-xenon-moto-slim-digital-64bit-35w/276-kit-xenon-moto-h4-2-slim-digital-64bit-35w-alta-qualita-.html?gclid=EAIaIQobChMI_pHf-4ym8QIVi9ayCh0EigB-EAAYASAAEgKPtPD_BwE" "Mozilla/5.0 (iPhone; CPU iPhone OS 14_6 like Mac OS X) AppleWebKit/605.1.15 (KHTML, like Gecko) Version/14.1.1 Mobile/15E148 Safari/604.1"
176.200.174.49 - - [20/Jun/2021:13:25:39 +0200] "POST /module/newsletterpro/ajax HTTP/1.0" 200 519 "https://www.fuzion.it/kit-xenon-moto-slim-digital-64bit-35w/276-kit-xenon-moto-h4-2-slim-digital-64bit-35w-alta-qualita-.html?gclid=EAIaIQobChMI_pHf-4ym8QIVi9ayCh0EigB-EAAYASAAEgKPtPD_BwE" "Mozilla/5.0 (iPhone; CPU iPhone OS 14_6 like Mac OS X) AppleWebKit/605.1.15 (KHTML, like Gecko) Version/14.1.1 Mobile/15E148 Safari/604.1"
176.200.174.49 - - [20/Jun/2021:13:25:40 +0200] "POST /module/zonethememanager/getFinalDate HTTP/1.0" 200 775 "https://www.fuzion.it/kit-xenon-moto-slim-digital-64bit-35w/276-kit-xenon-moto-h4-2-slim-digital-64bit-35w-alta-qualita-.html?gclid=EAIaIQobChMI_pHf-4ym8QIVi9ayCh0EigB-EAAYASAAEgKPtPD_BwE" "Mozilla/5.0 (iPhone; CPU iPhone OS 14_6 like Mac OS X) AppleWebKit/605.1.15 (KHTML, like Gecko) Version/14.1.1 Mobile/15E148 Safari/604.1"
176.200.174.49 - - [20/Jun/2021:13:25:41 +0200] "POST /module/zonethememanager/categoryTree HTTP/1.0" 200 10897 "https://www.fuzion.it/kit-xenon-moto-slim-digital-64bit-35w/276-kit-xenon-moto-h4-2-slim-digital-64bit-35w-alta-qualita-.html?gclid=EAIaIQobChMI_pHf-4ym8QIVi9ayCh0EigB-EAAYASAAEgKPtPD_BwE" "Mozilla/5.0 (iPhone; CPU iPhone OS 14_6 like Mac OS X) AppleWebKit/605.1.15 (KHTML, like Gecko) Version/14.1.1 Mobile/15E148 Safari/604.1"
176.200.174.49 - - [20/Jun/2021:13:25:45 +0200] "POST /index.php?controller=product&token=f5c6323f1323d8b9782b800f0f78b14a&id_product=276&id_customization=0&group%5B5%5D=29&qty=1 HTTP/1.0" 200 51094 "https://www.fuzion.it/kit-xenon-moto-slim-digital-64bit-35w/276-kit-xenon-moto-h4-2-slim-digital-64bit-35w-alta-qualita-.html?gclid=EAIaIQobChMI_pHf-4ym8QIVi9ayCh0EigB-EAAYASAAEgKPtPD_BwE" "Mozilla/5.0 (iPhone; CPU iPhone OS 14_6 like Mac OS X) AppleWebKit/605.1.15 (KHTML, like Gecko) Version/14.1.1 Mobile/15E148 Safari/604.1"
176.200.174.49 - - [20/Jun/2021:13:25:46 +0200] "GET /modules/estimatedshipping/ajax.php?ajax=true&action=escarrier&cid=10&carrier=49&pid=276&qty=1&ipa=1048&token=718c76b9519a43f1afe20f3d693c31a5 HTTP/1.0" 200 410 "https://www.fuzion.it/kit-xenon-moto-slim-digital-64bit-35w/276-1048-kit-xenon-moto-h4-2-slim-digital-64bit-35w-alta-qualita-.html" "Mozilla/5.0 (iPhone; CPU iPhone OS 14_6 like Mac OS X) AppleWebKit/605.1.15 (KHTML, like Gecko) Version/14.1.1 Mobile/15E148 Safari/604.1"
40.77.167.108 - - [20/Jun/2021:13:25:47 +0200] "GET /kit-sensori-di-parcheggio/515-1684-kit-8-sensori-di-parcheggio-fronteretro-con-display-lcd-a-colori-pro-fuzion.html HTTP/1.0" 200 161353 "-" "Mozilla/5.0 (compatible; bingbot/2.0; +http://www.bing.com/bingbot.htm)"
66.249.64.200 - - [20/Jun/2021:13:25:52 +0200] "GET /395-home_default/kit-xenon-d1s-standard-12v-35w-pro-quality-fuzion.jpg HTTP/1.0" 200 7584 "-" "Googlebot-Image/1.0"
66.249.64.200 - - [20/Jun/2021:13:26:54 +0200] "GET /1814-home_default/h4-kit-bi-led-matrix-moto-50w-canbus-pro-fuzion.jpg HTTP/1.0" 403 1229 "-" "Googlebot-Image/1.0"
157.55.39.32 - - [20/Jun/2021:13:27:21 +0200] "GET /kit-pro-standard-12v-35w/178-kit-xenon-d3s-standard-12v-35w-pro-quality-fuzion.html HTTP/1.0" 200 137566 "-" "Mozilla/5.0 (compatible; bingbot/2.0; +http://www.bing.com/bingbot.htm)"
185.191.171.43 - - [20/Jun/2021:13:27:25 +0200] "GET /183-adattatori-portalampade-led HTTP/1.0" 200 182089 "-" "Mozilla/5.0 (compatible; SemrushBot/7~bl; +http://www.semrush.com/bot.html)"
66.249.81.184 - - [20/Jun/2021:13:27:49 +0200] "GET /3100-medium_default/pasta-lavamani-professionale-4000ml-4kg-made-in-italy-fuzion.jpg HTTP/1.0" 200 240221 "-" "Mozilla/5.0 (Windows NT 5.1; rv:11.0) Gecko Firefox/11.0 (via ggpht.com GoogleImageProxy)"
66.249.81.182 - - [20/Jun/2021:13:27:49 +0200] "GET /2232-medium_default/h7-kit-led-36w-canbus-alta-qualita-fuzion.jpg HTTP/1.0" 200 272197 "-" "Mozilla/5.0 (Windows NT 5.1; rv:11.0) Gecko Firefox/11.0 (via ggpht.com GoogleImageProxy)"
66.249.81.182 - - [20/Jun/2021:13:27:49 +0200] "GET /1202-medium_default/kit-4-sensori-di-parcheggio-con-cicalino-pro-fuzion.jpg HTTP/1.0" 200 34393 "-" "Mozilla/5.0 (Windows NT 5.1; rv:11.0) Gecko Firefox/11.0 (via ggpht.com GoogleImageProxy)"
66.249.81.184 - - [20/Jun/2021:13:27:49 +0200] "GET /2904-medium_default/kit-ricambio-lampade-xenon-d1s-hid-standard-fuzion.jpg HTTP/1.0" 200 225777 "-" "Mozilla/5.0 (Windows NT 5.1; rv:11.0) Gecko Firefox/11.0 (via ggpht.com GoogleImageProxy)"
66.249.81.182 - - [20/Jun/2021:13:27:49 +0200] "GET /2910-medium_default/kit-ricambio-lampade-xenon-d1s-oem-24v-xenpro-fuzion-pro-quality.jpg HTTP/1.0" 200 228858 "-" "Mozilla/5.0 (Windows NT 5.1; rv:11.0) Gecko Firefox/11.0 (via ggpht.com GoogleImageProxy)"
66.249.81.184 - - [20/Jun/2021:13:27:49 +0200] "GET /2326-medium_default/h7-kit-led-matrix-50w-canbus-pro-fuzion.jpg HTTP/1.0" 200 235011 "-" "Mozilla/5.0 (Windows NT 5.1; rv:11.0) Gecko Firefox/11.0 (via ggpht.com GoogleImageProxy)"
66.249.81.182 - - [20/Jun/2021:13:27:49 +0200] "GET /module/newsletterpro/api?action=openedEmail&token=b1bea600d7f8a5312bae42ecdb85343c&email=pikar2002@gmail.com HTTP/1.0" 200 1610 "-" "Mozilla/5.0 (Windows NT 5.1; rv:11.0) Gecko Firefox/11.0 (via ggpht.com GoogleImageProxy)"
66.249.81.184 - - [20/Jun/2021:13:27:52 +0200] "GET /module/newsletterpro/api?action=openedEmail&token=b1bea600d7f8a5312bae42ecdb85343c&email=pikar2002@gmail.com HTTP/1.0" 200 1610 "-" "Mozilla/5.0 (Windows NT 5.1; rv:11.0) Gecko Firefox/11.0 (via ggpht.com GoogleImageProxy)"
66.249.81.180 - - [20/Jun/2021:13:27:55 +0200] "GET /module/newsletterpro/api?action=openedEmail&token=b1bea600d7f8a5312bae42ecdb85343c&email=pikar2002@gmail.com HTTP/1.0" 200 1610 "-" "Mozilla/5.0 (Windows NT 5.1; rv:11.0) Gecko Firefox/11.0 (via ggpht.com GoogleImageProxy)"
54.36.149.81 - - [20/Jun/2021:13:27:59 +0200] "GET /2-categorie HTTP/1.0" 200 187201 "-" "Mozilla/5.0 (compatible; AhrefsBot/7.0; +http://ahrefs.com/robot/)"
