185.191.171.40 - - [20/Jun/2021:21:04:02 +0200] "GET /kit-xenon-digital-64bit-55w/63-195-kit-bi-xenon-h4-3-digital-64bit-55w-alta-qualita-.html HTTP/1.0" 200 144551 "-" "Mozilla/5.0 (compatible; SemrushBot/7~bl; +http://www.semrush.com/bot.html)"
185.191.171.42 - - [20/Jun/2021:21:04:04 +0200] "GET /kit-xenon-digital-64bit-55w/63-kit-bi-xenon-h4-3-digital-64bit-55w-alta-qualita-.html HTTP/1.0" 200 144504 "-" "Mozilla/5.0 (compatible; SemrushBot/7~bl; +http://www.semrush.com/bot.html)"
5.168.90.106 - - [20/Jun/2021:21:04:19 +0200] "POST /module/insuredshipping/ajax?action=setInsurance&insurance=1 HTTP/1.0" 200 961 "https://www.fuzion.it/ordine" "Mozilla/5.0 (iPhone; CPU iPhone OS 14_4_2 like Mac OS X) AppleWebKit/605.1.15 (KHTML, like Gecko) Version/14.0.3 Mobile/15E148 Safari/604.1"
5.168.90.106 - - [20/Jun/2021:21:04:22 +0200] "POST /module/insuredshipping/ajax?action=setInsurance&insurance=0 HTTP/1.0" 200 373 "https://www.fuzion.it/ordine" "Mozilla/5.0 (iPhone; CPU iPhone OS 14_4_2 like Mac OS X) AppleWebKit/605.1.15 (KHTML, like Gecko) Version/14.0.3 Mobile/15E148 Safari/604.1"
5.168.90.106 - - [20/Jun/2021:21:04:23 +0200] "POST /ordine HTTP/1.0" 302 476 "https://www.fuzion.it/ordine" "Mozilla/5.0 (iPhone; CPU iPhone OS 14_4_2 like Mac OS X) AppleWebKit/605.1.15 (KHTML, like Gecko) Version/14.0.3 Mobile/15E148 Safari/604.1"
5.168.90.106 - - [20/Jun/2021:21:04:23 +0200] "GET /ordine HTTP/1.0" 200 112531 "https://www.fuzion.it/ordine" "Mozilla/5.0 (iPhone; CPU iPhone OS 14_4_2 like Mac OS X) AppleWebKit/605.1.15 (KHTML, like Gecko) Version/14.0.3 Mobile/15E148 Safari/604.1"
5.168.90.106 - - [20/Jun/2021:21:04:24 +0200] "POST /module/insuredshipping/ajax?action=readState HTTP/1.0" 200 373 "https://www.fuzion.it/ordine" "Mozilla/5.0 (iPhone; CPU iPhone OS 14_4_2 like Mac OS X) AppleWebKit/605.1.15 (KHTML, like Gecko) Version/14.0.3 Mobile/15E148 Safari/604.1"
5.168.90.106 - - [20/Jun/2021:21:04:24 +0200] "POST /module/newsletterpro/ajax HTTP/1.0" 200 519 "https://www.fuzion.it/ordine" "Mozilla/5.0 (iPhone; CPU iPhone OS 14_4_2 like Mac OS X) AppleWebKit/605.1.15 (KHTML, like Gecko) Version/14.0.3 Mobile/15E148 Safari/604.1"
5.168.90.106 - - [20/Jun/2021:21:04:24 +0200] "GET /module/ps_checkout/token HTTP/1.0" 200 1016 "https://www.fuzion.it/ordine" "Mozilla/5.0 (iPhone; CPU iPhone OS 14_4_2 like Mac OS X) AppleWebKit/605.1.15 (KHTML, like Gecko) Version/14.0.3 Mobile/15E148 Safari/604.1"
109.115.122.35 - - [20/Jun/2021:21:04:33 +0200] "GET /120-kit-sensori-di-parcheggio?gclid=CjwKCAjwzruGBhBAEiwAUqMR8AVXZLjUE-H9flE5QaxuT2zlBF3ALpFUagjN2oaWs5sB2jVJyhAOwRoCvAIQAvD_BwE HTTP/1.0" 200 160565 "https://www.google.com/" "Mozilla/5.0 (Linux; Android 11; SM-G981B) AppleWebKit/537.36 (KHTML, like Gecko) Chrome/91.0.4472.101 Mobile Safari/537.36"
109.115.122.35 - - [20/Jun/2021:21:04:34 +0200] "GET /c/120-category_default/kit-sensori-di-parcheggio.jpg HTTP/1.0" 200 68835 "https://www.fuzion.it/120-kit-sensori-di-parcheggio?gclid=CjwKCAjwzruGBhBAEiwAUqMR8AVXZLjUE-H9flE5QaxuT2zlBF3ALpFUagjN2oaWs5sB2jVJyhAOwRoCvAIQAvD_BwE" "Mozilla/5.0 (Linux; Android 11; SM-G981B) AppleWebKit/537.36 (KHTML, like Gecko) Chrome/91.0.4472.101 Mobile Safari/537.36"
109.115.122.35 - - [20/Jun/2021:21:04:34 +0200] "GET /2877-cart_default/kit-ricambio-lampade-xenon-d2s-oem-xenpro-fuzion-pro-quality.jpg HTTP/1.0" 200 21892 "https://www.fuzion.it/120-kit-sensori-di-parcheggio?gclid=CjwKCAjwzruGBhBAEiwAUqMR8AVXZLjUE-H9flE5QaxuT2zlBF3ALpFUagjN2oaWs5sB2jVJyhAOwRoCvAIQAvD_BwE" "Mozilla/5.0 (Linux; Android 11; SM-G981B) AppleWebKit/537.36 (KHTML, like Gecko) Chrome/91.0.4472.101 Mobile Safari/537.36"
109.115.122.35 - - [20/Jun/2021:21:04:34 +0200] "GET /847-cart_default/kit-ricambio-lampade-xenon-d5s-oem-xenpro-fuzion-pro-quality.jpg HTTP/1.0" 200 3373 "https://www.fuzion.it/120-kit-sensori-di-parcheggio?gclid=CjwKCAjwzruGBhBAEiwAUqMR8AVXZLjUE-H9flE5QaxuT2zlBF3ALpFUagjN2oaWs5sB2jVJyhAOwRoCvAIQAvD_BwE" "Mozilla/5.0 (Linux; Android 11; SM-G981B) AppleWebKit/537.36 (KHTML, like Gecko) Chrome/91.0.4472.101 Mobile Safari/537.36"
109.115.122.35 - - [20/Jun/2021:21:04:34 +0200] "GET /944-cart_default/centralina-xenon-valeo-lad5g-12pin-alta-qualita-fuzion.jpg HTTP/1.0" 200 3841 "https://www.fuzion.it/120-kit-sensori-di-parcheggio?gclid=CjwKCAjwzruGBhBAEiwAUqMR8AVXZLjUE-H9flE5QaxuT2zlBF3ALpFUagjN2oaWs5sB2jVJyhAOwRoCvAIQAvD_BwE" "Mozilla/5.0 (Linux; Android 11; SM-G981B) AppleWebKit/537.36 (KHTML, like Gecko) Chrome/91.0.4472.101 Mobile Safari/537.36"
109.115.122.35 - - [20/Jun/2021:21:04:34 +0200] "GET /2904-cart_default/kit-ricambio-lampade-xenon-d1s-hid-standard-fuzion.jpg HTTP/1.0" 200 20123 "https://www.fuzion.it/120-kit-sensori-di-parcheggio?gclid=CjwKCAjwzruGBhBAEiwAUqMR8AVXZLjUE-H9flE5QaxuT2zlBF3ALpFUagjN2oaWs5sB2jVJyhAOwRoCvAIQAvD_BwE" "Mozilla/5.0 (Linux; Android 11; SM-G981B) AppleWebKit/537.36 (KHTML, like Gecko) Chrome/91.0.4472.101 Mobile Safari/537.36"
109.115.122.35 - - [20/Jun/2021:21:04:34 +0200] "POST /module/newsletterpro/ajax HTTP/1.0" 200 519 "https://www.fuzion.it/120-kit-sensori-di-parcheggio?gclid=CjwKCAjwzruGBhBAEiwAUqMR8AVXZLjUE-H9flE5QaxuT2zlBF3ALpFUagjN2oaWs5sB2jVJyhAOwRoCvAIQAvD_BwE" "Mozilla/5.0 (Linux; Android 11; SM-G981B) AppleWebKit/537.36 (KHTML, like Gecko) Chrome/91.0.4472.101 Mobile Safari/537.36"
109.115.122.35 - - [20/Jun/2021:21:04:34 +0200] "POST /module/zonethememanager/getFinalDateMiniature HTTP/1.0" 200 4240 "https://www.fuzion.it/120-kit-sensori-di-parcheggio?gclid=CjwKCAjwzruGBhBAEiwAUqMR8AVXZLjUE-H9flE5QaxuT2zlBF3ALpFUagjN2oaWs5sB2jVJyhAOwRoCvAIQAvD_BwE" "Mozilla/5.0 (Linux; Android 11; SM-G981B) AppleWebKit/537.36 (KHTML, like Gecko) Chrome/91.0.4472.101 Mobile Safari/537.36"
109.115.122.35 - - [20/Jun/2021:21:04:34 +0200] "GET /1202-home_default/kit-4-sensori-di-parcheggio-con-cicalino-pro-fuzion.jpg HTTP/1.0" 200 15352 "https://www.fuzion.it/120-kit-sensori-di-parcheggio?gclid=CjwKCAjwzruGBhBAEiwAUqMR8AVXZLjUE-H9flE5QaxuT2zlBF3ALpFUagjN2oaWs5sB2jVJyhAOwRoCvAIQAvD_BwE" "Mozilla/5.0 (Linux; Android 11; SM-G981B) AppleWebKit/537.36 (KHTML, like Gecko) Chrome/91.0.4472.101 Mobile Safari/537.36"
109.115.122.35 - - [20/Jun/2021:21:04:34 +0200] "GET /1215-home_default/kit-4-sensori-di-parcheggio-con-display-led-slim-pro-fuzion.jpg HTTP/1.0" 200 14743 "https://www.fuzion.it/120-kit-sensori-di-parcheggio?gclid=CjwKCAjwzruGBhBAEiwAUqMR8AVXZLjUE-H9flE5QaxuT2zlBF3ALpFUagjN2oaWs5sB2jVJyhAOwRoCvAIQAvD_BwE" "Mozilla/5.0 (Linux; Android 11; SM-G981B) AppleWebKit/537.36 (KHTML, like Gecko) Chrome/91.0.4472.101 Mobile Safari/537.36"
109.115.122.35 - - [20/Jun/2021:21:04:36 +0200] "POST /module/zonethememanager/categoryTree HTTP/1.0" 200 10897 "https://www.fuzion.it/120-kit-sensori-di-parcheggio?gclid=CjwKCAjwzruGBhBAEiwAUqMR8AVXZLjUE-H9flE5QaxuT2zlBF3ALpFUagjN2oaWs5sB2jVJyhAOwRoCvAIQAvD_BwE" "Mozilla/5.0 (Linux; Android 11; SM-G981B) AppleWebKit/537.36 (KHTML, like Gecko) Chrome/91.0.4472.101 Mobile Safari/537.36"
109.115.122.35 - - [20/Jun/2021:21:04:40 +0200] "GET /1222-home_default/kit-4-sensori-di-parcheggio-con-display-lcd-a-colori-pro-fuzion.jpg HTTP/1.0" 200 16567 "https://www.fuzion.it/120-kit-sensori-di-parcheggio?gclid=CjwKCAjwzruGBhBAEiwAUqMR8AVXZLjUE-H9flE5QaxuT2zlBF3ALpFUagjN2oaWs5sB2jVJyhAOwRoCvAIQAvD_BwE" "Mozilla/5.0 (Linux; Android 11; SM-G981B) AppleWebKit/537.36 (KHTML, like Gecko) Chrome/91.0.4472.101 Mobile Safari/537.36"
109.115.122.35 - - [20/Jun/2021:21:04:40 +0200] "GET /1241-home_default/kit-8-sensori-di-parcheggio-fronteretro-con-cicalino-pro-fuzion.jpg HTTP/1.0" 200 16534 "https://www.fuzion.it/120-kit-sensori-di-parcheggio?gclid=CjwKCAjwzruGBhBAEiwAUqMR8AVXZLjUE-H9flE5QaxuT2zlBF3ALpFUagjN2oaWs5sB2jVJyhAOwRoCvAIQAvD_BwE" "Mozilla/5.0 (Linux; Android 11; SM-G981B) AppleWebKit/537.36 (KHTML, like Gecko) Chrome/91.0.4472.101 Mobile Safari/537.36"
5.168.90.106 - - [20/Jun/2021:21:04:42 +0200] "GET /ordine HTTP/1.0" 503 8654 "https://www.fuzion.it/ordine" "Mozilla/5.0 (iPhone; CPU iPhone OS 14_4_2 like Mac OS X) AppleWebKit/605.1.15 (KHTML, like Gecko) Version/14.0.3 Mobile/15E148 Safari/604.1"
5.168.90.106 - - [20/Jun/2021:21:04:42 +0200] "GET /ordine HTTP/1.0" 200 112531 "https://www.fuzion.it/ordine" "Mozilla/5.0 (iPhone; CPU iPhone OS 14_4_2 like Mac OS X) AppleWebKit/605.1.15 (KHTML, like Gecko) Version/14.0.3 Mobile/15E148 Safari/604.1"
5.168.90.106 - - [20/Jun/2021:21:04:42 +0200] "POST /module/newsletterpro/ajax HTTP/1.0" 200 519 "https://www.fuzion.it/ordine" "Mozilla/5.0 (iPhone; CPU iPhone OS 14_4_2 like Mac OS X) AppleWebKit/605.1.15 (KHTML, like Gecko) Version/14.0.3 Mobile/15E148 Safari/604.1"
5.168.90.106 - - [20/Jun/2021:21:04:42 +0200] "GET /module/ps_checkout/token HTTP/1.0" 200 1016 "https://www.fuzion.it/ordine" "Mozilla/5.0 (iPhone; CPU iPhone OS 14_4_2 like Mac OS X) AppleWebKit/605.1.15 (KHTML, like Gecko) Version/14.0.3 Mobile/15E148 Safari/604.1"
5.168.90.106 - - [20/Jun/2021:21:04:42 +0200] "POST /module/insuredshipping/ajax?action=readState HTTP/1.0" 200 373 "https://www.fuzion.it/ordine" "Mozilla/5.0 (iPhone; CPU iPhone OS 14_4_2 like Mac OS X) AppleWebKit/605.1.15 (KHTML, like Gecko) Version/14.0.3 Mobile/15E148 Safari/604.1"
109.115.122.35 - - [20/Jun/2021:21:04:43 +0200] "GET /1988-home_default/kit-8-sensori-di-parcheggio-fronteretro-con-display-led-slim-pro-fuzion.jpg HTTP/1.0" 200 17159 "https://www.fuzion.it/120-kit-sensori-di-parcheggio?gclid=CjwKCAjwzruGBhBAEiwAUqMR8AVXZLjUE-H9flE5QaxuT2zlBF3ALpFUagjN2oaWs5sB2jVJyhAOwRoCvAIQAvD_BwE" "Mozilla/5.0 (Linux; Android 11; SM-G981B) AppleWebKit/537.36 (KHTML, like Gecko) Chrome/91.0.4472.101 Mobile Safari/537.36"
109.115.122.35 - - [20/Jun/2021:21:04:43 +0200] "GET /1247-home_default/kit-8-sensori-di-parcheggio-fronteretro-con-display-lcd-a-colori-pro-fuzion.jpg HTTP/1.0" 200 17382 "https://www.fuzion.it/120-kit-sensori-di-parcheggio?gclid=CjwKCAjwzruGBhBAEiwAUqMR8AVXZLjUE-H9flE5QaxuT2zlBF3ALpFUagjN2oaWs5sB2jVJyhAOwRoCvAIQAvD_BwE" "Mozilla/5.0 (Linux; Android 11; SM-G981B) AppleWebKit/537.36 (KHTML, like Gecko) Chrome/91.0.4472.101 Mobile Safari/537.36"
5.168.90.106 - - [20/Jun/2021:21:04:44 +0200] "GET /ordine HTTP/1.0" 503 8654 "https://www.fuzion.it/carrello?action=show" "Mozilla/5.0 (iPhone; CPU iPhone OS 14_4_2 like Mac OS X) AppleWebKit/605.1.15 (KHTML, like Gecko) Version/14.0.3 Mobile/15E148 Safari/604.1"
5.168.90.106 - - [20/Jun/2021:21:04:44 +0200] "GET /carrello?action=show HTTP/1.0" 503 8687 "https://www.fuzion.it/led-interni-esterni-1224v/727-lampade-h7-50w-led-matrix-canbus-no-fan-pro-fuzion.html" "Mozilla/5.0 (iPhone; CPU iPhone OS 14_4_2 like Mac OS X) AppleWebKit/605.1.15 (KHTML, like Gecko) Version/14.0.3 Mobile/15E148 Safari/604.1"
5.168.90.106 - - [20/Jun/2021:21:04:44 +0200] "GET /led-interni-esterni-1224v/727-lampade-h7-50w-led-matrix-canbus-no-fan-pro-fuzion.html HTTP/1.0" 200 157797 "https://www.google.it/" "Mozilla/5.0 (iPhone; CPU iPhone OS 14_4_2 like Mac OS X) AppleWebKit/605.1.15 (KHTML, like Gecko) Version/14.0.3 Mobile/15E148 Safari/604.1"
109.115.122.35 - - [20/Jun/2021:21:04:48 +0200] "GET /3066-home_default/kit-2-sensori-di-parcheggio-con-retrocamera-hd-170-3-in-1-pro-fuzion.jpg HTTP/1.0" 200 51813 "https://www.fuzion.it/120-kit-sensori-di-parcheggio?gclid=CjwKCAjwzruGBhBAEiwAUqMR8AVXZLjUE-H9flE5QaxuT2zlBF3ALpFUagjN2oaWs5sB2jVJyhAOwRoCvAIQAvD_BwE" "Mozilla/5.0 (Linux; Android 11; SM-G981B) AppleWebKit/537.36 (KHTML, like Gecko) Chrome/91.0.4472.101 Mobile Safari/537.36"
109.115.122.35 - - [20/Jun/2021:21:04:48 +0200] "GET /3051-home_default/kit-sensore-di-parcheggio-con-retrocamera-hd-170-all-in-one-pro-fuzion.jpg HTTP/1.0" 200 67149 "https://www.fuzion.it/120-kit-sensori-di-parcheggio?gclid=CjwKCAjwzruGBhBAEiwAUqMR8AVXZLjUE-H9flE5QaxuT2zlBF3ALpFUagjN2oaWs5sB2jVJyhAOwRoCvAIQAvD_BwE" "Mozilla/5.0 (Linux; Android 11; SM-G981B) AppleWebKit/537.36 (KHTML, like Gecko) Chrome/91.0.4472.101 Mobile Safari/537.36"
109.115.122.35 - - [20/Jun/2021:21:04:50 +0200] "POST /carrello HTTP/1.0" 200 19593 "https://www.fuzion.it/120-kit-sensori-di-parcheggio?gclid=CjwKCAjwzruGBhBAEiwAUqMR8AVXZLjUE-H9flE5QaxuT2zlBF3ALpFUagjN2oaWs5sB2jVJyhAOwRoCvAIQAvD_BwE" "Mozilla/5.0 (Linux; Android 11; SM-G981B) AppleWebKit/537.36 (KHTML, like Gecko) Chrome/91.0.4472.101 Mobile Safari/537.36"
109.115.122.35 - - [20/Jun/2021:21:04:50 +0200] "POST /module/ps_shoppingcart/ajax HTTP/1.0" 200 9907 "https://www.fuzion.it/120-kit-sensori-di-parcheggio?gclid=CjwKCAjwzruGBhBAEiwAUqMR8AVXZLjUE-H9flE5QaxuT2zlBF3ALpFUagjN2oaWs5sB2jVJyhAOwRoCvAIQAvD_BwE" "Mozilla/5.0 (Linux; Android 11; SM-G981B) AppleWebKit/537.36 (KHTML, like Gecko) Chrome/91.0.4472.101 Mobile Safari/537.36"
109.115.122.35 - - [20/Jun/2021:21:04:50 +0200] "GET /1247-cart_default/kit-8-sensori-di-parcheggio-fronteretro-con-display-lcd-a-colori-pro-fuzion.jpg HTTP/1.0" 200 6589 "https://www.fuzion.it/120-kit-sensori-di-parcheggio?gclid=CjwKCAjwzruGBhBAEiwAUqMR8AVXZLjUE-H9flE5QaxuT2zlBF3ALpFUagjN2oaWs5sB2jVJyhAOwRoCvAIQAvD_BwE" "Mozilla/5.0 (Linux; Android 11; SM-G981B) AppleWebKit/537.36 (KHTML, like Gecko) Chrome/91.0.4472.101 Mobile Safari/537.36"
109.115.122.35 - - [20/Jun/2021:21:04:59 +0200] "GET /2349-home_default/h11-kit-led-matrix-50w-canbus-pro-fuzion.jpg HTTP/1.0" 200 80478 "https://www.fuzion.it/120-kit-sensori-di-parcheggio?gclid=CjwKCAjwzruGBhBAEiwAUqMR8AVXZLjUE-H9flE5QaxuT2zlBF3ALpFUagjN2oaWs5sB2jVJyhAOwRoCvAIQAvD_BwE" "Mozilla/5.0 (Linux; Android 11; SM-G981B) AppleWebKit/537.36 (KHTML, like Gecko) Chrome/91.0.4472.101 Mobile Safari/537.36"
109.115.122.35 - - [20/Jun/2021:21:04:59 +0200] "GET /2940-home_default/kit-4-sensori-di-parcheggio-con-cicalino-pro-fuzion.jpg HTTP/1.0" 200 80079 "https://www.fuzion.it/120-kit-sensori-di-parcheggio?gclid=CjwKCAjwzruGBhBAEiwAUqMR8AVXZLjUE-H9flE5QaxuT2zlBF3ALpFUagjN2oaWs5sB2jVJyhAOwRoCvAIQAvD_BwE" "Mozilla/5.0 (Linux; Android 11; SM-G981B) AppleWebKit/537.36 (KHTML, like Gecko) Chrome/91.0.4472.101 Mobile Safari/537.36"
109.115.122.35 - - [20/Jun/2021:21:04:59 +0200] "GET /1079-home_default/h7-alogene-super-white-pro-effetto-xenon-hid-fuzion.jpg HTTP/1.0" 200 11324 "https://www.fuzion.it/120-kit-sensori-di-parcheggio?gclid=CjwKCAjwzruGBhBAEiwAUqMR8AVXZLjUE-H9flE5QaxuT2zlBF3ALpFUagjN2oaWs5sB2jVJyhAOwRoCvAIQAvD_BwE" "Mozilla/5.0 (Linux; Android 11; SM-G981B) AppleWebKit/537.36 (KHTML, like Gecko) Chrome/91.0.4472.101 Mobile Safari/537.36"
40.77.167.21 - - [20/Jun/2021:21:05:25 +0200] "GET /1641-home_default/h4-kit-bi-led-36w-canbus-alta-qualita-fuzion.jpg HTTP/1.0" 403 1229 "-" "Mozilla/5.0 (compatible; bingbot/2.0; +http://www.bing.com/bingbot.htm)"
109.115.122.35 - - [20/Jun/2021:21:05:28 +0200] "GET /ricerca?controller=search&s= HTTP/1.0" 200 97823 "https://www.fuzion.it/120-kit-sensori-di-parcheggio?gclid=CjwKCAjwzruGBhBAEiwAUqMR8AVXZLjUE-H9flE5QaxuT2zlBF3ALpFUagjN2oaWs5sB2jVJyhAOwRoCvAIQAvD_BwE" "Mozilla/5.0 (Linux; Android 11; SM-G981B) AppleWebKit/537.36 (KHTML, like Gecko) Chrome/91.0.4472.101 Mobile Safari/537.36"
109.115.122.35 - - [20/Jun/2021:21:05:29 +0200] "POST /module/newsletterpro/ajax HTTP/1.0" 200 519 "https://www.fuzion.it/ricerca?controller=search&s=" "Mozilla/5.0 (Linux; Android 11; SM-G981B) AppleWebKit/537.36 (KHTML, like Gecko) Chrome/91.0.4472.101 Mobile Safari/537.36"
109.115.122.35 - - [20/Jun/2021:21:05:31 +0200] "POST /module/zonethememanager/categoryTree HTTP/1.0" 200 10897 "https://www.fuzion.it/ricerca?controller=search&s=" "Mozilla/5.0 (Linux; Android 11; SM-G981B) AppleWebKit/537.36 (KHTML, like Gecko) Chrome/91.0.4472.101 Mobile Safari/537.36"
109.115.122.35 - - [20/Jun/2021:21:05:32 +0200] "GET /120-kit-sensori-di-parcheggio?gclid=CjwKCAjwzruGBhBAEiwAUqMR8AVXZLjUE-H9flE5QaxuT2zlBF3ALpFUagjN2oaWs5sB2jVJyhAOwRoCvAIQAvD_BwE HTTP/1.0" 200 180575 "https://www.google.com/" "Mozilla/5.0 (Linux; Android 11; SM-G981B) AppleWebKit/537.36 (KHTML, like Gecko) Chrome/91.0.4472.101 Mobile Safari/537.36"
109.115.122.35 - - [20/Jun/2021:21:05:33 +0200] "POST /module/zonethememanager/getFinalDateMiniature HTTP/1.0" 200 4240 "https://www.fuzion.it/120-kit-sensori-di-parcheggio?gclid=CjwKCAjwzruGBhBAEiwAUqMR8AVXZLjUE-H9flE5QaxuT2zlBF3ALpFUagjN2oaWs5sB2jVJyhAOwRoCvAIQAvD_BwE" "Mozilla/5.0 (Linux; Android 11; SM-G981B) AppleWebKit/537.36 (KHTML, like Gecko) Chrome/91.0.4472.101 Mobile Safari/537.36"
109.115.122.35 - - [20/Jun/2021:21:05:33 +0200] "POST /module/newsletterpro/ajax HTTP/1.0" 200 519 "https://www.fuzion.it/120-kit-sensori-di-parcheggio?gclid=CjwKCAjwzruGBhBAEiwAUqMR8AVXZLjUE-H9flE5QaxuT2zlBF3ALpFUagjN2oaWs5sB2jVJyhAOwRoCvAIQAvD_BwE" "Mozilla/5.0 (Linux; Android 11; SM-G981B) AppleWebKit/537.36 (KHTML, like Gecko) Chrome/91.0.4472.101 Mobile Safari/537.36"
40.77.167.30 - - [20/Jun/2021:21:05:44 +0200] "GET /centraline-xenon-oem-originali/446-centralina-xenon-valeo-6g-89034934-alta-qualita-fuzion.html HTTP/1.0" 200 141425 "-" "Mozilla/5.0 (compatible; bingbot/2.0; +http://www.bing.com/bingbot.htm)"
66.220.149.39 - - [20/Jun/2021:21:05:51 +0200] "GET /facebookproductad.xml.php?id_shop=1&id_lang=2&country=IT&currency_iso=EUR&token=4adc503825c1701d7c6a53b252364f85 HTTP/1.0" 200 2525123 "-" "facebookexternalhit/1.1 (+http://www.facebook.com/externalhit_uatext.php)"
130.25.68.247 - - [20/Jun/2021:21:06:29 +0200] "GET /kit-sensori-di-parcheggio/510-1664-kit-4-sensori-di-parcheggio-con-cicalino-pro-fuzion.html?gclid=CjwKCAjwzruGBhBAEiwAUqMR8KGUkQNrRXXztl794AyBzNCwuuwTDlpPvVDJwoocbO0NWT83NFDz6hoC2L4QAvD_BwE HTTP/1.0" 200 179092 "https://www.google.com/" "Mozilla/5.0 (Linux; Android 11; CPH2161) AppleWebKit/537.36 (KHTML, like Gecko) Chrome/91.0.4472.101 Mobile Safari/537.36"
130.25.68.247 - - [20/Jun/2021:21:06:31 +0200] "GET /1202-medium_default/kit-4-sensori-di-parcheggio-con-cicalino-pro-fuzion.jpg HTTP/1.0" 200 34393 "https://www.fuzion.it/kit-sensori-di-parcheggio/510-1664-kit-4-sensori-di-parcheggio-con-cicalino-pro-fuzion.html?gclid=CjwKCAjwzruGBhBAEiwAUqMR8KGUkQNrRXXztl794AyBzNCwuuwTDlpPvVDJwoocbO0NWT83NFDz6hoC2L4QAvD_BwE" "Mozilla/5.0 (Linux; Android 11; CPH2161) AppleWebKit/537.36 (KHTML, like Gecko) Chrome/91.0.4472.101 Mobile Safari/537.36"
130.25.68.247 - - [20/Jun/2021:21:06:31 +0200] "GET /1202-home_default/kit-4-sensori-di-parcheggio-con-cicalino-pro-fuzion.jpg HTTP/1.0" 200 15352 "https://www.fuzion.it/kit-sensori-di-parcheggio/510-1664-kit-4-sensori-di-parcheggio-con-cicalino-pro-fuzion.html?gclid=CjwKCAjwzruGBhBAEiwAUqMR8KGUkQNrRXXztl794AyBzNCwuuwTDlpPvVDJwoocbO0NWT83NFDz6hoC2L4QAvD_BwE" "Mozilla/5.0 (Linux; Android 11; CPH2161) AppleWebKit/537.36 (KHTML, like Gecko) Chrome/91.0.4472.101 Mobile Safari/537.36"
130.25.68.247 - - [20/Jun/2021:21:06:32 +0200] "POST /module/newsletterpro/ajax HTTP/1.0" 200 519 "https://www.fuzion.it/kit-sensori-di-parcheggio/510-1664-kit-4-sensori-di-parcheggio-con-cicalino-pro-fuzion.html?gclid=CjwKCAjwzruGBhBAEiwAUqMR8KGUkQNrRXXztl794AyBzNCwuuwTDlpPvVDJwoocbO0NWT83NFDz6hoC2L4QAvD_BwE" "Mozilla/5.0 (Linux; Android 11; CPH2161) AppleWebKit/537.36 (KHTML, like Gecko) Chrome/91.0.4472.101 Mobile Safari/537.36"
130.25.68.247 - - [20/Jun/2021:21:06:32 +0200] "POST /module/zonethememanager/getFinalDate HTTP/1.0" 200 775 "https://www.fuzion.it/kit-sensori-di-parcheggio/510-1664-kit-4-sensori-di-parcheggio-con-cicalino-pro-fuzion.html?gclid=CjwKCAjwzruGBhBAEiwAUqMR8KGUkQNrRXXztl794AyBzNCwuuwTDlpPvVDJwoocbO0NWT83NFDz6hoC2L4QAvD_BwE" "Mozilla/5.0 (Linux; Android 11; CPH2161) AppleWebKit/537.36 (KHTML, like Gecko) Chrome/91.0.4472.101 Mobile Safari/537.36"
130.25.68.247 - - [20/Jun/2021:21:06:33 +0200] "POST /module/zonethememanager/categoryTree HTTP/1.0" 200 10897 "https://www.fuzion.it/kit-sensori-di-parcheggio/510-1664-kit-4-sensori-di-parcheggio-con-cicalino-pro-fuzion.html?gclid=CjwKCAjwzruGBhBAEiwAUqMR8KGUkQNrRXXztl794AyBzNCwuuwTDlpPvVDJwoocbO0NWT83NFDz6hoC2L4QAvD_BwE" "Mozilla/5.0 (Linux; Android 11; CPH2161) AppleWebKit/537.36 (KHTML, like Gecko) Chrome/91.0.4472.101 Mobile Safari/537.36"
66.249.76.4 - - [20/Jun/2021:21:06:44 +0200] "GET /kit-xenon-slim-digital-64bit-55w/76-kit-xenon-h1-slim-digital-64bit-55w-alta-qualita-.html HTTP/1.0" 200 136990 "-" "Mozilla/5.0 (Linux; Android 6.0.1; Nexus 5X Build/MMB29P) AppleWebKit/537.36 (KHTML, like Gecko) Chrome/91.0.4472.90 Mobile Safari/537.36 (compatible; Googlebot/2.1; +http://www.google.com/bot.html)"
66.249.89.202 - - [20/Jun/2021:21:06:47 +0200] "GET /162-ricambi-xenon-veicoli-24volt-pro HTTP/1.0" 200 180623 "-" "AdsBot-Google (+http://www.google.com/adsbot.html)"
130.25.68.247 - - [20/Jun/2021:21:06:52 +0200] "GET /1247-home_default/kit-8-sensori-di-parcheggio-fronteretro-con-display-lcd-a-colori-pro-fuzion.jpg HTTP/1.0" 200 17382 "https://www.fuzion.it/kit-sensori-di-parcheggio/510-1664-kit-4-sensori-di-parcheggio-con-cicalino-pro-fuzion.html?gclid=CjwKCAjwzruGBhBAEiwAUqMR8KGUkQNrRXXztl794AyBzNCwuuwTDlpPvVDJwoocbO0NWT83NFDz6hoC2L4QAvD_BwE" "Mozilla/5.0 (Linux; Android 11; CPH2161) AppleWebKit/537.36 (KHTML, like Gecko) Chrome/91.0.4472.101 Mobile Safari/537.36"
130.25.68.247 - - [20/Jun/2021:21:06:52 +0200] "GET /3051-home_default/kit-sensore-di-parcheggio-con-retrocamera-hd-170-all-in-one-pro-fuzion.jpg HTTP/1.0" 200 67149 "https://www.fuzion.it/kit-sensori-di-parcheggio/510-1664-kit-4-sensori-di-parcheggio-con-cicalino-pro-fuzion.html?gclid=CjwKCAjwzruGBhBAEiwAUqMR8KGUkQNrRXXztl794AyBzNCwuuwTDlpPvVDJwoocbO0NWT83NFDz6hoC2L4QAvD_BwE" "Mozilla/5.0 (Linux; Android 11; CPH2161) AppleWebKit/537.36 (KHTML, like Gecko) Chrome/91.0.4472.101 Mobile Safari/537.36"
130.25.68.247 - - [20/Jun/2021:21:06:53 +0200] "GET /3066-home_default/kit-2-sensori-di-parcheggio-con-retrocamera-hd-170-3-in-1-pro-fuzion.jpg HTTP/1.0" 200 51813 "https://www.fuzion.it/kit-sensori-di-parcheggio/510-1664-kit-4-sensori-di-parcheggio-con-cicalino-pro-fuzion.html?gclid=CjwKCAjwzruGBhBAEiwAUqMR8KGUkQNrRXXztl794AyBzNCwuuwTDlpPvVDJwoocbO0NWT83NFDz6hoC2L4QAvD_BwE" "Mozilla/5.0 (Linux; Android 11; CPH2161) AppleWebKit/537.36 (KHTML, like Gecko) Chrome/91.0.4472.101 Mobile Safari/537.36"
66.249.89.200 - - [20/Jun/2021:21:07:16 +0200] "POST /module/zonethememanager/getFinalDateMiniature HTTP/1.0" 200 10760 "https://www.fuzion.it/162-ricambi-xenon-veicoli-24volt-pro" "AdsBot-Google (+http://www.google.com/adsbot.html)"
66.249.89.200 - - [20/Jun/2021:21:07:17 +0200] "POST /module/zonethememanager/categoryTree HTTP/1.0" 200 10897 "https://www.fuzion.it/162-ricambi-xenon-veicoli-24volt-pro" "AdsBot-Google (+http://www.google.com/adsbot.html)"
40.77.167.30 - - [20/Jun/2021:21:07:17 +0200] "GET /adattatori-portalampade-xenon/752-adattatori-portalampade-xenon-abbagliante-ford-focus-fiesta.html HTTP/1.0" 200 129730 "-" "Mozilla/5.0 (compatible; bingbot/2.0; +http://www.bing.com/bingbot.htm)"
66.249.89.202 - - [20/Jun/2021:21:08:42 +0200] "GET /themes/ZOneTheme/assets/cache/theme-2fc7e182.css HTTP/1.0" 404 43680 "https://www.fuzion.it/kit-xenon-veicoli-24volt-pro/316-kit-bi-xenon-h4-3-canbus-24v-55w-pro-quality-fuzion.html" "AdsBot-Google (+http://www.google.com/adsbot.html)"
66.249.89.202 - - [20/Jun/2021:21:08:42 +0200] "GET /themes/ZOneTheme/assets/cache/bottom-ec439781.js HTTP/1.0" 404 43680 "https://www.fuzion.it/kit-xenon-veicoli-24volt-pro/316-kit-bi-xenon-h4-3-canbus-24v-55w-pro-quality-fuzion.html" "AdsBot-Google (+http://www.google.com/adsbot.html)"
66.249.89.200 - - [20/Jun/2021:21:08:48 +0200] "POST /module/zonethememanager/getFinalDateMiniature HTTP/1.0" 200 6144 "https://www.fuzion.it/162-ricambi-xenon-veicoli-24volt-pro" "AdsBot-Google (+http://www.google.com/adsbot.html)"
54.36.149.102 - - [20/Jun/2021:21:09:44 +0200] "GET /brand/3-fuzion HTTP/1.0" 200 166016 "-" "Mozilla/5.0 (compatible; AhrefsBot/7.0; +http://ahrefs.com/robot/)"
5.170.213.148 - - [20/Jun/2021:21:12:56 +0200] "GET /120-kit-sensori-di-parcheggio?gclid=CjwKCAjwzruGBhBAEiwAUqMR8PkcmWekIyL6CVHr9W7f_otUsUe0msrRqTKisQ-NafvrO5FCdVxrJxoC7-YQAvD_BwE HTTP/1.0" 200 160565 "-" "Mozilla/5.0 (Linux; Android 10; SAMSUNG SM-A202F) AppleWebKit/537.36 (KHTML, like Gecko) SamsungBrowser/12.1 Chrome/79.0.3945.136 Mobile Safari/537.36"
5.170.213.148 - - [20/Jun/2021:21:12:57 +0200] "GET /c/120-category_default/kit-sensori-di-parcheggio.jpg HTTP/1.0" 200 68835 "https://www.fuzion.it/120-kit-sensori-di-parcheggio?gclid=CjwKCAjwzruGBhBAEiwAUqMR8PkcmWekIyL6CVHr9W7f_otUsUe0msrRqTKisQ-NafvrO5FCdVxrJxoC7-YQAvD_BwE" "Mozilla/5.0 (Linux; Android 10; SAMSUNG SM-A202F) AppleWebKit/537.36 (KHTML, like Gecko) SamsungBrowser/12.1 Chrome/79.0.3945.136 Mobile Safari/537.36"
5.170.213.148 - - [20/Jun/2021:21:12:58 +0200] "GET /944-cart_default/centralina-xenon-valeo-lad5g-12pin-alta-qualita-fuzion.jpg HTTP/1.0" 200 3841 "https://www.fuzion.it/120-kit-sensori-di-parcheggio?gclid=CjwKCAjwzruGBhBAEiwAUqMR8PkcmWekIyL6CVHr9W7f_otUsUe0msrRqTKisQ-NafvrO5FCdVxrJxoC7-YQAvD_BwE" "Mozilla/5.0 (Linux; Android 10; SAMSUNG SM-A202F) AppleWebKit/537.36 (KHTML, like Gecko) SamsungBrowser/12.1 Chrome/79.0.3945.136 Mobile Safari/537.36"
5.170.213.148 - - [20/Jun/2021:21:12:58 +0200] "GET /2877-cart_default/kit-ricambio-lampade-xenon-d2s-oem-xenpro-fuzion-pro-quality.jpg HTTP/1.0" 200 21892 "https://www.fuzion.it/120-kit-sensori-di-parcheggio?gclid=CjwKCAjwzruGBhBAEiwAUqMR8PkcmWekIyL6CVHr9W7f_otUsUe0msrRqTKisQ-NafvrO5FCdVxrJxoC7-YQAvD_BwE" "Mozilla/5.0 (Linux; Android 10; SAMSUNG SM-A202F) AppleWebKit/537.36 (KHTML, like Gecko) SamsungBrowser/12.1 Chrome/79.0.3945.136 Mobile Safari/537.36"
5.170.213.148 - - [20/Jun/2021:21:12:58 +0200] "GET /847-cart_default/kit-ricambio-lampade-xenon-d5s-oem-xenpro-fuzion-pro-quality.jpg HTTP/1.0" 200 3373 "https://www.fuzion.it/120-kit-sensori-di-parcheggio?gclid=CjwKCAjwzruGBhBAEiwAUqMR8PkcmWekIyL6CVHr9W7f_otUsUe0msrRqTKisQ-NafvrO5FCdVxrJxoC7-YQAvD_BwE" "Mozilla/5.0 (Linux; Android 10; SAMSUNG SM-A202F) AppleWebKit/537.36 (KHTML, like Gecko) SamsungBrowser/12.1 Chrome/79.0.3945.136 Mobile Safari/537.36"
5.170.213.148 - - [20/Jun/2021:21:12:58 +0200] "GET /2904-cart_default/kit-ricambio-lampade-xenon-d1s-hid-standard-fuzion.jpg HTTP/1.0" 200 20123 "https://www.fuzion.it/120-kit-sensori-di-parcheggio?gclid=CjwKCAjwzruGBhBAEiwAUqMR8PkcmWekIyL6CVHr9W7f_otUsUe0msrRqTKisQ-NafvrO5FCdVxrJxoC7-YQAvD_BwE" "Mozilla/5.0 (Linux; Android 10; SAMSUNG SM-A202F) AppleWebKit/537.36 (KHTML, like Gecko) SamsungBrowser/12.1 Chrome/79.0.3945.136 Mobile Safari/537.36"
5.170.213.148 - - [20/Jun/2021:21:12:59 +0200] "POST /module/newsletterpro/ajax HTTP/1.0" 200 519 "https://www.fuzion.it/120-kit-sensori-di-parcheggio?gclid=CjwKCAjwzruGBhBAEiwAUqMR8PkcmWekIyL6CVHr9W7f_otUsUe0msrRqTKisQ-NafvrO5FCdVxrJxoC7-YQAvD_BwE" "Mozilla/5.0 (Linux; Android 10; SAMSUNG SM-A202F) AppleWebKit/537.36 (KHTML, like Gecko) SamsungBrowser/12.1 Chrome/79.0.3945.136 Mobile Safari/537.36"
5.170.213.148 - - [20/Jun/2021:21:13:00 +0200] "POST /module/zonethememanager/getFinalDateMiniature HTTP/1.0" 200 4240 "https://www.fuzion.it/120-kit-sensori-di-parcheggio?gclid=CjwKCAjwzruGBhBAEiwAUqMR8PkcmWekIyL6CVHr9W7f_otUsUe0msrRqTKisQ-NafvrO5FCdVxrJxoC7-YQAvD_BwE" "Mozilla/5.0 (Linux; Android 10; SAMSUNG SM-A202F) AppleWebKit/537.36 (KHTML, like Gecko) SamsungBrowser/12.1 Chrome/79.0.3945.136 Mobile Safari/537.36"
66.249.89.200 - - [20/Jun/2021:21:14:45 +0200] "POST /module/zonemegamenu/menuDropdownContent HTTP/1.0" 200 479 "https://www.fuzion.it/led-interni-esterni-1224v/543-lampade-t5-1-led-smd-fuzion.html" "AdsBot-Google (+http://www.google.com/adsbot.html)"
207.46.13.52 - - [20/Jun/2021:21:14:51 +0200] "GET /2351-large_default/h11-kit-led-matrix-50w-canbus-pro-fuzion.jpg HTTP/1.0" 200 343153 "-" "Mozilla/5.0 (compatible; bingbot/2.0; +http://www.bing.com/bingbot.htm)"
114.119.145.192 - - [20/Jun/2021:21:15:40 +0200] "GET /2-categorie?page=7 HTTP/1.0" 200 184316 "-" "Mozilla/5.0 (Linux; Android 7.0;) AppleWebKit/537.36 (KHTML, like Gecko) Mobile Safari/537.36 (compatible; PetalBot;+https://webmaster.petalsearch.com/site/petalbot)"
157.55.39.88 - - [20/Jun/2021:21:16:06 +0200] "GET /negozi HTTP/1.0" 200 46570 "-" "Mozilla/5.0 (compatible; bingbot/2.0; +http://www.bing.com/bingbot.htm)"
66.249.89.202 - - [20/Jun/2021:21:16:39 +0200] "GET /ricambi-xenon-auto-alta-qualita-/335-kit-ricambio-lampade-xenon-h7-c-35w-alta-qualita-.html HTTP/1.0" 200 130534 "-" "AdsBot-Google (+http://www.google.com/adsbot.html)"
54.36.149.55 - - [20/Jun/2021:21:17:33 +0200] "GET /46-kit-pro-superlight-12v-55w HTTP/1.0" 200 182454 "-" "Mozilla/5.0 (compatible; AhrefsBot/7.0; +http://ahrefs.com/robot/)"
95.253.230.13 - - [20/Jun/2021:21:18:13 +0200] "GET /led-interni-esterni-1224v/541-lampade-t10-w5w-5-led-canbus-fuzion.html?gclid=CjwKCAjwzruGBhBAEiwAUqMR8LBW7q0Rt4tfsAwgxnmV6rH155NYKXG_WfxWZQbKw5liHmX4KzCY2hoCa7EQAvD_BwE HTTP/1.0" 200 158270 "https://www.google.it/" "Mozilla/5.0 (Windows NT 10.0; Win64; x64) AppleWebKit/537.36 (KHTML, like Gecko) Chrome/91.0.4472.114 Safari/537.36 Edg/91.0.864.54"
95.253.230.13 - - [20/Jun/2021:21:18:14 +0200] "GET /1458-medium_default/lampade-t10-w5w-5-led-canbus-fuzion.jpg HTTP/1.0" 200 20090 "https://www.fuzion.it/led-interni-esterni-1224v/541-lampade-t10-w5w-5-led-canbus-fuzion.html?gclid=CjwKCAjwzruGBhBAEiwAUqMR8LBW7q0Rt4tfsAwgxnmV6rH155NYKXG_WfxWZQbKw5liHmX4KzCY2hoCa7EQAvD_BwE" "Mozilla/5.0 (Windows NT 10.0; Win64; x64) AppleWebKit/537.36 (KHTML, like Gecko) Chrome/91.0.4472.114 Safari/537.36 Edg/91.0.864.54"
95.253.230.13 - - [20/Jun/2021:21:18:14 +0200] "GET /1458-small_default/lampade-t10-w5w-5-led-canbus-fuzion.jpg HTTP/1.0" 200 2892 "https://www.fuzion.it/led-interni-esterni-1224v/541-lampade-t10-w5w-5-led-canbus-fuzion.html?gclid=CjwKCAjwzruGBhBAEiwAUqMR8LBW7q0Rt4tfsAwgxnmV6rH155NYKXG_WfxWZQbKw5liHmX4KzCY2hoCa7EQAvD_BwE" "Mozilla/5.0 (Windows NT 10.0; Win64; x64) AppleWebKit/537.36 (KHTML, like Gecko) Chrome/91.0.4472.114 Safari/537.36 Edg/91.0.864.54"
95.253.230.13 - - [20/Jun/2021:21:18:14 +0200] "GET /1459-small_default/lampade-t10-w5w-5-led-canbus-fuzion.jpg HTTP/1.0" 200 5209 "https://www.fuzion.it/led-interni-esterni-1224v/541-lampade-t10-w5w-5-led-canbus-fuzion.html?gclid=CjwKCAjwzruGBhBAEiwAUqMR8LBW7q0Rt4tfsAwgxnmV6rH155NYKXG_WfxWZQbKw5liHmX4KzCY2hoCa7EQAvD_BwE" "Mozilla/5.0 (Windows NT 10.0; Win64; x64) AppleWebKit/537.36 (KHTML, like Gecko) Chrome/91.0.4472.114 Safari/537.36 Edg/91.0.864.54"
95.253.230.13 - - [20/Jun/2021:21:18:14 +0200] "GET /1458-home_default/lampade-t10-w5w-5-led-canbus-fuzion.jpg HTTP/1.0" 200 9173 "https://www.fuzion.it/led-interni-esterni-1224v/541-lampade-t10-w5w-5-led-canbus-fuzion.html?gclid=CjwKCAjwzruGBhBAEiwAUqMR8LBW7q0Rt4tfsAwgxnmV6rH155NYKXG_WfxWZQbKw5liHmX4KzCY2hoCa7EQAvD_BwE" "Mozilla/5.0 (Windows NT 10.0; Win64; x64) AppleWebKit/537.36 (KHTML, like Gecko) Chrome/91.0.4472.114 Safari/537.36 Edg/91.0.864.54"
95.253.230.13 - - [20/Jun/2021:21:18:16 +0200] "GET /1458-large_default/lampade-t10-w5w-5-led-canbus-fuzion.jpg HTTP/1.0" 200 44965 "https://www.fuzion.it/led-interni-esterni-1224v/541-lampade-t10-w5w-5-led-canbus-fuzion.html?gclid=CjwKCAjwzruGBhBAEiwAUqMR8LBW7q0Rt4tfsAwgxnmV6rH155NYKXG_WfxWZQbKw5liHmX4KzCY2hoCa7EQAvD_BwE" "Mozilla/5.0 (Windows NT 10.0; Win64; x64) AppleWebKit/537.36 (KHTML, like Gecko) Chrome/91.0.4472.114 Safari/537.36 Edg/91.0.864.54"
95.253.230.13 - - [20/Jun/2021:21:18:16 +0200] "POST /module/newsletterpro/ajax HTTP/1.0" 200 519 "https://www.fuzion.it/led-interni-esterni-1224v/541-lampade-t10-w5w-5-led-canbus-fuzion.html?gclid=CjwKCAjwzruGBhBAEiwAUqMR8LBW7q0Rt4tfsAwgxnmV6rH155NYKXG_WfxWZQbKw5liHmX4KzCY2hoCa7EQAvD_BwE" "Mozilla/5.0 (Windows NT 10.0; Win64; x64) AppleWebKit/537.36 (KHTML, like Gecko) Chrome/91.0.4472.114 Safari/537.36 Edg/91.0.864.54"
95.253.230.13 - - [20/Jun/2021:21:18:18 +0200] "POST /module/zonethememanager/getFinalDate HTTP/1.0" 200 775 "https://www.fuzion.it/led-interni-esterni-1224v/541-lampade-t10-w5w-5-led-canbus-fuzion.html?gclid=CjwKCAjwzruGBhBAEiwAUqMR8LBW7q0Rt4tfsAwgxnmV6rH155NYKXG_WfxWZQbKw5liHmX4KzCY2hoCa7EQAvD_BwE" "Mozilla/5.0 (Windows NT 10.0; Win64; x64) AppleWebKit/537.36 (KHTML, like Gecko) Chrome/91.0.4472.114 Safari/537.36 Edg/91.0.864.54"
95.253.230.13 - - [20/Jun/2021:21:18:18 +0200] "POST /module/zonemegamenu/menuDropdownContent HTTP/1.0" 200 479 "https://www.fuzion.it/led-interni-esterni-1224v/541-lampade-t10-w5w-5-led-canbus-fuzion.html?gclid=CjwKCAjwzruGBhBAEiwAUqMR8LBW7q0Rt4tfsAwgxnmV6rH155NYKXG_WfxWZQbKw5liHmX4KzCY2hoCa7EQAvD_BwE" "Mozilla/5.0 (Windows NT 10.0; Win64; x64) AppleWebKit/537.36 (KHTML, like Gecko) Chrome/91.0.4472.114 Safari/537.36 Edg/91.0.864.54"
95.253.230.13 - - [20/Jun/2021:21:18:19 +0200] "POST /module/zonethememanager/categoryTree HTTP/1.0" 200 10897 "https://www.fuzion.it/led-interni-esterni-1224v/541-lampade-t10-w5w-5-led-canbus-fuzion.html?gclid=CjwKCAjwzruGBhBAEiwAUqMR8LBW7q0Rt4tfsAwgxnmV6rH155NYKXG_WfxWZQbKw5liHmX4KzCY2hoCa7EQAvD_BwE" "Mozilla/5.0 (Windows NT 10.0; Win64; x64) AppleWebKit/537.36 (KHTML, like Gecko) Chrome/91.0.4472.114 Safari/537.36 Edg/91.0.864.54"
157.55.39.63 - - [20/Jun/2021:21:19:05 +0200] "GET /634-medium_default/kit-xenon-moto-h3-slim-digital-64bit-55w-alta-qualita-.jpg HTTP/1.0" 200 19507 "-" "Mozilla/5.0 (compatible; bingbot/2.0; +http://www.bing.com/bingbot.htm)"
66.249.76.4 - - [20/Jun/2021:21:19:10 +0200] "GET /kit-led-moto-professionali/610-h4-kit-bi-led-matrix-moto-50w-canbus-pro-fuzion.html HTTP/1.0" 200 174888 "-" "Mozilla/5.0 (compatible; Googlebot/2.1; +http://www.google.com/bot.html)"
90.66.4.145 - - [20/Jun/2021:21:19:18 +0200] "GET /wp-login.php HTTP/1.0" 404 48661 "-" "Mozilla/4.0 (compatible; MSIE 6.0; Windows NT 5.0)"
114.119.129.208 - - [20/Jun/2021:21:19:23 +0200] "GET /adattatori-portalampade-led/636-adattatori-portalampade-led-ford-focus-fiesta.html HTTP/1.0" 200 128131 "-" "Mozilla/5.0 (Linux; Android 7.0;) AppleWebKit/537.36 (KHTML, like Gecko) Mobile Safari/537.36 (compatible; PetalBot;+https://webmaster.petalsearch.com/site/petalbot)"
114.119.148.208 - - [20/Jun/2021:21:20:20 +0200] "GET /37-kit-led-auto-moto-e-24v?page=5 HTTP/1.0" 301 414 "-" "Mozilla/5.0 (Linux; Android 7.0;) AppleWebKit/537.36 (KHTML, like Gecko) Mobile Safari/537.36 (compatible; PetalBot;+https://webmaster.petalsearch.com/site/petalbot)"
114.119.148.208 - - [20/Jun/2021:21:20:21 +0200] "GET /37-led-auto-moto-e-24v?page=5 HTTP/1.0" 200 181501 "-" "Mozilla/5.0 (Linux; Android 7.0;) AppleWebKit/537.36 (KHTML, like Gecko) Mobile Safari/537.36 (compatible; PetalBot;+https://webmaster.petalsearch.com/site/petalbot)"
157.55.39.32 - - [20/Jun/2021:21:20:26 +0200] "GET /1959-medium_default/modulo-h7-filtro-canbus-led-no-error-fuzion.jpg HTTP/1.0" 200 25094 "-" "Mozilla/5.0 (compatible; bingbot/2.0; +http://www.bing.com/bingbot.htm)"
66.249.76.4 - - [20/Jun/2021:21:20:31 +0200] "GET /189-lampade-xenon-oem-originali HTTP/1.0" 200 171617 "-" "Mozilla/5.0 (compatible; Googlebot/2.1; +http://www.google.com/bot.html)"
207.46.13.153 - - [20/Jun/2021:21:20:53 +0200] "GET /716-large_default/kit-xenon-hb5-9007-canbus-24v-55w-pro-quality-fuzion.jpg HTTP/1.0" 200 47326 "-" "Mozilla/5.0 (compatible; bingbot/2.0; +http://www.bing.com/bingbot.htm)"
207.46.13.153 - - [20/Jun/2021:21:22:17 +0200] "GET /themes/zonetheme/assets/cache/bottom-18c25e84.js HTTP/1.0" 301 420 "-" "Mozilla/5.0 (compatible; MSIE 9.0; Windows NT 6.1; Trident/5.0)"
2.39.229.186 - - [20/Jun/2021:21:22:21 +0200] "GET /kit-led-per-veicoli-24volt/516-h1-kit-led-matrix-50w-canbus-pro-fuzion.html?gclid=EAIaIQobChMIv-XK9fam8QIVchoGAB16jgB4EAAYASAAEgJa0fD_BwE HTTP/1.0" 200 268286 "https://www.google.it/" "Mozilla/5.0 (iPhone; CPU iPhone OS 14_6 like Mac OS X) AppleWebKit/605.1.15 (KHTML, like Gecko) Version/14.1.1 Mobile/15E148 Safari/604.1"
2.39.229.186 - - [20/Jun/2021:21:22:22 +0200] "GET /2297-medium_default/h1-kit-led-matrix-50w-canbus-pro-fuzion.jpg HTTP/1.0" 200 324371 "https://www.fuzion.it/kit-led-per-veicoli-24volt/516-h1-kit-led-matrix-50w-canbus-pro-fuzion.html?gclid=EAIaIQobChMIv-XK9fam8QIVchoGAB16jgB4EAAYASAAEgJa0fD_BwE" "Mozilla/5.0 (iPhone; CPU iPhone OS 14_6 like Mac OS X) AppleWebKit/605.1.15 (KHTML, like Gecko) Version/14.1.1 Mobile/15E148 Safari/604.1"
2.39.229.186 - - [20/Jun/2021:21:22:22 +0200] "GET /2291-medium_default/h1-kit-led-matrix-50w-canbus-pro-fuzion.jpg HTTP/1.0" 200 236698 "https://www.fuzion.it/kit-led-per-veicoli-24volt/516-h1-kit-led-matrix-50w-canbus-pro-fuzion.html?gclid=EAIaIQobChMIv-XK9fam8QIVchoGAB16jgB4EAAYASAAEgJa0fD_BwE" "Mozilla/5.0 (iPhone; CPU iPhone OS 14_6 like Mac OS X) AppleWebKit/605.1.15 (KHTML, like Gecko) Version/14.1.1 Mobile/15E148 Safari/604.1"
2.39.229.186 - - [20/Jun/2021:21:22:22 +0200] "GET /2288-medium_default/h1-kit-led-matrix-50w-canbus-pro-fuzion.jpg HTTP/1.0" 200 227026 "https://www.fuzion.it/kit-led-per-veicoli-24volt/516-h1-kit-led-matrix-50w-canbus-pro-fuzion.html?gclid=EAIaIQobChMIv-XK9fam8QIVchoGAB16jgB4EAAYASAAEgJa0fD_BwE" "Mozilla/5.0 (iPhone; CPU iPhone OS 14_6 like Mac OS X) AppleWebKit/605.1.15 (KHTML, like Gecko) Version/14.1.1 Mobile/15E148 Safari/604.1"
2.39.229.186 - - [20/Jun/2021:21:22:22 +0200] "GET /2294-medium_default/h1-kit-led-matrix-50w-canbus-pro-fuzion.jpg HTTP/1.0" 200 143739 "https://www.fuzion.it/kit-led-per-veicoli-24volt/516-h1-kit-led-matrix-50w-canbus-pro-fuzion.html?gclid=EAIaIQobChMIv-XK9fam8QIVchoGAB16jgB4EAAYASAAEgJa0fD_BwE" "Mozilla/5.0 (iPhone; CPU iPhone OS 14_6 like Mac OS X) AppleWebKit/605.1.15 (KHTML, like Gecko) Version/14.1.1 Mobile/15E148 Safari/604.1"
2.39.229.186 - - [20/Jun/2021:21:22:22 +0200] "GET /1257-medium_default/h1-kit-led-matrix-50w-canbus-pro-fuzion.jpg HTTP/1.0" 200 25594 "https://www.fuzion.it/kit-led-per-veicoli-24volt/516-h1-kit-led-matrix-50w-canbus-pro-fuzion.html?gclid=EAIaIQobChMIv-XK9fam8QIVchoGAB16jgB4EAAYASAAEgJa0fD_BwE" "Mozilla/5.0 (iPhone; CPU iPhone OS 14_6 like Mac OS X) AppleWebKit/605.1.15 (KHTML, like Gecko) Version/14.1.1 Mobile/15E148 Safari/604.1"
2.39.229.186 - - [20/Jun/2021:21:22:22 +0200] "GET /2293-medium_default/h1-kit-led-matrix-50w-canbus-pro-fuzion.jpg HTTP/1.0" 200 333516 "https://www.fuzion.it/kit-led-per-veicoli-24volt/516-h1-kit-led-matrix-50w-canbus-pro-fuzion.html?gclid=EAIaIQobChMIv-XK9fam8QIVchoGAB16jgB4EAAYASAAEgJa0fD_BwE" "Mozilla/5.0 (iPhone; CPU iPhone OS 14_6 like Mac OS X) AppleWebKit/605.1.15 (KHTML, like Gecko) Version/14.1.1 Mobile/15E148 Safari/604.1"
2.39.229.186 - - [20/Jun/2021:21:22:22 +0200] "GET /2289-home_default/h1-kit-led-matrix-50w-canbus-pro-fuzion.jpg HTTP/1.0" 200 87327 "https://www.fuzion.it/kit-led-per-veicoli-24volt/516-h1-kit-led-matrix-50w-canbus-pro-fuzion.html?gclid=EAIaIQobChMIv-XK9fam8QIVchoGAB16jgB4EAAYASAAEgJa0fD_BwE" "Mozilla/5.0 (iPhone; CPU iPhone OS 14_6 like Mac OS X) AppleWebKit/605.1.15 (KHTML, like Gecko) Version/14.1.1 Mobile/15E148 Safari/604.1"
2.39.229.186 - - [20/Jun/2021:21:22:22 +0200] "GET /2290-medium_default/h1-kit-led-matrix-50w-canbus-pro-fuzion.jpg HTTP/1.0" 200 235548 "https://www.fuzion.it/kit-led-per-veicoli-24volt/516-h1-kit-led-matrix-50w-canbus-pro-fuzion.html?gclid=EAIaIQobChMIv-XK9fam8QIVchoGAB16jgB4EAAYASAAEgJa0fD_BwE" "Mozilla/5.0 (iPhone; CPU iPhone OS 14_6 like Mac OS X) AppleWebKit/605.1.15 (KHTML, like Gecko) Version/14.1.1 Mobile/15E148 Safari/604.1"
2.39.229.186 - - [20/Jun/2021:21:22:22 +0200] "GET /2292-medium_default/h1-kit-led-matrix-50w-canbus-pro-fuzion.jpg HTTP/1.0" 200 304624 "https://www.fuzion.it/kit-led-per-veicoli-24volt/516-h1-kit-led-matrix-50w-canbus-pro-fuzion.html?gclid=EAIaIQobChMIv-XK9fam8QIVchoGAB16jgB4EAAYASAAEgJa0fD_BwE" "Mozilla/5.0 (iPhone; CPU iPhone OS 14_6 like Mac OS X) AppleWebKit/605.1.15 (KHTML, like Gecko) Version/14.1.1 Mobile/15E148 Safari/604.1"
2.39.229.186 - - [20/Jun/2021:21:22:22 +0200] "GET /2295-medium_default/h1-kit-led-matrix-50w-canbus-pro-fuzion.jpg HTTP/1.0" 200 276508 "https://www.fuzion.it/kit-led-per-veicoli-24volt/516-h1-kit-led-matrix-50w-canbus-pro-fuzion.html?gclid=EAIaIQobChMIv-XK9fam8QIVchoGAB16jgB4EAAYASAAEgJa0fD_BwE" "Mozilla/5.0 (iPhone; CPU iPhone OS 14_6 like Mac OS X) AppleWebKit/605.1.15 (KHTML, like Gecko) Version/14.1.1 Mobile/15E148 Safari/604.1"
2.39.229.186 - - [20/Jun/2021:21:22:22 +0200] "GET /2289-medium_default/h1-kit-led-matrix-50w-canbus-pro-fuzion.jpg HTTP/1.0" 200 255312 "https://www.fuzion.it/kit-led-per-veicoli-24volt/516-h1-kit-led-matrix-50w-canbus-pro-fuzion.html?gclid=EAIaIQobChMIv-XK9fam8QIVchoGAB16jgB4EAAYASAAEgJa0fD_BwE" "Mozilla/5.0 (iPhone; CPU iPhone OS 14_6 like Mac OS X) AppleWebKit/605.1.15 (KHTML, like Gecko) Version/14.1.1 Mobile/15E148 Safari/604.1"
2.39.229.186 - - [20/Jun/2021:21:22:22 +0200] "POST /module/newsletterpro/ajax HTTP/1.0" 200 519 "https://www.fuzion.it/kit-led-per-veicoli-24volt/516-h1-kit-led-matrix-50w-canbus-pro-fuzion.html?gclid=EAIaIQobChMIv-XK9fam8QIVchoGAB16jgB4EAAYASAAEgJa0fD_BwE" "Mozilla/5.0 (iPhone; CPU iPhone OS 14_6 like Mac OS X) AppleWebKit/605.1.15 (KHTML, like Gecko) Version/14.1.1 Mobile/15E148 Safari/604.1"
2.39.229.186 - - [20/Jun/2021:21:22:23 +0200] "POST /module/zonethememanager/getFinalDate HTTP/1.0" 200 775 "https://www.fuzion.it/kit-led-per-veicoli-24volt/516-h1-kit-led-matrix-50w-canbus-pro-fuzion.html?gclid=EAIaIQobChMIv-XK9fam8QIVchoGAB16jgB4EAAYASAAEgJa0fD_BwE" "Mozilla/5.0 (iPhone; CPU iPhone OS 14_6 like Mac OS X) AppleWebKit/605.1.15 (KHTML, like Gecko) Version/14.1.1 Mobile/15E148 Safari/604.1"
2.39.229.186 - - [20/Jun/2021:21:22:24 +0200] "POST /module/zonethememanager/categoryTree HTTP/1.0" 200 10897 "https://www.fuzion.it/kit-led-per-veicoli-24volt/516-h1-kit-led-matrix-50w-canbus-pro-fuzion.html?gclid=EAIaIQobChMIv-XK9fam8QIVchoGAB16jgB4EAAYASAAEgJa0fD_BwE" "Mozilla/5.0 (iPhone; CPU iPhone OS 14_6 like Mac OS X) AppleWebKit/605.1.15 (KHTML, like Gecko) Version/14.1.1 Mobile/15E148 Safari/604.1"
207.46.13.153 - - [20/Jun/2021:21:22:46 +0200] "GET /themes/zonetheme/assets/cache/bottom-18c25e84.js HTTP/1.0" 404 48773 "-" "Mozilla/5.0 (compatible; MSIE 9.0; Windows NT 6.1; Trident/5.0)"
114.119.129.110 - - [20/Jun/2021:21:22:47 +0200] "GET /lampadine-led-interneesterne/539-lampade-t10-w5w-5-led-smd-fuzion.html HTTP/1.0" 301 452 "-" "Mozilla/5.0 (Linux; Android 7.0;) AppleWebKit/537.36 (KHTML, like Gecko) Mobile Safari/537.36 (compatible; PetalBot;+https://webmaster.petalsearch.com/site/petalbot)"
114.119.129.110 - - [20/Jun/2021:21:22:48 +0200] "GET /led-interni-esterni-1224v/539-lampade-t10-w5w-5-led-smd-fuzion.html HTTP/1.0" 200 134038 "-" "Mozilla/5.0 (Linux; Android 7.0;) AppleWebKit/537.36 (KHTML, like Gecko) Mobile Safari/537.36 (compatible; PetalBot;+https://webmaster.petalsearch.com/site/petalbot)"
87.20.95.116 - - [20/Jun/2021:21:23:25 +0200] "GET /kit-led-per-veicoli-24volt/519-h7-kit-led-matrix-50w-canbus-pro-fuzion.html?gclid=CjwKCAjwzruGBhBAEiwAUqMR8LULxJKcezt2x9vN-hE39MECORVOz7JnpPJW42k74XGQMRB6rvtFGBoCFP4QAvD_BwE HTTP/1.0" 200 176178 "https://www.google.com/" "Mozilla/5.0 (Linux; Android 11; SM-G770F) AppleWebKit/537.36 (KHTML, like Gecko) Chrome/91.0.4472.101 Mobile Safari/537.36"
87.20.95.116 - - [20/Jun/2021:21:23:26 +0200] "GET /2326-medium_default/h7-kit-led-matrix-50w-canbus-pro-fuzion.jpg HTTP/1.0" 200 235011 "https://www.fuzion.it/kit-led-per-veicoli-24volt/519-h7-kit-led-matrix-50w-canbus-pro-fuzion.html?gclid=CjwKCAjwzruGBhBAEiwAUqMR8LULxJKcezt2x9vN-hE39MECORVOz7JnpPJW42k74XGQMRB6rvtFGBoCFP4QAvD_BwE" "Mozilla/5.0 (Linux; Android 11; SM-G770F) AppleWebKit/537.36 (KHTML, like Gecko) Chrome/91.0.4472.101 Mobile Safari/537.36"
87.20.95.116 - - [20/Jun/2021:21:23:26 +0200] "GET /2326-home_default/h7-kit-led-matrix-50w-canbus-pro-fuzion.jpg HTTP/1.0" 200 81951 "https://www.fuzion.it/kit-led-per-veicoli-24volt/519-h7-kit-led-matrix-50w-canbus-pro-fuzion.html?gclid=CjwKCAjwzruGBhBAEiwAUqMR8LULxJKcezt2x9vN-hE39MECORVOz7JnpPJW42k74XGQMRB6rvtFGBoCFP4QAvD_BwE" "Mozilla/5.0 (Linux; Android 11; SM-G770F) AppleWebKit/537.36 (KHTML, like Gecko) Chrome/91.0.4472.101 Mobile Safari/537.36"
87.20.95.116 - - [20/Jun/2021:21:23:26 +0200] "POST /module/newsletterpro/ajax HTTP/1.0" 200 519 "https://www.fuzion.it/kit-led-per-veicoli-24volt/519-h7-kit-led-matrix-50w-canbus-pro-fuzion.html?gclid=CjwKCAjwzruGBhBAEiwAUqMR8LULxJKcezt2x9vN-hE39MECORVOz7JnpPJW42k74XGQMRB6rvtFGBoCFP4QAvD_BwE" "Mozilla/5.0 (Linux; Android 11; SM-G770F) AppleWebKit/537.36 (KHTML, like Gecko) Chrome/91.0.4472.101 Mobile Safari/537.36"
87.20.95.116 - - [20/Jun/2021:21:23:27 +0200] "POST /module/zonethememanager/getFinalDate HTTP/1.0" 200 775 "https://www.fuzion.it/kit-led-per-veicoli-24volt/519-h7-kit-led-matrix-50w-canbus-pro-fuzion.html?gclid=CjwKCAjwzruGBhBAEiwAUqMR8LULxJKcezt2x9vN-hE39MECORVOz7JnpPJW42k74XGQMRB6rvtFGBoCFP4QAvD_BwE" "Mozilla/5.0 (Linux; Android 11; SM-G770F) AppleWebKit/537.36 (KHTML, like Gecko) Chrome/91.0.4472.101 Mobile Safari/537.36"
93.34.33.125 - - [20/Jun/2021:21:23:27 +0200] "GET /kit-led-per-veicoli-24volt/519-h7-kit-led-matrix-50w-canbus-pro-fuzion.html?gclid=EAIaIQobChMImeLe6vWm8QIVUOJ3Ch32IQVHEAAYAiAAEgI4OPD_BwE HTTP/1.0" 200 176041 "https://www.google.it/" "Mozilla/5.0 (iPhone; CPU iPhone OS 14_6 like Mac OS X) AppleWebKit/605.1.15 (KHTML, like Gecko) Version/14.1.1 Mobile/15E148 Safari/604.1"
93.34.33.125 - - [20/Jun/2021:21:23:27 +0200] "GET /2326-medium_default/h7-kit-led-matrix-50w-canbus-pro-fuzion.jpg HTTP/1.0" 200 235011 "https://www.fuzion.it/kit-led-per-veicoli-24volt/519-h7-kit-led-matrix-50w-canbus-pro-fuzion.html?gclid=EAIaIQobChMImeLe6vWm8QIVUOJ3Ch32IQVHEAAYAiAAEgI4OPD_BwE" "Mozilla/5.0 (iPhone; CPU iPhone OS 14_6 like Mac OS X) AppleWebKit/605.1.15 (KHTML, like Gecko) Version/14.1.1 Mobile/15E148 Safari/604.1"
93.34.33.125 - - [20/Jun/2021:21:23:27 +0200] "GET /2322-medium_default/h7-kit-led-matrix-50w-canbus-pro-fuzion.jpg HTTP/1.0" 200 228230 "https://www.fuzion.it/kit-led-per-veicoli-24volt/519-h7-kit-led-matrix-50w-canbus-pro-fuzion.html?gclid=EAIaIQobChMImeLe6vWm8QIVUOJ3Ch32IQVHEAAYAiAAEgI4OPD_BwE" "Mozilla/5.0 (iPhone; CPU iPhone OS 14_6 like Mac OS X) AppleWebKit/605.1.15 (KHTML, like Gecko) Version/14.1.1 Mobile/15E148 Safari/604.1"
93.34.33.125 - - [20/Jun/2021:21:23:27 +0200] "GET /2323-medium_default/h7-kit-led-matrix-50w-canbus-pro-fuzion.jpg HTTP/1.0" 200 241416 "https://www.fuzion.it/kit-led-per-veicoli-24volt/519-h7-kit-led-matrix-50w-canbus-pro-fuzion.html?gclid=EAIaIQobChMImeLe6vWm8QIVUOJ3Ch32IQVHEAAYAiAAEgI4OPD_BwE" "Mozilla/5.0 (iPhone; CPU iPhone OS 14_6 like Mac OS X) AppleWebKit/605.1.15 (KHTML, like Gecko) Version/14.1.1 Mobile/15E148 Safari/604.1"
93.34.33.125 - - [20/Jun/2021:21:23:27 +0200] "GET /1287-medium_default/h7-kit-led-matrix-50w-canbus-pro-fuzion.jpg HTTP/1.0" 200 23071 "https://www.fuzion.it/kit-led-per-veicoli-24volt/519-h7-kit-led-matrix-50w-canbus-pro-fuzion.html?gclid=EAIaIQobChMImeLe6vWm8QIVUOJ3Ch32IQVHEAAYAiAAEgI4OPD_BwE" "Mozilla/5.0 (iPhone; CPU iPhone OS 14_6 like Mac OS X) AppleWebKit/605.1.15 (KHTML, like Gecko) Version/14.1.1 Mobile/15E148 Safari/604.1"
93.34.33.125 - - [20/Jun/2021:21:23:27 +0200] "GET /2317-medium_default/h7-kit-led-matrix-50w-canbus-pro-fuzion.jpg HTTP/1.0" 200 143739 "https://www.fuzion.it/kit-led-per-veicoli-24volt/519-h7-kit-led-matrix-50w-canbus-pro-fuzion.html?gclid=EAIaIQobChMImeLe6vWm8QIVUOJ3Ch32IQVHEAAYAiAAEgI4OPD_BwE" "Mozilla/5.0 (iPhone; CPU iPhone OS 14_6 like Mac OS X) AppleWebKit/605.1.15 (KHTML, like Gecko) Version/14.1.1 Mobile/15E148 Safari/604.1"
93.34.33.125 - - [20/Jun/2021:21:23:27 +0200] "GET /2324-medium_default/h7-kit-led-matrix-50w-canbus-pro-fuzion.jpg HTTP/1.0" 200 236698 "https://www.fuzion.it/kit-led-per-veicoli-24volt/519-h7-kit-led-matrix-50w-canbus-pro-fuzion.html?gclid=EAIaIQobChMImeLe6vWm8QIVUOJ3Ch32IQVHEAAYAiAAEgI4OPD_BwE" "Mozilla/5.0 (iPhone; CPU iPhone OS 14_6 like Mac OS X) AppleWebKit/605.1.15 (KHTML, like Gecko) Version/14.1.1 Mobile/15E148 Safari/604.1"
93.34.33.125 - - [20/Jun/2021:21:23:27 +0200] "GET /2326-home_default/h7-kit-led-matrix-50w-canbus-pro-fuzion.jpg HTTP/1.0" 200 81951 "https://www.fuzion.it/kit-led-per-veicoli-24volt/519-h7-kit-led-matrix-50w-canbus-pro-fuzion.html?gclid=EAIaIQobChMImeLe6vWm8QIVUOJ3Ch32IQVHEAAYAiAAEgI4OPD_BwE" "Mozilla/5.0 (iPhone; CPU iPhone OS 14_6 like Mac OS X) AppleWebKit/605.1.15 (KHTML, like Gecko) Version/14.1.1 Mobile/15E148 Safari/604.1"
93.34.33.125 - - [20/Jun/2021:21:23:27 +0200] "GET /2325-medium_default/h7-kit-led-matrix-50w-canbus-pro-fuzion.jpg HTTP/1.0" 200 304624 "https://www.fuzion.it/kit-led-per-veicoli-24volt/519-h7-kit-led-matrix-50w-canbus-pro-fuzion.html?gclid=EAIaIQobChMImeLe6vWm8QIVUOJ3Ch32IQVHEAAYAiAAEgI4OPD_BwE" "Mozilla/5.0 (iPhone; CPU iPhone OS 14_6 like Mac OS X) AppleWebKit/605.1.15 (KHTML, like Gecko) Version/14.1.1 Mobile/15E148 Safari/604.1"
93.34.33.125 - - [20/Jun/2021:21:23:27 +0200] "GET /2319-medium_default/h7-kit-led-matrix-50w-canbus-pro-fuzion.jpg HTTP/1.0" 200 276508 "https://www.fuzion.it/kit-led-per-veicoli-24volt/519-h7-kit-led-matrix-50w-canbus-pro-fuzion.html?gclid=EAIaIQobChMImeLe6vWm8QIVUOJ3Ch32IQVHEAAYAiAAEgI4OPD_BwE" "Mozilla/5.0 (iPhone; CPU iPhone OS 14_6 like Mac OS X) AppleWebKit/605.1.15 (KHTML, like Gecko) Version/14.1.1 Mobile/15E148 Safari/604.1"
93.34.33.125 - - [20/Jun/2021:21:23:27 +0200] "GET /2318-medium_default/h7-kit-led-matrix-50w-canbus-pro-fuzion.jpg HTTP/1.0" 200 333516 "https://www.fuzion.it/kit-led-per-veicoli-24volt/519-h7-kit-led-matrix-50w-canbus-pro-fuzion.html?gclid=EAIaIQobChMImeLe6vWm8QIVUOJ3Ch32IQVHEAAYAiAAEgI4OPD_BwE" "Mozilla/5.0 (iPhone; CPU iPhone OS 14_6 like Mac OS X) AppleWebKit/605.1.15 (KHTML, like Gecko) Version/14.1.1 Mobile/15E148 Safari/604.1"
93.34.33.125 - - [20/Jun/2021:21:23:27 +0200] "GET /2320-medium_default/h7-kit-led-matrix-50w-canbus-pro-fuzion.jpg HTTP/1.0" 200 324371 "https://www.fuzion.it/kit-led-per-veicoli-24volt/519-h7-kit-led-matrix-50w-canbus-pro-fuzion.html?gclid=EAIaIQobChMImeLe6vWm8QIVUOJ3Ch32IQVHEAAYAiAAEgI4OPD_BwE" "Mozilla/5.0 (iPhone; CPU iPhone OS 14_6 like Mac OS X) AppleWebKit/605.1.15 (KHTML, like Gecko) Version/14.1.1 Mobile/15E148 Safari/604.1"
