114.119.139.115 - - [20/Jun/2021:06:25:34 +0200] "GET /kit-sensori-di-parcheggio/512-1671-kit-4-sensori-di-parcheggio-con-display-lcd-a-colori-pro-fuzion.html HTTP/1.0" 200 160727 "-" "Mozilla/5.0 (Linux; Android 7.0;) AppleWebKit/537.36 (KHTML, like Gecko) Mobile Safari/537.36 (compatible; PetalBot;+https://webmaster.petalsearch.com/site/petalbot)"
54.36.149.81 - - [20/Jun/2021:06:26:08 +0200] "GET /90-kit-xenon-auto-moto-e-24v HTTP/1.0" 200 181104 "-" "Mozilla/5.0 (compatible; AhrefsBot/7.0; +http://ahrefs.com/robot/)"
40.77.167.108 - - [20/Jun/2021:06:26:15 +0200] "GET /kit-led-per-auto-alta-qualita-/592-h16-5202-kit-led-36w-canbus-alta-qualita-fuzion.html HTTP/1.0" 200 152834 "-" "Mozilla/5.0 (compatible; bingbot/2.0; +http://www.bing.com/bingbot.htm)"
66.249.89.200 - - [20/Jun/2021:06:27:45 +0200] "GET /115-kit-led-per-auto-alta-qualita- HTTP/1.0" 200 172360 "-" "AdsBot-Google (+http://www.google.com/adsbot.html)"
66.249.64.200 - - [20/Jun/2021:06:29:42 +0200] "GET /190-sistemi-per-il-parcheggio HTTP/1.0" 200 176973 "-" "Mozilla/5.0 (compatible; Googlebot/2.1; +http://www.google.com/bot.html)"
157.55.39.180 - - [20/Jun/2021:06:29:47 +0200] "GET /818-large_default/kit-ricambio-lampade-xenon-hb1-9004-xenpro-fuzion-pro-quality.jpg HTTP/1.0" 200 47326 "-" "Mozilla/5.0 (compatible; bingbot/2.0; +http://www.bing.com/bingbot.htm)"
114.119.145.79 - - [20/Jun/2021:06:30:34 +0200] "GET /kit-sensori-di-parcheggio/510-kit-4-sensori-di-parcheggio-con-cicalino-pro-fuzion.html HTTP/1.0" 200 178762 "-" "Mozilla/5.0 (Linux; Android 7.0;) AppleWebKit/537.36 (KHTML, like Gecko) Mobile Safari/537.36 (compatible; PetalBot;+https://webmaster.petalsearch.com/site/petalbot)"
207.46.13.52 - - [20/Jun/2021:06:31:05 +0200] "GET /483-medium_default/kit-xenon-d4s-superlight-12v-55w-pro-quality-fuzion.jpg HTTP/1.0" 200 16759 "-" "Mozilla/5.0 (compatible; bingbot/2.0; +http://www.bing.com/bingbot.htm)"
114.119.145.192 - - [20/Jun/2021:06:31:55 +0200] "GET /kit-sensori-di-parcheggio/510-kit-4-sensori-di-parcheggio-con-cicalino-pro-fuzion.html?wsr_p=2 HTTP/1.0" 200 178985 "-" "Mozilla/5.0 (Linux; Android 7.0;) AppleWebKit/537.36 (KHTML, like Gecko) Mobile Safari/537.36 (compatible; PetalBot;+https://webmaster.petalsearch.com/site/petalbot)"
54.36.149.81 - - [20/Jun/2021:06:32:35 +0200] "GET /centraline-xenon-oem-originali/446-centralina-xenon-valeo-6g-89034934-alta-qualita-fuzion.html HTTP/1.0" 200 146454 "-" "Mozilla/5.0 (compatible; AhrefsBot/7.0; +http://ahrefs.com/robot/)"
207.46.13.52 - - [20/Jun/2021:06:32:47 +0200] "GET /led-interni-esterni-1224v/540-lampade-t10-w5w-3-led-canbus-fuzion.html HTTP/1.0" 200 134928 "-" "Mozilla/5.0 (compatible; bingbot/2.0; +http://www.bing.com/bingbot.htm)"
40.77.167.108 - - [20/Jun/2021:06:32:49 +0200] "GET /153-centraline-xenon-oem-originali HTTP/1.0" 200 178522 "-" "Mozilla/5.0 (compatible; bingbot/2.0; +http://www.bing.com/bingbot.htm)"
40.77.167.21 - - [20/Jun/2021:06:32:49 +0200] "GET /led-interni-esterni-1224v/564-lampade-t20-7440-w21w-18-led-canbus-fuzion.html HTTP/1.0" 200 140719 "-" "Mozilla/5.0 (compatible; bingbot/2.0; +http://www.bing.com/bingbot.htm)"
157.55.39.180 - - [20/Jun/2021:06:32:52 +0200] "GET /contattaci HTTP/1.0" 200 48174 "-" "Mozilla/5.0 (compatible; bingbot/2.0; +http://www.bing.com/bingbot.htm)"
66.249.64.200 - - [20/Jun/2021:06:33:02 +0200] "GET /1685-home_default/h13-kit-bi-led-36w-canbus-alta-qualita-fuzion.jpg HTTP/1.0" 200 19928 "-" "Googlebot-Image/1.0"
207.46.13.153 - - [20/Jun/2021:06:33:42 +0200] "GET /37-led-auto-moto-e-24v?page=3 HTTP/1.0" 200 181472 "-" "Mozilla/5.0 (compatible; bingbot/2.0; +http://www.bing.com/bingbot.htm)"
207.46.13.153 - - [20/Jun/2021:06:33:43 +0200] "GET /content/11-info-kit-full-led HTTP/1.0" 200 58166 "-" "Mozilla/5.0 (compatible; bingbot/2.0; +http://www.bing.com/bingbot.htm)"
66.249.89.204 - - [20/Jun/2021:06:34:16 +0200] "GET /led-interni-esterni-1224v/567-lampade-t20-7443-w215w-50w-led-canbus-fuzion.html HTTP/1.0" 200 139264 "-" "AdsBot-Google (+http://www.google.com/adsbot.html)"
54.36.148.197 - - [20/Jun/2021:06:35:23 +0200] "GET /centraline-xenon-oem-originali/461-centralina-xenon-hella-5dv009000-00-alta-qualita-fuzion.html HTTP/1.0" 200 151378 "-" "Mozilla/5.0 (compatible; AhrefsBot/7.0; +http://ahrefs.com/robot/)"
207.46.13.153 - - [20/Jun/2021:06:36:06 +0200] "GET /1549-medium_default/lampade-t20-7440-w21w-18-led-canbus-fuzion.jpg HTTP/1.0" 200 26034 "-" "Mozilla/5.0 (compatible; bingbot/2.0; +http://www.bing.com/bingbot.htm)"
66.249.64.200 - - [20/Jun/2021:06:38:12 +0200] "GET /1789-home_default/h11-kit-led-moto-36w-canbus-alta-qualita-fuzion.jpg HTTP/1.0" 403 1229 "-" "Googlebot-Image/1.0"
157.55.39.88 - - [20/Jun/2021:06:39:12 +0200] "GET /2350-small_default/h11-kit-led-matrix-50w-canbus-pro-fuzion.jpg HTTP/1.0" 200 12744 "-" "Mozilla/5.0 (compatible; bingbot/2.0; +http://www.bing.com/bingbot.htm)"
54.36.149.55 - - [20/Jun/2021:06:39:49 +0200] "GET /ricambi-xenon-moto-e-scooter/423-kit-ricambio-lampade-xenon-moto-h7-xenpro-fuzion-pro-quality.html HTTP/1.0" 200 137642 "-" "Mozilla/5.0 (compatible; AhrefsBot/7.0; +http://ahrefs.com/robot/)"
66.249.64.200 - - [20/Jun/2021:06:42:43 +0200] "GET /kit-led-per-auto-professionali/535-psx24w-2504-kit-led-matrix-50w-canbus-pro-fuzion.html HTTP/1.0" 200 151910 "-" "Mozilla/5.0 (Linux; Android 6.0.1; Nexus 5X Build/MMB29P) AppleWebKit/537.36 (KHTML, like Gecko) Chrome/91.0.4472.90 Mobile Safari/537.36 (compatible; Googlebot/2.1; +http://www.google.com/bot.html)"
114.119.134.231 - - [20/Jun/2021:06:42:54 +0200] "GET /185-resistenze-spegni-spia HTTP/1.0" 302 942 "-" "Mozilla/5.0 (Linux; Android 7.0;) AppleWebKit/537.36 (KHTML, like Gecko) Mobile Safari/537.36 (compatible; PetalBot;+https://webmaster.petalsearch.com/site/petalbot)"
114.119.134.231 - - [20/Jun/2021:06:42:56 +0200] "GET /index.php?controller=404 HTTP/1.0" 404 46854 "-" "Mozilla/5.0 (Linux; Android 7.0;) AppleWebKit/537.36 (KHTML, like Gecko) Mobile Safari/537.36 (compatible; PetalBot;+https://webmaster.petalsearch.com/site/petalbot)"
40.77.167.108 - - [20/Jun/2021:06:43:16 +0200] "GET /ricambi-xenon-auto-alta-qualita-/359-kit-ricambio-lampade-xenon-d2s-55w-alta-qualita-.html HTTP/1.0" 302 972 "-" "Mozilla/5.0 (compatible; bingbot/2.0; +http://www.bing.com/bingbot.htm)"
40.77.167.108 - - [20/Jun/2021:06:43:17 +0200] "GET /index.php?controller=404 HTTP/1.0" 404 43662 "-" "Mozilla/5.0 (compatible; bingbot/2.0; +http://www.bing.com/bingbot.htm)"
66.249.89.200 - - [20/Jun/2021:06:44:43 +0200] "POST /module/newsletterpro/ajax HTTP/1.0" 200 519 "https://www.fuzion.it/led-interni-esterni-1224v/541-lampade-t10-w5w-5-led-canbus-fuzion.html" "AdsBot-Google (+http://www.google.com/adsbot.html)"
157.55.39.88 - - [20/Jun/2021:06:46:23 +0200] "GET /kit-led-per-veicoli-24volt/519-h7-kit-led-matrix-50w-canbus-pro-fuzion.html?wsr_p=3 HTTP/1.0" 200 181834 "-" "Mozilla/5.0 (compatible; bingbot/2.0; +http://www.bing.com/bingbot.htm)"
185.30.176.26 - - [20/Jun/2021:06:46:32 +0200] "GET /1079-medium_default/h7-alogene-super-white-pro-effetto-xenon-hid-fuzion.jpg HTTP/1.0" 200 26045 "-" "Mozilla/5.0 (X11; Linux x86_64) AppleWebKit/537.36 (KHTML, like Gecko)"
185.30.176.27 - - [20/Jun/2021:06:46:32 +0200] "GET /2326-medium_default/h7-kit-led-matrix-50w-canbus-pro-fuzion.jpg HTTP/1.0" 200 235011 "-" "Mozilla/5.0 (X11; Linux x86_64) AppleWebKit/537.36 (KHTML, like Gecko)"
185.30.176.26 - - [20/Jun/2021:06:46:32 +0200] "GET /3100-medium_default/pasta-lavamani-professionale-4000ml-4kg-made-in-italy-fuzion.jpg HTTP/1.0" 200 240221 "-" "Mozilla/5.0 (X11; Linux x86_64) AppleWebKit/537.36 (KHTML, like Gecko)"
185.30.176.26 - - [20/Jun/2021:06:46:32 +0200] "GET /2232-medium_default/h7-kit-led-36w-canbus-alta-qualita-fuzion.jpg HTTP/1.0" 200 272197 "-" "Mozilla/5.0 (X11; Linux x86_64) AppleWebKit/537.36 (KHTML, like Gecko)"
185.30.176.26 - - [20/Jun/2021:06:46:32 +0200] "GET /1202-medium_default/kit-4-sensori-di-parcheggio-con-cicalino-pro-fuzion.jpg HTTP/1.0" 200 34393 "-" "Mozilla/5.0 (X11; Linux x86_64) AppleWebKit/537.36 (KHTML, like Gecko)"
185.30.176.27 - - [20/Jun/2021:06:46:32 +0200] "GET /2904-medium_default/kit-ricambio-lampade-xenon-d1s-hid-standard-fuzion.jpg HTTP/1.0" 200 225777 "-" "Mozilla/5.0 (X11; Linux x86_64) AppleWebKit/537.36 (KHTML, like Gecko)"
185.30.176.27 - - [20/Jun/2021:06:46:32 +0200] "GET /2910-medium_default/kit-ricambio-lampade-xenon-d1s-oem-24v-xenpro-fuzion-pro-quality.jpg HTTP/1.0" 200 228858 "-" "Mozilla/5.0 (X11; Linux x86_64) AppleWebKit/537.36 (KHTML, like Gecko)"
185.30.176.26 - - [20/Jun/2021:06:46:32 +0200] "GET /module/newsletterpro/api?action=openedEmail&token=3dca93dcf36c9b943a5306b6872ceb8c&email=indice212@inwind.it HTTP/1.0" 200 1652 "-" "Mozilla/5.0 (X11; Linux x86_64) AppleWebKit/537.36 (KHTML, like Gecko)"
17.121.114.210 - - [20/Jun/2021:06:47:00 +0200] "GET /ricambi-xenon-auto-professionali/376-1449-kit-ricambio-lampade-xenon-hb1-9004-xenpro-fuzion-pro-quality.html HTTP/1.0" 200 138007 "-" "Mozilla/5.0 (Macintosh; Intel Mac OS X 10_15_5) AppleWebKit/605.1.15 (KHTML, like Gecko) Version/13.1.1 Safari/605.1.15 (Applebot/0.1; +http://www.apple.com/go/applebot)"
66.249.89.202 - - [20/Jun/2021:06:48:40 +0200] "GET /lampadine-led-interneesterne/545-lampade-t10-w5w-9-led-12-24v-canbus-fuzion.html HTTP/1.0" 301 462 "-" "AdsBot-Google (+http://www.google.com/adsbot.html)"
66.249.89.202 - - [20/Jun/2021:06:48:41 +0200] "GET /kit-led-per-veicoli-24volt/516-h1-kit-led-matrix-50w-canbus-pro-fuzion.html HTTP/1.0" 200 268263 "-" "AdsBot-Google (+http://www.google.com/adsbot.html)"
66.249.89.200 - - [20/Jun/2021:06:48:46 +0200] "POST /module/newsletterpro/ajax HTTP/1.0" 200 519 "https://www.fuzion.it/kit-led-per-veicoli-24volt/516-h1-kit-led-matrix-50w-canbus-pro-fuzion.html" "AdsBot-Google (+http://www.google.com/adsbot.html)"
66.249.89.202 - - [20/Jun/2021:06:48:49 +0200] "POST /module/zonemegamenu/menuDropdownContent HTTP/1.0" 200 479 "https://www.fuzion.it/led-interni-esterni-1224v/545-lampade-t10-w5w-9-led-12-24v-canbus-fuzion.html" "AdsBot-Google (+http://www.google.com/adsbot.html)"
66.249.89.200 - - [20/Jun/2021:06:48:52 +0200] "POST /module/zonethememanager/getFinalDate HTTP/1.0" 200 775 "https://www.fuzion.it/kit-led-per-veicoli-24volt/516-h1-kit-led-matrix-50w-canbus-pro-fuzion.html" "AdsBot-Google (+http://www.google.com/adsbot.html)"
66.249.89.200 - - [20/Jun/2021:06:48:52 +0200] "POST /module/zonemegamenu/menuDropdownContent HTTP/1.0" 200 479 "https://www.fuzion.it/kit-led-per-veicoli-24volt/516-h1-kit-led-matrix-50w-canbus-pro-fuzion.html" "AdsBot-Google (+http://www.google.com/adsbot.html)"
66.249.89.200 - - [20/Jun/2021:06:48:53 +0200] "POST /module/zonethememanager/categoryTree HTTP/1.0" 200 10897 "https://www.fuzion.it/kit-led-per-veicoli-24volt/516-h1-kit-led-matrix-50w-canbus-pro-fuzion.html" "AdsBot-Google (+http://www.google.com/adsbot.html)"
207.46.13.153 - - [20/Jun/2021:06:50:28 +0200] "GET /193-home_default/kit-bi-xenon-h4-3-slim-digital-64bit-55w-alta-qualita-.jpg HTTP/1.0" 200 8287 "-" "Mozilla/5.0 (compatible; bingbot/2.0; +http://www.bing.com/bingbot.htm)"
66.249.89.200 - - [20/Jun/2021:06:50:40 +0200] "GET /kit-pro-standard-12v-35w/174-kit-xenon-d1s-standard-12v-35w-pro-quality-fuzion.html HTTP/1.0" 200 137566 "-" "AdsBot-Google (+http://www.google.com/adsbot.html)"
66.249.89.200 - - [20/Jun/2021:06:50:41 +0200] "GET /kit-led-moto-alta-qualita-/603-h7-kit-led-moto-36w-canbus-alta-qualita-fuzion.html HTTP/1.0" 200 153632 "-" "AdsBot-Google (+http://www.google.com/adsbot.html)"
66.249.89.200 - - [20/Jun/2021:06:50:44 +0200] "POST /module/zonemegamenu/menuDropdownContent HTTP/1.0" 200 479 "https://www.fuzion.it/kit-pro-standard-12v-35w/174-kit-xenon-d1s-standard-12v-35w-pro-quality-fuzion.html" "AdsBot-Google (+http://www.google.com/adsbot.html)"
66.249.89.200 - - [20/Jun/2021:06:50:44 +0200] "POST /module/newsletterpro/ajax HTTP/1.0" 200 519 "https://www.fuzion.it/kit-led-moto-alta-qualita-/603-h7-kit-led-moto-36w-canbus-alta-qualita-fuzion.html" "AdsBot-Google (+http://www.google.com/adsbot.html)"
66.249.89.200 - - [20/Jun/2021:06:50:45 +0200] "POST /module/zonemegamenu/menuDropdownContent HTTP/1.0" 200 479 "https://www.fuzion.it/kit-led-moto-alta-qualita-/603-h7-kit-led-moto-36w-canbus-alta-qualita-fuzion.html" "AdsBot-Google (+http://www.google.com/adsbot.html)"
66.249.89.200 - - [20/Jun/2021:06:50:46 +0200] "POST /module/newsletterpro/ajax HTTP/1.0" 200 519 "https://www.fuzion.it/kit-led-moto-professionali/614-h11-kit-led-matrix-moto-50w-canbus-pro-fuzion.html" "AdsBot-Google (+http://www.google.com/adsbot.html)"
66.249.89.200 - - [20/Jun/2021:06:50:48 +0200] "POST /module/zonethememanager/categoryTree HTTP/1.0" 200 10897 "https://www.fuzion.it/lampade-alogene-12volt/490-hb3-9005-alogene-super-white-pro-effetto-xenon-hid-fuzion.html" "AdsBot-Google (+http://www.google.com/adsbot.html)"
66.249.89.204 - - [20/Jun/2021:06:51:05 +0200] "POST /module/zonethememanager/categoryTree HTTP/1.0" 200 10897 "https://www.fuzion.it/kit-led-moto-alta-qualita-/603-h7-kit-led-moto-36w-canbus-alta-qualita-fuzion.html" "AdsBot-Google (+http://www.google.com/adsbot.html)"
54.36.148.217 - - [20/Jun/2021:06:52:39 +0200] "GET /ricambi-xenon-moto-e-scooter/421-1629-kit-ricambio-lampade-xenon-moto-h4-2-xenpro-fuzion-pro-quality.html HTTP/1.0" 200 138072 "-" "Mozilla/5.0 (compatible; AhrefsBot/7.0; +http://ahrefs.com/robot/)"
66.249.64.200 - - [20/Jun/2021:06:52:48 +0200] "GET /1645-home_default/h7-kit-led-36w-canbus-alta-qualita-fuzion.jpg HTTP/1.0" 200 25899 "-" "Googlebot-Image/1.0"
66.249.76.4 - - [20/Jun/2021:06:53:41 +0200] "GET /118-ricambi-e-accessori-led HTTP/1.0" 200 173148 "-" "Mozilla/5.0 (compatible; Googlebot/2.1; +http://www.google.com/bot.html)"
66.249.64.200 - - [20/Jun/2021:06:55:23 +0200] "GET /1770-home_default/h7-kit-led-moto-36w-canbus-alta-qualita-fuzion.jpg HTTP/1.0" 403 1229 "-" "Googlebot-Image/1.0"
66.220.149.32 - - [20/Jun/2021:06:55:25 +0200] "GET / HTTP/1.0" 200 390577 "-" "facebookexternalhit/1.1 (+http://www.facebook.com/externalhit_uatext.php)"
66.249.64.200 - - [20/Jun/2021:06:58:25 +0200] "GET /ricambi-xenon-auto-professionali/385-kit-ricambio-lampade-xenon-d1s-oem-xenpro-fuzion-pro-quality.html HTTP/1.0" 200 162559 "-" "Mozilla/5.0 (Linux; Android 6.0.1; Nexus 5X Build/MMB29P) AppleWebKit/537.36 (KHTML, like Gecko) Chrome/91.0.4472.90 Mobile Safari/537.36 (compatible; Googlebot/2.1; +http://www.google.com/bot.html)"
80.211.21.168 - - [20/Jun/2021:07:00:01 +0200] "GET /modules/fastbay1/ajax/downloadOrders.php?s=1&mp=101&token=fe5bbe495522e306e46ab3a58ca3e552 HTTP/1.0" 200 1193 "-" "curl/7.29.0"
80.211.21.168 - - [20/Jun/2021:07:00:01 +0200] "GET /mcadmin/index.php?controller=AdminSearch&action=searchCron&ajax=1&full=1&token=3ztiax6t&id_shop=1 HTTP/1.0" 200 1048 "-" "curl/7.29.0"
157.55.39.32 - - [20/Jun/2021:07:01:14 +0200] "GET /adattatori-portalampade-xenon/745-adattatori-portalampade-xenon-fiat-500-alfa-mito.html HTTP/1.0" 200 126403 "-" "Mozilla/5.0 (compatible; bingbot/2.0; +http://www.bing.com/bingbot.htm)"
207.46.13.153 - - [20/Jun/2021:07:01:20 +0200] "GET /1932-large_default/adattatori-portalampade-led-bmw-e39-opel-mazda-honda.jpg HTTP/1.0" 200 44911 "-" "Mozilla/5.0 (compatible; bingbot/2.0; +http://www.bing.com/bingbot.htm)"
114.119.148.208 - - [20/Jun/2021:07:02:03 +0200] "GET /2-categorie?q=Categorie-KIT%2BXENON%2BMOTO%2BCANBUS%2BPRO%2B35W&page=53 HTTP/1.0" 200 184642 "-" "Mozilla/5.0 (Linux; Android 7.0;) AppleWebKit/537.36 (KHTML, like Gecko) Mobile Safari/537.36 (compatible; PetalBot;+https://webmaster.petalsearch.com/site/petalbot)"
66.249.76.4 - - [20/Jun/2021:07:02:31 +0200] "GET /lampade-alogene-12volt/487-h15-alogene-super-white-pro-effetto-xenon-hid-fuzion.html HTTP/1.0" 200 151448 "-" "Mozilla/5.0 (Linux; Android 6.0.1; Nexus 5X Build/MMB29P) AppleWebKit/537.36 (KHTML, like Gecko) Chrome/91.0.4472.90 Mobile Safari/537.36 (compatible; Googlebot/2.1; +http://www.google.com/bot.html)"
114.119.136.34 - - [20/Jun/2021:07:03:12 +0200] "GET /ricambi-xenon-auto-professionali/365-1405-kit-ricambio-lampade-xenon-h7-xenpro-fuzion-pro-quality.html HTTP/1.0" 200 146473 "-" "Mozilla/5.0 (Linux; Android 7.0;) AppleWebKit/537.36 (KHTML, like Gecko) Mobile Safari/537.36 (compatible; PetalBot;+https://webmaster.petalsearch.com/site/petalbot)"
40.77.167.21 - - [20/Jun/2021:07:04:03 +0200] "GET /led-interni-esterni-1224v/555-lampade-p13w-psx26w-18-led-canbus-fuzion.html HTTP/1.0" 200 130196 "-" "Mozilla/5.0 (compatible; bingbot/2.0; +http://www.bing.com/bingbot.htm)"
114.119.129.110 - - [20/Jun/2021:07:04:24 +0200] "GET /kit-xenon-digital-64bit-35w/35-91-kit-xenon-h10-digital-64bit-35w-alta-qualita-.html HTTP/1.0" 200 135108 "-" "Mozilla/5.0 (Linux; Android 7.0;) AppleWebKit/537.36 (KHTML, like Gecko) Mobile Safari/537.36 (compatible; PetalBot;+https://webmaster.petalsearch.com/site/petalbot)"
40.77.167.21 - - [20/Jun/2021:07:04:43 +0200] "GET /45-kit-pro-canbus-line-12v-35w HTTP/1.0" 200 177846 "-" "Mozilla/5.0 (compatible; bingbot/2.0; +http://www.bing.com/bingbot.htm)"
157.55.39.88 - - [20/Jun/2021:07:04:47 +0200] "GET /kit-xenon-canbus-64bit-55w/147-kit-xenon-h7-r-canbus-64bit-55w-alta-qualita-.html HTTP/1.0" 200 134974 "-" "Mozilla/5.0 (compatible; bingbot/2.0; +http://www.bing.com/bingbot.htm)"
157.55.39.180 - - [20/Jun/2021:07:04:53 +0200] "GET /kit-pro-canbus-line-12v-35w/220-kit-xenon-h7-canbus-line-12v-35w-pro-quality-fuzion.html HTTP/1.0" 200 159496 "-" "Mozilla/5.0 (compatible; bingbot/2.0; +http://www.bing.com/bingbot.htm)"
157.55.39.180 - - [20/Jun/2021:07:04:53 +0200] "GET /centraline-xenon-oem-originali/471-centralina-xenon-philips-xenodrive-xld-145-9137-001-63203-originale.html HTTP/1.0" 200 130307 "-" "Mozilla/5.0 (compatible; bingbot/2.0; +http://www.bing.com/bingbot.htm)"
157.55.39.180 - - [20/Jun/2021:07:04:54 +0200] "GET /centraline-xenon-oem-originali/457-centralina-xenon-mitsubishi-w3t21571-originale.html HTTP/1.0" 200 131441 "-" "Mozilla/5.0 (compatible; bingbot/2.0; +http://www.bing.com/bingbot.htm)"
31.13.115.1 - - [20/Jun/2021:07:05:32 +0200] "GET /facebookproductad.xml.php?id_shop=1&id_lang=2&country=IT&currency_iso=EUR&token=4adc503825c1701d7c6a53b252364f85 HTTP/1.0" 200 2525123 "-" "facebookexternalhit/1.1 (+http://www.facebook.com/externalhit_uatext.php)"
54.36.149.81 - - [20/Jun/2021:07:05:46 +0200] "GET /2-categorie?page=19 HTTP/1.0" 200 188379 "-" "Mozilla/5.0 (compatible; AhrefsBot/7.0; +http://ahrefs.com/robot/)"
66.249.76.4 - - [20/Jun/2021:07:05:53 +0200] "GET /kit-led-per-auto-alta-qualita-/599-881-h27-kit-led-36w-canbus-alta-qualita-fuzion.html HTTP/1.0" 200 148264 "-" "Mozilla/5.0 (Linux; Android 6.0.1; Nexus 5X Build/MMB29P) AppleWebKit/537.36 (KHTML, like Gecko) Chrome/91.0.4472.90 Mobile Safari/537.36 (compatible; Googlebot/2.1; +http://www.google.com/bot.html)"
109.114.58.28 - - [20/Jun/2021:07:06:26 +0200] "GET /kit-led-per-veicoli-24volt/519-h7-kit-led-matrix-50w-canbus-pro-fuzion.html?gclid=CjwKCAjwq7aGBhADEiwA6uGZpzIMEnuYaocClI58sQSgkwsm_Tq-emTfuaCmphlbuYKr_J_H4DpTVRoCa20QAvD_BwE HTTP/1.0" 200 181368 "https://www.google.com/" "Mozilla/5.0 (Linux; Android 8.1.0; SAMSUNG SM-T580) AppleWebKit/537.36 (KHTML, like Gecko) SamsungBrowser/14.0 Chrome/87.0.4280.141 Safari/537.36"
109.114.58.28 - - [20/Jun/2021:07:06:28 +0200] "GET /2326-medium_default/h7-kit-led-matrix-50w-canbus-pro-fuzion.jpg HTTP/1.0" 200 235011 "https://www.fuzion.it/kit-led-per-veicoli-24volt/519-h7-kit-led-matrix-50w-canbus-pro-fuzion.html?gclid=CjwKCAjwq7aGBhADEiwA6uGZpzIMEnuYaocClI58sQSgkwsm_Tq-emTfuaCmphlbuYKr_J_H4DpTVRoCa20QAvD_BwE" "Mozilla/5.0 (Linux; Android 8.1.0; SAMSUNG SM-T580) AppleWebKit/537.36 (KHTML, like Gecko) SamsungBrowser/14.0 Chrome/87.0.4280.141 Safari/537.36"
109.114.58.28 - - [20/Jun/2021:07:06:28 +0200] "GET /2326-small_default/h7-kit-led-matrix-50w-canbus-pro-fuzion.jpg HTTP/1.0" 200 13636 "https://www.fuzion.it/kit-led-per-veicoli-24volt/519-h7-kit-led-matrix-50w-canbus-pro-fuzion.html?gclid=CjwKCAjwq7aGBhADEiwA6uGZpzIMEnuYaocClI58sQSgkwsm_Tq-emTfuaCmphlbuYKr_J_H4DpTVRoCa20QAvD_BwE" "Mozilla/5.0 (Linux; Android 8.1.0; SAMSUNG SM-T580) AppleWebKit/537.36 (KHTML, like Gecko) SamsungBrowser/14.0 Chrome/87.0.4280.141 Safari/537.36"
109.114.58.28 - - [20/Jun/2021:07:06:28 +0200] "GET /2323-small_default/h7-kit-led-matrix-50w-canbus-pro-fuzion.jpg HTTP/1.0" 200 14404 "https://www.fuzion.it/kit-led-per-veicoli-24volt/519-h7-kit-led-matrix-50w-canbus-pro-fuzion.html?gclid=CjwKCAjwq7aGBhADEiwA6uGZpzIMEnuYaocClI58sQSgkwsm_Tq-emTfuaCmphlbuYKr_J_H4DpTVRoCa20QAvD_BwE" "Mozilla/5.0 (Linux; Android 8.1.0; SAMSUNG SM-T580) AppleWebKit/537.36 (KHTML, like Gecko) SamsungBrowser/14.0 Chrome/87.0.4280.141 Safari/537.36"
109.114.58.28 - - [20/Jun/2021:07:06:28 +0200] "GET /1287-small_default/h7-kit-led-matrix-50w-canbus-pro-fuzion.jpg HTTP/1.0" 200 3460 "https://www.fuzion.it/kit-led-per-veicoli-24volt/519-h7-kit-led-matrix-50w-canbus-pro-fuzion.html?gclid=CjwKCAjwq7aGBhADEiwA6uGZpzIMEnuYaocClI58sQSgkwsm_Tq-emTfuaCmphlbuYKr_J_H4DpTVRoCa20QAvD_BwE" "Mozilla/5.0 (Linux; Android 8.1.0; SAMSUNG SM-T580) AppleWebKit/537.36 (KHTML, like Gecko) SamsungBrowser/14.0 Chrome/87.0.4280.141 Safari/537.36"
109.114.58.28 - - [20/Jun/2021:07:06:28 +0200] "GET /2317-small_default/h7-kit-led-matrix-50w-canbus-pro-fuzion.jpg HTTP/1.0" 200 8103 "https://www.fuzion.it/kit-led-per-veicoli-24volt/519-h7-kit-led-matrix-50w-canbus-pro-fuzion.html?gclid=CjwKCAjwq7aGBhADEiwA6uGZpzIMEnuYaocClI58sQSgkwsm_Tq-emTfuaCmphlbuYKr_J_H4DpTVRoCa20QAvD_BwE" "Mozilla/5.0 (Linux; Android 8.1.0; SAMSUNG SM-T580) AppleWebKit/537.36 (KHTML, like Gecko) SamsungBrowser/14.0 Chrome/87.0.4280.141 Safari/537.36"
109.114.58.28 - - [20/Jun/2021:07:06:28 +0200] "GET /2325-small_default/h7-kit-led-matrix-50w-canbus-pro-fuzion.jpg HTTP/1.0" 200 15547 "https://www.fuzion.it/kit-led-per-veicoli-24volt/519-h7-kit-led-matrix-50w-canbus-pro-fuzion.html?gclid=CjwKCAjwq7aGBhADEiwA6uGZpzIMEnuYaocClI58sQSgkwsm_Tq-emTfuaCmphlbuYKr_J_H4DpTVRoCa20QAvD_BwE" "Mozilla/5.0 (Linux; Android 8.1.0; SAMSUNG SM-T580) AppleWebKit/537.36 (KHTML, like Gecko) SamsungBrowser/14.0 Chrome/87.0.4280.141 Safari/537.36"
109.114.58.28 - - [20/Jun/2021:07:06:28 +0200] "GET /2322-small_default/h7-kit-led-matrix-50w-canbus-pro-fuzion.jpg HTTP/1.0" 200 13639 "https://www.fuzion.it/kit-led-per-veicoli-24volt/519-h7-kit-led-matrix-50w-canbus-pro-fuzion.html?gclid=CjwKCAjwq7aGBhADEiwA6uGZpzIMEnuYaocClI58sQSgkwsm_Tq-emTfuaCmphlbuYKr_J_H4DpTVRoCa20QAvD_BwE" "Mozilla/5.0 (Linux; Android 8.1.0; SAMSUNG SM-T580) AppleWebKit/537.36 (KHTML, like Gecko) SamsungBrowser/14.0 Chrome/87.0.4280.141 Safari/537.36"
109.114.58.28 - - [20/Jun/2021:07:06:28 +0200] "GET /2324-small_default/h7-kit-led-matrix-50w-canbus-pro-fuzion.jpg HTTP/1.0" 200 12228 "https://www.fuzion.it/kit-led-per-veicoli-24volt/519-h7-kit-led-matrix-50w-canbus-pro-fuzion.html?gclid=CjwKCAjwq7aGBhADEiwA6uGZpzIMEnuYaocClI58sQSgkwsm_Tq-emTfuaCmphlbuYKr_J_H4DpTVRoCa20QAvD_BwE" "Mozilla/5.0 (Linux; Android 8.1.0; SAMSUNG SM-T580) AppleWebKit/537.36 (KHTML, like Gecko) SamsungBrowser/14.0 Chrome/87.0.4280.141 Safari/537.36"
109.114.58.28 - - [20/Jun/2021:07:06:28 +0200] "GET /2318-small_default/h7-kit-led-matrix-50w-canbus-pro-fuzion.jpg HTTP/1.0" 200 20150 "https://www.fuzion.it/kit-led-per-veicoli-24volt/519-h7-kit-led-matrix-50w-canbus-pro-fuzion.html?gclid=CjwKCAjwq7aGBhADEiwA6uGZpzIMEnuYaocClI58sQSgkwsm_Tq-emTfuaCmphlbuYKr_J_H4DpTVRoCa20QAvD_BwE" "Mozilla/5.0 (Linux; Android 8.1.0; SAMSUNG SM-T580) AppleWebKit/537.36 (KHTML, like Gecko) SamsungBrowser/14.0 Chrome/87.0.4280.141 Safari/537.36"
109.114.58.28 - - [20/Jun/2021:07:06:28 +0200] "GET /2320-small_default/h7-kit-led-matrix-50w-canbus-pro-fuzion.jpg HTTP/1.0" 200 21383 "https://www.fuzion.it/kit-led-per-veicoli-24volt/519-h7-kit-led-matrix-50w-canbus-pro-fuzion.html?gclid=CjwKCAjwq7aGBhADEiwA6uGZpzIMEnuYaocClI58sQSgkwsm_Tq-emTfuaCmphlbuYKr_J_H4DpTVRoCa20QAvD_BwE" "Mozilla/5.0 (Linux; Android 8.1.0; SAMSUNG SM-T580) AppleWebKit/537.36 (KHTML, like Gecko) SamsungBrowser/14.0 Chrome/87.0.4280.141 Safari/537.36"
109.114.58.28 - - [20/Jun/2021:07:06:28 +0200] "GET /2319-small_default/h7-kit-led-matrix-50w-canbus-pro-fuzion.jpg HTTP/1.0" 200 18738 "https://www.fuzion.it/kit-led-per-veicoli-24volt/519-h7-kit-led-matrix-50w-canbus-pro-fuzion.html?gclid=CjwKCAjwq7aGBhADEiwA6uGZpzIMEnuYaocClI58sQSgkwsm_Tq-emTfuaCmphlbuYKr_J_H4DpTVRoCa20QAvD_BwE" "Mozilla/5.0 (Linux; Android 8.1.0; SAMSUNG SM-T580) AppleWebKit/537.36 (KHTML, like Gecko) SamsungBrowser/14.0 Chrome/87.0.4280.141 Safari/537.36"
109.114.58.28 - - [20/Jun/2021:07:06:28 +0200] "GET /2326-home_default/h7-kit-led-matrix-50w-canbus-pro-fuzion.jpg HTTP/1.0" 200 81951 "https://www.fuzion.it/kit-led-per-veicoli-24volt/519-h7-kit-led-matrix-50w-canbus-pro-fuzion.html?gclid=CjwKCAjwq7aGBhADEiwA6uGZpzIMEnuYaocClI58sQSgkwsm_Tq-emTfuaCmphlbuYKr_J_H4DpTVRoCa20QAvD_BwE" "Mozilla/5.0 (Linux; Android 8.1.0; SAMSUNG SM-T580) AppleWebKit/537.36 (KHTML, like Gecko) SamsungBrowser/14.0 Chrome/87.0.4280.141 Safari/537.36"
109.114.58.28 - - [20/Jun/2021:07:06:31 +0200] "GET /2326-large_default/h7-kit-led-matrix-50w-canbus-pro-fuzion.jpg HTTP/1.0" 200 298866 "https://www.fuzion.it/kit-led-per-veicoli-24volt/519-h7-kit-led-matrix-50w-canbus-pro-fuzion.html?gclid=CjwKCAjwq7aGBhADEiwA6uGZpzIMEnuYaocClI58sQSgkwsm_Tq-emTfuaCmphlbuYKr_J_H4DpTVRoCa20QAvD_BwE" "Mozilla/5.0 (Linux; Android 8.1.0; SAMSUNG SM-T580) AppleWebKit/537.36 (KHTML, like Gecko) SamsungBrowser/14.0 Chrome/87.0.4280.141 Safari/537.36"
109.114.58.28 - - [20/Jun/2021:07:06:31 +0200] "POST /module/newsletterpro/ajax HTTP/1.0" 200 519 "https://www.fuzion.it/kit-led-per-veicoli-24volt/519-h7-kit-led-matrix-50w-canbus-pro-fuzion.html?gclid=CjwKCAjwq7aGBhADEiwA6uGZpzIMEnuYaocClI58sQSgkwsm_Tq-emTfuaCmphlbuYKr_J_H4DpTVRoCa20QAvD_BwE" "Mozilla/5.0 (Linux; Android 8.1.0; SAMSUNG SM-T580) AppleWebKit/537.36 (KHTML, like Gecko) SamsungBrowser/14.0 Chrome/87.0.4280.141 Safari/537.36"
109.114.58.28 - - [20/Jun/2021:07:06:33 +0200] "POST /module/zonethememanager/getFinalDate HTTP/1.0" 200 775 "https://www.fuzion.it/kit-led-per-veicoli-24volt/519-h7-kit-led-matrix-50w-canbus-pro-fuzion.html?gclid=CjwKCAjwq7aGBhADEiwA6uGZpzIMEnuYaocClI58sQSgkwsm_Tq-emTfuaCmphlbuYKr_J_H4DpTVRoCa20QAvD_BwE" "Mozilla/5.0 (Linux; Android 8.1.0; SAMSUNG SM-T580) AppleWebKit/537.36 (KHTML, like Gecko) SamsungBrowser/14.0 Chrome/87.0.4280.141 Safari/537.36"
109.114.58.28 - - [20/Jun/2021:07:06:33 +0200] "POST /module/zonemegamenu/menuDropdownContent HTTP/1.0" 200 479 "https://www.fuzion.it/kit-led-per-veicoli-24volt/519-h7-kit-led-matrix-50w-canbus-pro-fuzion.html?gclid=CjwKCAjwq7aGBhADEiwA6uGZpzIMEnuYaocClI58sQSgkwsm_Tq-emTfuaCmphlbuYKr_J_H4DpTVRoCa20QAvD_BwE" "Mozilla/5.0 (Linux; Android 8.1.0; SAMSUNG SM-T580) AppleWebKit/537.36 (KHTML, like Gecko) SamsungBrowser/14.0 Chrome/87.0.4280.141 Safari/537.36"
109.114.58.28 - - [20/Jun/2021:07:06:34 +0200] "POST /module/zonethememanager/categoryTree HTTP/1.0" 200 10897 "https://www.fuzion.it/kit-led-per-veicoli-24volt/519-h7-kit-led-matrix-50w-canbus-pro-fuzion.html?gclid=CjwKCAjwq7aGBhADEiwA6uGZpzIMEnuYaocClI58sQSgkwsm_Tq-emTfuaCmphlbuYKr_J_H4DpTVRoCa20QAvD_BwE" "Mozilla/5.0 (Linux; Android 8.1.0; SAMSUNG SM-T580) AppleWebKit/537.36 (KHTML, like Gecko) SamsungBrowser/14.0 Chrome/87.0.4280.141 Safari/537.36"
114.119.129.110 - - [20/Jun/2021:07:07:44 +0200] "GET /2-categorie?q=Categorie-ADATTATORI%2BPORTALAMPADE%2BLED&page=6 HTTP/1.0" 200 183888 "-" "Mozilla/5.0 (Linux; Android 7.0;) AppleWebKit/537.36 (KHTML, like Gecko) Mobile Safari/537.36 (compatible; PetalBot;+https://webmaster.petalsearch.com/site/petalbot)"
109.114.58.28 - - [20/Jun/2021:07:08:51 +0200] "GET /2367-home_default/hb3-9005-kit-led-matrix-50w-canbus-pro-fuzion.jpg HTTP/1.0" 200 91581 "https://www.fuzion.it/kit-led-per-veicoli-24volt/519-h7-kit-led-matrix-50w-canbus-pro-fuzion.html?gclid=CjwKCAjwq7aGBhADEiwA6uGZpzIMEnuYaocClI58sQSgkwsm_Tq-emTfuaCmphlbuYKr_J_H4DpTVRoCa20QAvD_BwE" "Mozilla/5.0 (Linux; Android 8.1.0; SAMSUNG SM-T580) AppleWebKit/537.36 (KHTML, like Gecko) SamsungBrowser/14.0 Chrome/87.0.4280.141 Safari/537.36"
109.114.58.28 - - [20/Jun/2021:07:08:51 +0200] "GET /2349-home_default/h11-kit-led-matrix-50w-canbus-pro-fuzion.jpg HTTP/1.0" 200 80478 "https://www.fuzion.it/kit-led-per-veicoli-24volt/519-h7-kit-led-matrix-50w-canbus-pro-fuzion.html?gclid=CjwKCAjwq7aGBhADEiwA6uGZpzIMEnuYaocClI58sQSgkwsm_Tq-emTfuaCmphlbuYKr_J_H4DpTVRoCa20QAvD_BwE" "Mozilla/5.0 (Linux; Android 8.1.0; SAMSUNG SM-T580) AppleWebKit/537.36 (KHTML, like Gecko) SamsungBrowser/14.0 Chrome/87.0.4280.141 Safari/537.36"
109.114.58.28 - - [20/Jun/2021:07:08:51 +0200] "GET /2243-home_default/h8-kit-led-36w-canbus-alta-qualita-fuzion.jpg HTTP/1.0" 200 71210 "https://www.fuzion.it/kit-led-per-veicoli-24volt/519-h7-kit-led-matrix-50w-canbus-pro-fuzion.html?gclid=CjwKCAjwq7aGBhADEiwA6uGZpzIMEnuYaocClI58sQSgkwsm_Tq-emTfuaCmphlbuYKr_J_H4DpTVRoCa20QAvD_BwE" "Mozilla/5.0 (Linux; Android 8.1.0; SAMSUNG SM-T580) AppleWebKit/537.36 (KHTML, like Gecko) SamsungBrowser/14.0 Chrome/87.0.4280.141 Safari/537.36"
109.114.58.28 - - [20/Jun/2021:07:08:51 +0200] "GET /2262-home_default/hb4-9006-kit-led-36w-canbus-alta-qualita-fuzion.jpg HTTP/1.0" 200 86835 "https://www.fuzion.it/kit-led-per-veicoli-24volt/519-h7-kit-led-matrix-50w-canbus-pro-fuzion.html?gclid=CjwKCAjwq7aGBhADEiwA6uGZpzIMEnuYaocClI58sQSgkwsm_Tq-emTfuaCmphlbuYKr_J_H4DpTVRoCa20QAvD_BwE" "Mozilla/5.0 (Linux; Android 8.1.0; SAMSUNG SM-T580) AppleWebKit/537.36 (KHTML, like Gecko) SamsungBrowser/14.0 Chrome/87.0.4280.141 Safari/537.36"
66.249.64.202 - - [20/Jun/2021:07:10:45 +0200] "GET /kit-led-per-auto-professionali/688-h18-kit-led-matrix-50w-canbus-pro-fuzion.html HTTP/1.0" 200 153512 "-" "Mozilla/5.0 (Linux; Android 6.0.1; Nexus 5X Build/MMB29P) AppleWebKit/537.36 (KHTML, like Gecko) Chrome/91.0.4472.90 Mobile Safari/537.36 (compatible; Googlebot/2.1; +http://www.google.com/bot.html)"
109.114.58.28 - - [20/Jun/2021:07:10:47 +0200] "GET /2317-large_default/h7-kit-led-matrix-50w-canbus-pro-fuzion.jpg HTTP/1.0" 200 309799 "https://www.fuzion.it/kit-led-per-veicoli-24volt/519-h7-kit-led-matrix-50w-canbus-pro-fuzion.html?gclid=CjwKCAjwq7aGBhADEiwA6uGZpzIMEnuYaocClI58sQSgkwsm_Tq-emTfuaCmphlbuYKr_J_H4DpTVRoCa20QAvD_BwE" "Mozilla/5.0 (Linux; Android 8.1.0; SAMSUNG SM-T580) AppleWebKit/537.36 (KHTML, like Gecko) SamsungBrowser/14.0 Chrome/87.0.4280.141 Safari/537.36"
109.114.58.28 - - [20/Jun/2021:07:10:48 +0200] "GET /2317-medium_default/h7-kit-led-matrix-50w-canbus-pro-fuzion.jpg HTTP/1.0" 200 143739 "https://www.fuzion.it/kit-led-per-veicoli-24volt/519-h7-kit-led-matrix-50w-canbus-pro-fuzion.html?gclid=CjwKCAjwq7aGBhADEiwA6uGZpzIMEnuYaocClI58sQSgkwsm_Tq-emTfuaCmphlbuYKr_J_H4DpTVRoCa20QAvD_BwE" "Mozilla/5.0 (Linux; Android 8.1.0; SAMSUNG SM-T580) AppleWebKit/537.36 (KHTML, like Gecko) SamsungBrowser/14.0 Chrome/87.0.4280.141 Safari/537.36"
109.114.58.28 - - [20/Jun/2021:07:10:56 +0200] "GET /2324-large_default/h7-kit-led-matrix-50w-canbus-pro-fuzion.jpg HTTP/1.0" 200 358318 "https://www.fuzion.it/kit-led-per-veicoli-24volt/519-h7-kit-led-matrix-50w-canbus-pro-fuzion.html?gclid=CjwKCAjwq7aGBhADEiwA6uGZpzIMEnuYaocClI58sQSgkwsm_Tq-emTfuaCmphlbuYKr_J_H4DpTVRoCa20QAvD_BwE" "Mozilla/5.0 (Linux; Android 8.1.0; SAMSUNG SM-T580) AppleWebKit/537.36 (KHTML, like Gecko) SamsungBrowser/14.0 Chrome/87.0.4280.141 Safari/537.36"
109.114.58.28 - - [20/Jun/2021:07:10:57 +0200] "GET /2324-medium_default/h7-kit-led-matrix-50w-canbus-pro-fuzion.jpg HTTP/1.0" 200 236698 "https://www.fuzion.it/kit-led-per-veicoli-24volt/519-h7-kit-led-matrix-50w-canbus-pro-fuzion.html?gclid=CjwKCAjwq7aGBhADEiwA6uGZpzIMEnuYaocClI58sQSgkwsm_Tq-emTfuaCmphlbuYKr_J_H4DpTVRoCa20QAvD_BwE" "Mozilla/5.0 (Linux; Android 8.1.0; SAMSUNG SM-T580) AppleWebKit/537.36 (KHTML, like Gecko) SamsungBrowser/14.0 Chrome/87.0.4280.141 Safari/537.36"
109.114.58.28 - - [20/Jun/2021:07:11:09 +0200] "GET /2325-large_default/h7-kit-led-matrix-50w-canbus-pro-fuzion.jpg HTTP/1.0" 200 497784 "https://www.fuzion.it/kit-led-per-veicoli-24volt/519-h7-kit-led-matrix-50w-canbus-pro-fuzion.html?gclid=CjwKCAjwq7aGBhADEiwA6uGZpzIMEnuYaocClI58sQSgkwsm_Tq-emTfuaCmphlbuYKr_J_H4DpTVRoCa20QAvD_BwE" "Mozilla/5.0 (Linux; Android 8.1.0; SAMSUNG SM-T580) AppleWebKit/537.36 (KHTML, like Gecko) SamsungBrowser/14.0 Chrome/87.0.4280.141 Safari/537.36"
109.114.58.28 - - [20/Jun/2021:07:11:11 +0200] "GET /2325-medium_default/h7-kit-led-matrix-50w-canbus-pro-fuzion.jpg HTTP/1.0" 200 304624 "https://www.fuzion.it/kit-led-per-veicoli-24volt/519-h7-kit-led-matrix-50w-canbus-pro-fuzion.html?gclid=CjwKCAjwq7aGBhADEiwA6uGZpzIMEnuYaocClI58sQSgkwsm_Tq-emTfuaCmphlbuYKr_J_H4DpTVRoCa20QAvD_BwE" "Mozilla/5.0 (Linux; Android 8.1.0; SAMSUNG SM-T580) AppleWebKit/537.36 (KHTML, like Gecko) SamsungBrowser/14.0 Chrome/87.0.4280.141 Safari/537.36"
109.114.58.28 - - [20/Jun/2021:07:11:30 +0200] "GET /2320-large_default/h7-kit-led-matrix-50w-canbus-pro-fuzion.jpg HTTP/1.0" 200 465539 "https://www.fuzion.it/kit-led-per-veicoli-24volt/519-h7-kit-led-matrix-50w-canbus-pro-fuzion.html?gclid=CjwKCAjwq7aGBhADEiwA6uGZpzIMEnuYaocClI58sQSgkwsm_Tq-emTfuaCmphlbuYKr_J_H4DpTVRoCa20QAvD_BwE" "Mozilla/5.0 (Linux; Android 8.1.0; SAMSUNG SM-T580) AppleWebKit/537.36 (KHTML, like Gecko) SamsungBrowser/14.0 Chrome/87.0.4280.141 Safari/537.36"
109.114.58.28 - - [20/Jun/2021:07:11:32 +0200] "GET /2320-medium_default/h7-kit-led-matrix-50w-canbus-pro-fuzion.jpg HTTP/1.0" 200 324371 "https://www.fuzion.it/kit-led-per-veicoli-24volt/519-h7-kit-led-matrix-50w-canbus-pro-fuzion.html?gclid=CjwKCAjwq7aGBhADEiwA6uGZpzIMEnuYaocClI58sQSgkwsm_Tq-emTfuaCmphlbuYKr_J_H4DpTVRoCa20QAvD_BwE" "Mozilla/5.0 (Linux; Android 8.1.0; SAMSUNG SM-T580) AppleWebKit/537.36 (KHTML, like Gecko) SamsungBrowser/14.0 Chrome/87.0.4280.141 Safari/537.36"
109.114.58.28 - - [20/Jun/2021:07:12:13 +0200] "GET /115-kit-led-per-auto-alta-qualita- HTTP/1.0" 200 176697 "https://www.fuzion.it/kit-led-per-veicoli-24volt/519-h7-kit-led-matrix-50w-canbus-pro-fuzion.html?gclid=CjwKCAjwq7aGBhADEiwA6uGZpzIMEnuYaocClI58sQSgkwsm_Tq-emTfuaCmphlbuYKr_J_H4DpTVRoCa20QAvD_BwE" "Mozilla/5.0 (Linux; Android 8.1.0; SAMSUNG SM-T580) AppleWebKit/537.36 (KHTML, like Gecko) SamsungBrowser/14.0 Chrome/87.0.4280.141 Safari/537.36"
109.114.58.28 - - [20/Jun/2021:07:12:15 +0200] "GET /2877-cart_default/kit-ricambio-lampade-xenon-d2s-oem-xenpro-fuzion-pro-quality.jpg HTTP/1.0" 200 21892 "https://www.fuzion.it/115-kit-led-per-auto-alta-qualita-" "Mozilla/5.0 (Linux; Android 8.1.0; SAMSUNG SM-T580) AppleWebKit/537.36 (KHTML, like Gecko) SamsungBrowser/14.0 Chrome/87.0.4280.141 Safari/537.36"
109.114.58.28 - - [20/Jun/2021:07:12:15 +0200] "GET /847-cart_default/kit-ricambio-lampade-xenon-d5s-oem-xenpro-fuzion-pro-quality.jpg HTTP/1.0" 200 3373 "https://www.fuzion.it/115-kit-led-per-auto-alta-qualita-" "Mozilla/5.0 (Linux; Android 8.1.0; SAMSUNG SM-T580) AppleWebKit/537.36 (KHTML, like Gecko) SamsungBrowser/14.0 Chrome/87.0.4280.141 Safari/537.36"
109.114.58.28 - - [20/Jun/2021:07:12:15 +0200] "GET /944-cart_default/centralina-xenon-valeo-lad5g-12pin-alta-qualita-fuzion.jpg HTTP/1.0" 200 3841 "https://www.fuzion.it/115-kit-led-per-auto-alta-qualita-" "Mozilla/5.0 (Linux; Android 8.1.0; SAMSUNG SM-T580) AppleWebKit/537.36 (KHTML, like Gecko) SamsungBrowser/14.0 Chrome/87.0.4280.141 Safari/537.36"
109.114.58.28 - - [20/Jun/2021:07:12:15 +0200] "GET /2904-cart_default/kit-ricambio-lampade-xenon-d1s-hid-standard-fuzion.jpg HTTP/1.0" 200 20123 "https://www.fuzion.it/115-kit-led-per-auto-alta-qualita-" "Mozilla/5.0 (Linux; Android 8.1.0; SAMSUNG SM-T580) AppleWebKit/537.36 (KHTML, like Gecko) SamsungBrowser/14.0 Chrome/87.0.4280.141 Safari/537.36"
109.114.58.28 - - [20/Jun/2021:07:12:17 +0200] "POST /module/newsletterpro/ajax HTTP/1.0" 200 519 "https://www.fuzion.it/115-kit-led-per-auto-alta-qualita-" "Mozilla/5.0 (Linux; Android 8.1.0; SAMSUNG SM-T580) AppleWebKit/537.36 (KHTML, like Gecko) SamsungBrowser/14.0 Chrome/87.0.4280.141 Safari/537.36"
109.114.58.28 - - [20/Jun/2021:07:12:18 +0200] "POST /module/zonethememanager/getFinalDateMiniature HTTP/1.0" 200 6144 "https://www.fuzion.it/115-kit-led-per-auto-alta-qualita-" "Mozilla/5.0 (Linux; Android 8.1.0; SAMSUNG SM-T580) AppleWebKit/537.36 (KHTML, like Gecko) SamsungBrowser/14.0 Chrome/87.0.4280.141 Safari/537.36"
109.114.58.28 - - [20/Jun/2021:07:12:18 +0200] "POST /module/zonemegamenu/menuDropdownContent HTTP/1.0" 200 479 "https://www.fuzion.it/115-kit-led-per-auto-alta-qualita-" "Mozilla/5.0 (Linux; Android 8.1.0; SAMSUNG SM-T580) AppleWebKit/537.36 (KHTML, like Gecko) SamsungBrowser/14.0 Chrome/87.0.4280.141 Safari/537.36"
109.114.58.28 - - [20/Jun/2021:07:12:19 +0200] "GET /1241-home_default/kit-8-sensori-di-parcheggio-fronteretro-con-cicalino-pro-fuzion.jpg HTTP/1.0" 200 16534 "https://www.fuzion.it/115-kit-led-per-auto-alta-qualita-" "Mozilla/5.0 (Linux; Android 8.1.0; SAMSUNG SM-T580) AppleWebKit/537.36 (KHTML, like Gecko) SamsungBrowser/14.0 Chrome/87.0.4280.141 Safari/537.36"
109.114.58.28 - - [20/Jun/2021:07:12:19 +0200] "POST /module/zonethememanager/categoryTree HTTP/1.0" 200 10897 "https://www.fuzion.it/115-kit-led-per-auto-alta-qualita-" "Mozilla/5.0 (Linux; Android 8.1.0; SAMSUNG SM-T580) AppleWebKit/537.36 (KHTML, like Gecko) SamsungBrowser/14.0 Chrome/87.0.4280.141 Safari/537.36"
109.114.58.28 - - [20/Jun/2021:07:12:25 +0200] "GET /1458-home_default/lampade-t10-w5w-5-led-canbus-fuzion.jpg HTTP/1.0" 200 9173 "https://www.fuzion.it/115-kit-led-per-auto-alta-qualita-" "Mozilla/5.0 (Linux; Android 8.1.0; SAMSUNG SM-T580) AppleWebKit/537.36 (KHTML, like Gecko) SamsungBrowser/14.0 Chrome/87.0.4280.141 Safari/537.36"
109.114.58.28 - - [20/Jun/2021:07:12:27 +0200] "GET /2940-home_default/kit-4-sensori-di-parcheggio-con-cicalino-pro-fuzion.jpg HTTP/1.0" 200 80079 "https://www.fuzion.it/115-kit-led-per-auto-alta-qualita-" "Mozilla/5.0 (Linux; Android 8.1.0; SAMSUNG SM-T580) AppleWebKit/537.36 (KHTML, like Gecko) SamsungBrowser/14.0 Chrome/87.0.4280.141 Safari/537.36"
109.114.58.28 - - [20/Jun/2021:07:12:29 +0200] "GET /1157-home_default/w5w-t10-alogene-super-white-pro-effetto-xenon-hid-fuzion.jpg HTTP/1.0" 200 11804 "https://www.fuzion.it/115-kit-led-per-auto-alta-qualita-" "Mozilla/5.0 (Linux; Android 8.1.0; SAMSUNG SM-T580) AppleWebKit/537.36 (KHTML, like Gecko) SamsungBrowser/14.0 Chrome/87.0.4280.141 Safari/537.36"
109.114.58.28 - - [20/Jun/2021:07:12:32 +0200] "GET /2232-home_default/h7-kit-led-36w-canbus-alta-qualita-fuzion.jpg HTTP/1.0" 200 92804 "https://www.fuzion.it/115-kit-led-per-auto-alta-qualita-" "Mozilla/5.0 (Linux; Android 8.1.0; SAMSUNG SM-T580) AppleWebKit/537.36 (KHTML, like Gecko) SamsungBrowser/14.0 Chrome/87.0.4280.141 Safari/537.36"
109.114.58.28 - - [20/Jun/2021:07:12:32 +0200] "GET /1202-home_default/kit-4-sensori-di-parcheggio-con-cicalino-pro-fuzion.jpg HTTP/1.0" 200 15352 "https://www.fuzion.it/115-kit-led-per-auto-alta-qualita-" "Mozilla/5.0 (Linux; Android 8.1.0; SAMSUNG SM-T580) AppleWebKit/537.36 (KHTML, like Gecko) SamsungBrowser/14.0 Chrome/87.0.4280.141 Safari/537.36"
109.114.58.28 - - [20/Jun/2021:07:12:34 +0200] "GET /2316-home_default/h4-kit-bi-led-matrix-50w-canbus-pro-fuzion.jpg HTTP/1.0" 200 75652 "https://www.fuzion.it/115-kit-led-per-auto-alta-qualita-" "Mozilla/5.0 (Linux; Android 8.1.0; SAMSUNG SM-T580) AppleWebKit/537.36 (KHTML, like Gecko) SamsungBrowser/14.0 Chrome/87.0.4280.141 Safari/537.36"
109.114.58.28 - - [20/Jun/2021:07:12:37 +0200] "GET /1079-home_default/h7-alogene-super-white-pro-effetto-xenon-hid-fuzion.jpg HTTP/1.0" 200 11324 "https://www.fuzion.it/115-kit-led-per-auto-alta-qualita-" "Mozilla/5.0 (Linux; Android 8.1.0; SAMSUNG SM-T580) AppleWebKit/537.36 (KHTML, like Gecko) SamsungBrowser/14.0 Chrome/87.0.4280.141 Safari/537.36"
109.114.58.28 - - [20/Jun/2021:07:12:53 +0200] "GET /2224-home_default/h1-kit-led-36w-canbus-alta-qualita-fuzion.jpg HTTP/1.0" 200 86635 "https://www.fuzion.it/115-kit-led-per-auto-alta-qualita-" "Mozilla/5.0 (Linux; Android 8.1.0; SAMSUNG SM-T580) AppleWebKit/537.36 (KHTML, like Gecko) SamsungBrowser/14.0 Chrome/87.0.4280.141 Safari/537.36"
109.114.58.28 - - [20/Jun/2021:07:12:53 +0200] "GET /2228-home_default/h3-kit-led-36w-canbus-alta-qualita-fuzion.jpg HTTP/1.0" 200 91373 "https://www.fuzion.it/115-kit-led-per-auto-alta-qualita-" "Mozilla/5.0 (Linux; Android 8.1.0; SAMSUNG SM-T580) AppleWebKit/537.36 (KHTML, like Gecko) SamsungBrowser/14.0 Chrome/87.0.4280.141 Safari/537.36"
109.114.58.28 - - [20/Jun/2021:07:12:56 +0200] "GET /2230-home_default/h4-kit-bi-led-36w-canbus-alta-qualita-fuzion.jpg HTTP/1.0" 200 92786 "https://www.fuzion.it/115-kit-led-per-auto-alta-qualita-" "Mozilla/5.0 (Linux; Android 8.1.0; SAMSUNG SM-T580) AppleWebKit/537.36 (KHTML, like Gecko) SamsungBrowser/14.0 Chrome/87.0.4280.141 Safari/537.36"
109.114.58.28 - - [20/Jun/2021:07:13:00 +0200] "GET /2247-home_default/h9-kit-led-36w-canbus-alta-qualita-fuzion.jpg HTTP/1.0" 200 71210 "https://www.fuzion.it/115-kit-led-per-auto-alta-qualita-" "Mozilla/5.0 (Linux; Android 8.1.0; SAMSUNG SM-T580) AppleWebKit/537.36 (KHTML, like Gecko) SamsungBrowser/14.0 Chrome/87.0.4280.141 Safari/537.36"
109.114.58.28 - - [20/Jun/2021:07:13:03 +0200] "GET /2255-home_default/h10-kit-led-36w-canbus-alta-qualita-fuzion.jpg HTTP/1.0" 200 86835 "https://www.fuzion.it/115-kit-led-per-auto-alta-qualita-" "Mozilla/5.0 (Linux; Android 8.1.0; SAMSUNG SM-T580) AppleWebKit/537.36 (KHTML, like Gecko) SamsungBrowser/14.0 Chrome/87.0.4280.141 Safari/537.36"
109.114.58.28 - - [20/Jun/2021:07:13:03 +0200] "GET /2250-home_default/h11-kit-led-36w-canbus-alta-qualita-fuzion.jpg HTTP/1.0" 200 71210 "https://www.fuzion.it/115-kit-led-per-auto-alta-qualita-" "Mozilla/5.0 (Linux; Android 8.1.0; SAMSUNG SM-T580) AppleWebKit/537.36 (KHTML, like Gecko) SamsungBrowser/14.0 Chrome/87.0.4280.141 Safari/537.36"
109.114.58.28 - - [20/Jun/2021:07:13:04 +0200] "GET /1691-home_default/h13-kit-bi-led-36w-canbus-alta-qualita-fuzion.jpg HTTP/1.0" 200 11415 "https://www.fuzion.it/115-kit-led-per-auto-alta-qualita-" "Mozilla/5.0 (Linux; Android 8.1.0; SAMSUNG SM-T580) AppleWebKit/537.36 (KHTML, like Gecko) SamsungBrowser/14.0 Chrome/87.0.4280.141 Safari/537.36"
109.114.58.28 - - [20/Jun/2021:07:13:04 +0200] "GET /2267-home_default/h16-5202-kit-led-36w-canbus-alta-qualita-fuzion.jpg HTTP/1.0" 200 85482 "https://www.fuzion.it/115-kit-led-per-auto-alta-qualita-" "Mozilla/5.0 (Linux; Android 8.1.0; SAMSUNG SM-T580) AppleWebKit/537.36 (KHTML, like Gecko) SamsungBrowser/14.0 Chrome/87.0.4280.141 Safari/537.36"
109.114.58.28 - - [20/Jun/2021:07:13:05 +0200] "GET /1709-home_default/hb1-9004-kit-bi-led-36w-canbus-alta-qualita-fuzion.jpg HTTP/1.0" 200 11792 "https://www.fuzion.it/115-kit-led-per-auto-alta-qualita-" "Mozilla/5.0 (Linux; Android 8.1.0; SAMSUNG SM-T580) AppleWebKit/537.36 (KHTML, like Gecko) SamsungBrowser/14.0 Chrome/87.0.4280.141 Safari/537.36"
109.114.58.28 - - [20/Jun/2021:07:13:05 +0200] "GET /2258-home_default/hb3-9005-kit-led-36w-canbus-alta-qualita-fuzion.jpg HTTP/1.0" 200 86835 "https://www.fuzion.it/115-kit-led-per-auto-alta-qualita-" "Mozilla/5.0 (Linux; Android 8.1.0; SAMSUNG SM-T580) AppleWebKit/537.36 (KHTML, like Gecko) SamsungBrowser/14.0 Chrome/87.0.4280.141 Safari/537.36"
109.114.58.28 - - [20/Jun/2021:07:13:07 +0200] "GET /kit-led-per-veicoli-24volt/519-h7-kit-led-matrix-50w-canbus-pro-fuzion.html?gclid=CjwKCAjwq7aGBhADEiwA6uGZpzIMEnuYaocClI58sQSgkwsm_Tq-emTfuaCmphlbuYKr_J_H4DpTVRoCa20QAvD_BwE HTTP/1.0" 200 180054 "https://www.google.com/" "Mozilla/5.0 (Linux; Android 8.1.0; SAMSUNG SM-T580) AppleWebKit/537.36 (KHTML, like Gecko) SamsungBrowser/14.0 Chrome/87.0.4280.141 Safari/537.36"
66.249.89.200 - - [20/Jun/2021:07:13:59 +0200] "GET /themes/ZOneTheme/assets/cache/theme-2fc7e182.css HTTP/1.0" 404 43680 "https://www.fuzion.it/kit-pro-can-superlight-55w/314-kit-xenon-h1-canbus-superlight-12v-55w-pro-quality-fuzion.html" "AdsBot-Google (+http://www.google.com/adsbot.html)"
66.249.89.200 - - [20/Jun/2021:07:13:59 +0200] "GET /themes/ZOneTheme/assets/cache/bottom-ec439781.js HTTP/1.0" 404 43680 "https://www.fuzion.it/kit-pro-can-superlight-55w/314-kit-xenon-h1-canbus-superlight-12v-55w-pro-quality-fuzion.html" "AdsBot-Google (+http://www.google.com/adsbot.html)"
207.46.13.52 - - [20/Jun/2021:07:14:01 +0200] "GET /kit-xenon-moto-slim-digital-64bit-55w/285-kit-xenon-moto-h3-slim-digital-64bit-55w-alta-qualita-.html HTTP/1.0" 200 137282 "-" "Mozilla/5.0 (compatible; bingbot/2.0; +http://www.bing.com/bingbot.htm)"
157.55.39.180 - - [20/Jun/2021:07:14:21 +0200] "GET /1188-large_default/h3-24v-alogene-super-white-pro-effetto-xenon-hid-fuzion.jpg HTTP/1.0" 200 44921 "-" "Mozilla/5.0 (compatible; bingbot/2.0; +http://www.bing.com/bingbot.htm)"
114.119.129.110 - - [20/Jun/2021:07:15:45 +0200] "GET /2-categorie?page=32 HTTP/1.0" 200 188847 "-" "Mozilla/5.0 (Linux; Android 7.0;) AppleWebKit/537.36 (KHTML, like Gecko) Mobile Safari/537.36 (compatible; PetalBot;+https://webmaster.petalsearch.com/site/petalbot)"
17.121.113.224 - - [20/Jun/2021:07:17:51 +0200] "GET /lampadine-led-interneesterne/580-lampade-3156-t25-p27w-50w-led-canbus-fuzion.html HTTP/1.0" 301 463 "-" "Mozilla/5.0 (Macintosh; Intel Mac OS X 10_15_5) AppleWebKit/605.1.15 (KHTML, like Gecko) Version/13.1.1 Safari/605.1.15 (Applebot/0.1; +http://www.apple.com/go/applebot)"
17.121.113.224 - - [20/Jun/2021:07:17:52 +0200] "GET /led-interni-esterni-1224v/580-lampade-3156-t25-p27w-50w-led-canbus-fuzion.html HTTP/1.0" 200 135627 "-" "Mozilla/5.0 (Macintosh; Intel Mac OS X 10_15_5) AppleWebKit/605.1.15 (KHTML, like Gecko) Version/13.1.1 Safari/605.1.15 (Applebot/0.1; +http://www.apple.com/go/applebot)"
114.119.129.110 - - [20/Jun/2021:07:18:23 +0200] "GET /2-categorie?q=Categorie-LAMPADE%2BALOGENE%2B12VOLT&page=44 HTTP/1.0" 200 184530 "-" "Mozilla/5.0 (Linux; Android 7.0;) AppleWebKit/537.36 (KHTML, like Gecko) Mobile Safari/537.36 (compatible; PetalBot;+https://webmaster.petalsearch.com/site/petalbot)"
54.36.148.37 - - [20/Jun/2021:07:18:34 +0200] "GET /kit-pro-can-superlight-55w/262-kit-xenon-hb3-9005-canbus-superlight-12v-55w-pro-quality-fuzion.html HTTP/1.0" 200 142909 "-" "Mozilla/5.0 (compatible; AhrefsBot/7.0; +http://ahrefs.com/robot/)"
66.249.64.200 - - [20/Jun/2021:07:19:55 +0200] "GET /458-large_default/kit-xenon-hb1-9004-superlight-12v-55w-pro-quality-fuzion.jpg HTTP/1.0" 200 47326 "-" "Googlebot-Image/1.0"
66.249.76.4 - - [20/Jun/2021:07:23:04 +0200] "GET /led-interni-esterni-1224v/544-lampade-t5-3-led-canbus-fuzion.html HTTP/1.0" 200 130222 "-" "Mozilla/5.0 (Linux; Android 6.0.1; Nexus 5X Build/MMB29P) AppleWebKit/537.36 (KHTML, like Gecko) Chrome/91.0.4472.90 Mobile Safari/537.36 (compatible; Googlebot/2.1; +http://www.google.com/bot.html)"
157.55.39.32 - - [20/Jun/2021:07:24:03 +0200] "GET /2229-medium_default/h4-kit-bi-led-36w-canbus-alta-qualita-fuzion.jpg HTTP/1.0" 200 241185 "-" "Mozilla/5.0 (compatible; bingbot/2.0; +http://www.bing.com/bingbot.htm)"
94.36.232.63 - - [20/Jun/2021:07:25:06 +0200] "GET /img/fuzion-logo-1592047011.jpg HTTP/1.0" 404 46873 "-" "Mozilla/5.0 (iPhone; CPU iPhone OS 14_6 like Mac OS X) AppleWebKit/605.1.15 (KHTML, like Gecko) Mobile/15E148"
37.159.72.27 - - [20/Jun/2021:07:25:32 +0200] "GET /module/newsletterpro/api?action=openedEmail&token=b1bea600d7f8a5312bae42ecdb85343c&email=schillo_2000@yahoo.it HTTP/1.0" 200 1610 "-" "Mozilla/5.0 (iPhone; CPU iPhone OS 14_4_2 like Mac OS X) AppleWebKit/605.1.15 (KHTML, like Gecko) Mobile/15E148"
91.240.109.1 - - [20/Jun/2021:07:27:14 +0200] "GET / HTTP/1.0" 200 395577 "-" "Mozilla/5.0 (X11; Linux x86_64) AppleWebKit/537.36 (KHTML, like Gecko) Chrome/41.0.2227.0 Safari/537.36"
66.249.81.182 - - [20/Jun/2021:07:27:30 +0200] "GET /3100-medium_default/pasta-lavamani-professionale-4000ml-4kg-made-in-italy-fuzion.jpg HTTP/1.0" 200 240221 "-" "Mozilla/5.0 (Windows NT 5.1; rv:11.0) Gecko Firefox/11.0 (via ggpht.com GoogleImageProxy)"
66.249.81.180 - - [20/Jun/2021:07:27:30 +0200] "GET /2910-medium_default/kit-ricambio-lampade-xenon-d1s-oem-24v-xenpro-fuzion-pro-quality.jpg HTTP/1.0" 200 228858 "-" "Mozilla/5.0 (Windows NT 5.1; rv:11.0) Gecko Firefox/11.0 (via ggpht.com GoogleImageProxy)"
66.249.81.184 - - [20/Jun/2021:07:27:30 +0200] "GET /2232-medium_default/h7-kit-led-36w-canbus-alta-qualita-fuzion.jpg HTTP/1.0" 200 272197 "-" "Mozilla/5.0 (Windows NT 5.1; rv:11.0) Gecko Firefox/11.0 (via ggpht.com GoogleImageProxy)"
66.249.81.182 - - [20/Jun/2021:07:27:30 +0200] "GET /2904-medium_default/kit-ricambio-lampade-xenon-d1s-hid-standard-fuzion.jpg HTTP/1.0" 200 225777 "-" "Mozilla/5.0 (Windows NT 5.1; rv:11.0) Gecko Firefox/11.0 (via ggpht.com GoogleImageProxy)"
66.249.81.184 - - [20/Jun/2021:07:27:30 +0200] "GET /1079-medium_default/h7-alogene-super-white-pro-effetto-xenon-hid-fuzion.jpg HTTP/1.0" 200 26045 "-" "Mozilla/5.0 (Windows NT 5.1; rv:11.0) Gecko Firefox/11.0 (via ggpht.com GoogleImageProxy)"
66.249.81.184 - - [20/Jun/2021:07:27:30 +0200] "GET /2326-medium_default/h7-kit-led-matrix-50w-canbus-pro-fuzion.jpg HTTP/1.0" 200 235011 "-" "Mozilla/5.0 (Windows NT 5.1; rv:11.0) Gecko Firefox/11.0 (via ggpht.com GoogleImageProxy)"
66.249.81.182 - - [20/Jun/2021:07:27:30 +0200] "GET /1202-medium_default/kit-4-sensori-di-parcheggio-con-cicalino-pro-fuzion.jpg HTTP/1.0" 200 34393 "-" "Mozilla/5.0 (Windows NT 5.1; rv:11.0) Gecko Firefox/11.0 (via ggpht.com GoogleImageProxy)"
66.249.81.182 - - [20/Jun/2021:07:27:30 +0200] "GET /module/newsletterpro/api?action=openedEmail&token=b1bea600d7f8a5312bae42ecdb85343c&email=malisa.milojkovic@gmail.com HTTP/1.0" 200 1610 "-" "Mozilla/5.0 (Windows NT 5.1; rv:11.0) Gecko Firefox/11.0 (via ggpht.com GoogleImageProxy)"
114.119.145.79 - - [20/Jun/2021:07:28:16 +0200] "GET /2-categorie?q=Categorie-KIT%2BXENON%2BVEICOLI%2B24VOLT%2BPRO&page=19 HTTP/1.0" 200 183464 "-" "Mozilla/5.0 (Linux; Android 7.0;) AppleWebKit/537.36 (KHTML, like Gecko) Mobile Safari/537.36 (compatible; PetalBot;+https://webmaster.petalsearch.com/site/petalbot)"
