31.13.127.3 - - [20/Jun/2021:16:36:18 +0200] "POST /module/zonethememanager/categoryTree HTTP/1.0" 200 10897 "https://www.fuzion.it/kit-sensori-di-parcheggio/510-kit-4-sensori-di-parcheggio-con-cicalino-pro-fuzion.html?fbclid=IwAR2IZewQK7dwBWeOyQTwROvtVSsdVa0EVRr-wJxms44Yb6vBdZ7aNhyWP8U" "facebookexternalhit/1.1 (+http://www.facebook.com/externalhit_uatext.php)"
66.249.76.4 - - [20/Jun/2021:16:38:15 +0200] "GET /ricambi-xenon-auto-professionali/362-1393-kit-ricambio-lampade-xenon-h3-xenpro-fuzion-pro-quality.html HTTP/1.0" 200 132838 "-" "Mozilla/5.0 (compatible; Googlebot/2.1; +http://www.google.com/bot.html)"
66.249.89.200 - - [20/Jun/2021:16:38:44 +0200] "GET /kit-led-per-auto-alta-qualita-/587-h8-kit-led-36w-canbus-alta-qualita-fuzion.html HTTP/1.0" 200 159294 "-" "Mozilla/5.0 (iPhone; CPU iPhone OS 9_1 like Mac OS X) AppleWebKit/601.1.46 (KHTML, like Gecko) Version/9.0 Mobile/13B143 Safari/601.1 (compatible; AdsBot-Google-Mobile; +http://www.google.com/mobile/adsbot.html)"
54.36.148.37 - - [20/Jun/2021:16:40:01 +0200] "GET /lampade-alogene-12volt/481-h7-alogene-super-white-pro-effetto-xenon-hid-fuzion.html HTTP/1.0" 200 171064 "-" "Mozilla/5.0 (compatible; AhrefsBot/7.0; +http://ahrefs.com/robot/)"
66.249.81.180 - - [20/Jun/2021:16:41:27 +0200] "GET /2910-medium_default/kit-ricambio-lampade-xenon-d1s-oem-24v-xenpro-fuzion-pro-quality.jpg HTTP/1.0" 200 228858 "-" "Mozilla/5.0 (Windows NT 5.1; rv:11.0) Gecko Firefox/11.0 (via ggpht.com GoogleImageProxy)"
66.249.81.184 - - [20/Jun/2021:16:41:27 +0200] "GET /3100-medium_default/pasta-lavamani-professionale-4000ml-4kg-made-in-italy-fuzion.jpg HTTP/1.0" 200 240221 "-" "Mozilla/5.0 (Windows NT 5.1; rv:11.0) Gecko Firefox/11.0 (via ggpht.com GoogleImageProxy)"
66.249.81.182 - - [20/Jun/2021:16:41:27 +0200] "GET /module/newsletterpro/api?action=openedEmail&token=b1bea600d7f8a5312bae42ecdb85343c&email=fabio.lonardoni@gmail.com HTTP/1.0" 200 1610 "-" "Mozilla/5.0 (Windows NT 5.1; rv:11.0) Gecko Firefox/11.0 (via ggpht.com GoogleImageProxy)"
157.55.39.88 - - [20/Jun/2021:16:42:19 +0200] "GET /ricambi-xenon-veicoli-24volt-pro/401-kit-ricambio-lampade-xenon-h10-24v-xenpro-fuzion-pro-quality.html HTTP/1.0" 200 133163 "-" "Mozilla/5.0 (compatible; bingbot/2.0; +http://www.bing.com/bingbot.htm)"
66.249.76.4 - - [20/Jun/2021:16:43:30 +0200] "GET / HTTP/1.0" 200 390577 "-" "Mozilla/5.0 (compatible; Googlebot/2.1; +http://www.google.com/bot.html)"
66.249.89.200 - - [20/Jun/2021:16:44:22 +0200] "GET /kit-led-moto-alta-qualita-/601-h3-kit-led-moto-36w-canbus-alta-qualita-fuzion.html HTTP/1.0" 200 149216 "-" "AdsBot-Google (+http://www.google.com/adsbot.html)"
54.36.148.101 - - [20/Jun/2021:16:44:28 +0200] "GET /led-interni-esterni-1224v/544-lampade-t5-3-led-canbus-fuzion.html HTTP/1.0" 200 138220 "-" "Mozilla/5.0 (compatible; AhrefsBot/7.0; +http://ahrefs.com/robot/)"
66.249.89.200 - - [20/Jun/2021:16:44:44 +0200] "GET /lampade-angel-eyes-led-bmw/627-h8-40w-lampade-led-bmw-angel-eyes-fuzion.html HTTP/1.0" 200 161376 "-" "AdsBot-Google (+http://www.google.com/adsbot.html)"
66.249.89.200 - - [20/Jun/2021:16:45:17 +0200] "GET /led-interni-esterni-1224v/557-lampade-h16-5202-18-led-canbus-fuzion.html HTTP/1.0" 200 137727 "-" "AdsBot-Google (+http://www.google.com/adsbot.html)"
66.249.89.200 - - [20/Jun/2021:16:45:43 +0200] "POST /module/zonemegamenu/menuDropdownContent HTTP/1.0" 200 479 "https://www.fuzion.it/led-interni-esterni-1224v/557-lampade-h16-5202-18-led-canbus-fuzion.html" "AdsBot-Google (+http://www.google.com/adsbot.html)"
66.249.89.200 - - [20/Jun/2021:16:46:08 +0200] "POST /module/zonemegamenu/menuDropdownContent HTTP/1.0" 200 479 "https://www.fuzion.it/led-interni-esterni-1224v/557-lampade-h16-5202-18-led-canbus-fuzion.html" "AdsBot-Google (+http://www.google.com/adsbot.html)"
185.191.171.35 - - [20/Jun/2021:16:46:32 +0200] "GET /kit-led-per-auto-alta-qualita-/599-881-h27-kit-led-36w-canbus-alta-qualita-fuzion.html HTTP/1.0" 200 157800 "-" "Mozilla/5.0 (compatible; SemrushBot/7~bl; +http://www.semrush.com/bot.html)"
157.55.39.32 - - [20/Jun/2021:16:46:58 +0200] "GET /kit-pro-standard-12v-35w/184-675-kit-xenon-h16-5202-standard-12v-35w-pro-quality-fuzion.html HTTP/1.0" 200 135297 "-" "Mozilla/5.0 (compatible; bingbot/2.0; +http://www.bing.com/bingbot.htm)"
66.249.89.204 - - [20/Jun/2021:16:47:11 +0200] "POST /module/zonethememanager/getFinalDate HTTP/1.0" 200 775 "https://www.fuzion.it/kit-led-per-auto-alta-qualita-/587-h8-kit-led-36w-canbus-alta-qualita-fuzion.html" "Mozilla/5.0 (iPhone; CPU iPhone OS 9_1 like Mac OS X) AppleWebKit/601.1.46 (KHTML, like Gecko) Version/9.0 Mobile/13B143 Safari/601.1 (compatible; AdsBot-Google-Mobile; +http://www.google.com/mobile/adsbot.html)"
5.91.118.165 - - [20/Jun/2021:16:48:43 +0200] "GET /kit-led-per-veicoli-24volt/516-h1-kit-led-matrix-50w-canbus-pro-fuzion.html?gclid=CjwKCAjwzruGBhBAEiwAUqMR8BqtgxoyRtQbUOm0vsDvbWin8hRREAxIQpcwC0zvw-JlmfHDGSf-URoCVxEQAvD_BwE HTTP/1.0" 200 268336 "-" "Mozilla/5.0 (Linux; Android 8.0.0; SAMSUNG SM-A600FN/A600FNXXS3ARJ3) AppleWebKit/537.36 (KHTML, like Gecko) SamsungBrowser/13.2 Chrome/83.0.4103.106 Mobile Safari/537.36"
5.91.118.165 - - [20/Jun/2021:16:48:45 +0200] "GET /2289-medium_default/h1-kit-led-matrix-50w-canbus-pro-fuzion.jpg HTTP/1.0" 200 255312 "https://www.fuzion.it/kit-led-per-veicoli-24volt/516-h1-kit-led-matrix-50w-canbus-pro-fuzion.html?gclid=CjwKCAjwzruGBhBAEiwAUqMR8BqtgxoyRtQbUOm0vsDvbWin8hRREAxIQpcwC0zvw-JlmfHDGSf-URoCVxEQAvD_BwE" "Mozilla/5.0 (Linux; Android 8.0.0; SAMSUNG SM-A600FN/A600FNXXS3ARJ3) AppleWebKit/537.36 (KHTML, like Gecko) SamsungBrowser/13.2 Chrome/83.0.4103.106 Mobile Safari/537.36"
5.91.118.165 - - [20/Jun/2021:16:48:45 +0200] "GET /2288-medium_default/h1-kit-led-matrix-50w-canbus-pro-fuzion.jpg HTTP/1.0" 200 227026 "https://www.fuzion.it/kit-led-per-veicoli-24volt/516-h1-kit-led-matrix-50w-canbus-pro-fuzion.html?gclid=CjwKCAjwzruGBhBAEiwAUqMR8BqtgxoyRtQbUOm0vsDvbWin8hRREAxIQpcwC0zvw-JlmfHDGSf-URoCVxEQAvD_BwE" "Mozilla/5.0 (Linux; Android 8.0.0; SAMSUNG SM-A600FN/A600FNXXS3ARJ3) AppleWebKit/537.36 (KHTML, like Gecko) SamsungBrowser/13.2 Chrome/83.0.4103.106 Mobile Safari/537.36"
5.91.118.165 - - [20/Jun/2021:16:48:46 +0200] "GET /2290-medium_default/h1-kit-led-matrix-50w-canbus-pro-fuzion.jpg HTTP/1.0" 200 235548 "https://www.fuzion.it/kit-led-per-veicoli-24volt/516-h1-kit-led-matrix-50w-canbus-pro-fuzion.html?gclid=CjwKCAjwzruGBhBAEiwAUqMR8BqtgxoyRtQbUOm0vsDvbWin8hRREAxIQpcwC0zvw-JlmfHDGSf-URoCVxEQAvD_BwE" "Mozilla/5.0 (Linux; Android 8.0.0; SAMSUNG SM-A600FN/A600FNXXS3ARJ3) AppleWebKit/537.36 (KHTML, like Gecko) SamsungBrowser/13.2 Chrome/83.0.4103.106 Mobile Safari/537.36"
5.91.118.165 - - [20/Jun/2021:16:48:46 +0200] "GET /1257-medium_default/h1-kit-led-matrix-50w-canbus-pro-fuzion.jpg HTTP/1.0" 200 25594 "https://www.fuzion.it/kit-led-per-veicoli-24volt/516-h1-kit-led-matrix-50w-canbus-pro-fuzion.html?gclid=CjwKCAjwzruGBhBAEiwAUqMR8BqtgxoyRtQbUOm0vsDvbWin8hRREAxIQpcwC0zvw-JlmfHDGSf-URoCVxEQAvD_BwE" "Mozilla/5.0 (Linux; Android 8.0.0; SAMSUNG SM-A600FN/A600FNXXS3ARJ3) AppleWebKit/537.36 (KHTML, like Gecko) SamsungBrowser/13.2 Chrome/83.0.4103.106 Mobile Safari/537.36"
5.91.118.165 - - [20/Jun/2021:16:48:46 +0200] "GET /2294-medium_default/h1-kit-led-matrix-50w-canbus-pro-fuzion.jpg HTTP/1.0" 200 143739 "https://www.fuzion.it/kit-led-per-veicoli-24volt/516-h1-kit-led-matrix-50w-canbus-pro-fuzion.html?gclid=CjwKCAjwzruGBhBAEiwAUqMR8BqtgxoyRtQbUOm0vsDvbWin8hRREAxIQpcwC0zvw-JlmfHDGSf-URoCVxEQAvD_BwE" "Mozilla/5.0 (Linux; Android 8.0.0; SAMSUNG SM-A600FN/A600FNXXS3ARJ3) AppleWebKit/537.36 (KHTML, like Gecko) SamsungBrowser/13.2 Chrome/83.0.4103.106 Mobile Safari/537.36"
5.91.118.165 - - [20/Jun/2021:16:48:46 +0200] "GET /2291-medium_default/h1-kit-led-matrix-50w-canbus-pro-fuzion.jpg HTTP/1.0" 200 236698 "https://www.fuzion.it/kit-led-per-veicoli-24volt/516-h1-kit-led-matrix-50w-canbus-pro-fuzion.html?gclid=CjwKCAjwzruGBhBAEiwAUqMR8BqtgxoyRtQbUOm0vsDvbWin8hRREAxIQpcwC0zvw-JlmfHDGSf-URoCVxEQAvD_BwE" "Mozilla/5.0 (Linux; Android 8.0.0; SAMSUNG SM-A600FN/A600FNXXS3ARJ3) AppleWebKit/537.36 (KHTML, like Gecko) SamsungBrowser/13.2 Chrome/83.0.4103.106 Mobile Safari/537.36"
5.91.118.165 - - [20/Jun/2021:16:48:46 +0200] "GET /2289-home_default/h1-kit-led-matrix-50w-canbus-pro-fuzion.jpg HTTP/1.0" 200 87327 "https://www.fuzion.it/kit-led-per-veicoli-24volt/516-h1-kit-led-matrix-50w-canbus-pro-fuzion.html?gclid=CjwKCAjwzruGBhBAEiwAUqMR8BqtgxoyRtQbUOm0vsDvbWin8hRREAxIQpcwC0zvw-JlmfHDGSf-URoCVxEQAvD_BwE" "Mozilla/5.0 (Linux; Android 8.0.0; SAMSUNG SM-A600FN/A600FNXXS3ARJ3) AppleWebKit/537.36 (KHTML, like Gecko) SamsungBrowser/13.2 Chrome/83.0.4103.106 Mobile Safari/537.36"
5.91.118.165 - - [20/Jun/2021:16:48:46 +0200] "GET /2297-medium_default/h1-kit-led-matrix-50w-canbus-pro-fuzion.jpg HTTP/1.0" 200 324371 "https://www.fuzion.it/kit-led-per-veicoli-24volt/516-h1-kit-led-matrix-50w-canbus-pro-fuzion.html?gclid=CjwKCAjwzruGBhBAEiwAUqMR8BqtgxoyRtQbUOm0vsDvbWin8hRREAxIQpcwC0zvw-JlmfHDGSf-URoCVxEQAvD_BwE" "Mozilla/5.0 (Linux; Android 8.0.0; SAMSUNG SM-A600FN/A600FNXXS3ARJ3) AppleWebKit/537.36 (KHTML, like Gecko) SamsungBrowser/13.2 Chrome/83.0.4103.106 Mobile Safari/537.36"
5.91.118.165 - - [20/Jun/2021:16:48:46 +0200] "GET /2293-medium_default/h1-kit-led-matrix-50w-canbus-pro-fuzion.jpg HTTP/1.0" 200 333516 "https://www.fuzion.it/kit-led-per-veicoli-24volt/516-h1-kit-led-matrix-50w-canbus-pro-fuzion.html?gclid=CjwKCAjwzruGBhBAEiwAUqMR8BqtgxoyRtQbUOm0vsDvbWin8hRREAxIQpcwC0zvw-JlmfHDGSf-URoCVxEQAvD_BwE" "Mozilla/5.0 (Linux; Android 8.0.0; SAMSUNG SM-A600FN/A600FNXXS3ARJ3) AppleWebKit/537.36 (KHTML, like Gecko) SamsungBrowser/13.2 Chrome/83.0.4103.106 Mobile Safari/537.36"
5.91.118.165 - - [20/Jun/2021:16:48:46 +0200] "GET /2292-medium_default/h1-kit-led-matrix-50w-canbus-pro-fuzion.jpg HTTP/1.0" 200 304624 "https://www.fuzion.it/kit-led-per-veicoli-24volt/516-h1-kit-led-matrix-50w-canbus-pro-fuzion.html?gclid=CjwKCAjwzruGBhBAEiwAUqMR8BqtgxoyRtQbUOm0vsDvbWin8hRREAxIQpcwC0zvw-JlmfHDGSf-URoCVxEQAvD_BwE" "Mozilla/5.0 (Linux; Android 8.0.0; SAMSUNG SM-A600FN/A600FNXXS3ARJ3) AppleWebKit/537.36 (KHTML, like Gecko) SamsungBrowser/13.2 Chrome/83.0.4103.106 Mobile Safari/537.36"
5.91.118.165 - - [20/Jun/2021:16:48:46 +0200] "GET /2295-medium_default/h1-kit-led-matrix-50w-canbus-pro-fuzion.jpg HTTP/1.0" 200 276508 "https://www.fuzion.it/kit-led-per-veicoli-24volt/516-h1-kit-led-matrix-50w-canbus-pro-fuzion.html?gclid=CjwKCAjwzruGBhBAEiwAUqMR8BqtgxoyRtQbUOm0vsDvbWin8hRREAxIQpcwC0zvw-JlmfHDGSf-URoCVxEQAvD_BwE" "Mozilla/5.0 (Linux; Android 8.0.0; SAMSUNG SM-A600FN/A600FNXXS3ARJ3) AppleWebKit/537.36 (KHTML, like Gecko) SamsungBrowser/13.2 Chrome/83.0.4103.106 Mobile Safari/537.36"
5.91.118.165 - - [20/Jun/2021:16:48:48 +0200] "POST /module/newsletterpro/ajax HTTP/1.0" 200 1107 "https://www.fuzion.it/kit-led-per-veicoli-24volt/516-h1-kit-led-matrix-50w-canbus-pro-fuzion.html?gclid=CjwKCAjwzruGBhBAEiwAUqMR8BqtgxoyRtQbUOm0vsDvbWin8hRREAxIQpcwC0zvw-JlmfHDGSf-URoCVxEQAvD_BwE" "Mozilla/5.0 (Linux; Android 8.0.0; SAMSUNG SM-A600FN/A600FNXXS3ARJ3) AppleWebKit/537.36 (KHTML, like Gecko) SamsungBrowser/13.2 Chrome/83.0.4103.106 Mobile Safari/537.36"
5.91.118.165 - - [20/Jun/2021:16:48:49 +0200] "POST /module/zonethememanager/getFinalDate HTTP/1.0" 200 1363 "https://www.fuzion.it/kit-led-per-veicoli-24volt/516-h1-kit-led-matrix-50w-canbus-pro-fuzion.html?gclid=CjwKCAjwzruGBhBAEiwAUqMR8BqtgxoyRtQbUOm0vsDvbWin8hRREAxIQpcwC0zvw-JlmfHDGSf-URoCVxEQAvD_BwE" "Mozilla/5.0 (Linux; Android 8.0.0; SAMSUNG SM-A600FN/A600FNXXS3ARJ3) AppleWebKit/537.36 (KHTML, like Gecko) SamsungBrowser/13.2 Chrome/83.0.4103.106 Mobile Safari/537.36"
5.91.118.165 - - [20/Jun/2021:16:48:50 +0200] "POST /module/zonethememanager/categoryTree HTTP/1.0" 200 11485 "https://www.fuzion.it/kit-led-per-veicoli-24volt/516-h1-kit-led-matrix-50w-canbus-pro-fuzion.html?gclid=CjwKCAjwzruGBhBAEiwAUqMR8BqtgxoyRtQbUOm0vsDvbWin8hRREAxIQpcwC0zvw-JlmfHDGSf-URoCVxEQAvD_BwE" "Mozilla/5.0 (Linux; Android 8.0.0; SAMSUNG SM-A600FN/A600FNXXS3ARJ3) AppleWebKit/537.36 (KHTML, like Gecko) SamsungBrowser/13.2 Chrome/83.0.4103.106 Mobile Safari/537.36"
66.249.76.4 - - [20/Jun/2021:16:48:53 +0200] "GET /1361-home_default/hb1-9004-kit-bi-led-matrix-50w-canbus-pro-fuzion.jpg HTTP/1.0" 403 1229 "-" "Googlebot-Image/1.0"
66.249.89.200 - - [20/Jun/2021:16:48:58 +0200] "GET /ricambi-xenon-auto-professionali/365-kit-ricambio-lampade-xenon-h7-xenpro-fuzion-pro-quality.html HTTP/1.0" 200 141393 "-" "Mozilla/5.0 (iPhone; CPU iPhone OS 9_1 like Mac OS X) AppleWebKit/601.1.46 (KHTML, like Gecko) Version/9.0 Mobile/13B143 Safari/601.1 (compatible; AdsBot-Google-Mobile; +http://www.google.com/mobile/adsbot.html)"
66.249.89.202 - - [20/Jun/2021:16:49:07 +0200] "POST /module/newsletterpro/ajax HTTP/1.0" 200 519 "https://www.fuzion.it/ricambi-xenon-auto-professionali/365-kit-ricambio-lampade-xenon-h7-xenpro-fuzion-pro-quality.html" "Mozilla/5.0 (iPhone; CPU iPhone OS 9_1 like Mac OS X) AppleWebKit/601.1.46 (KHTML, like Gecko) Version/9.0 Mobile/13B143 Safari/601.1 (compatible; AdsBot-Google-Mobile; +http://www.google.com/mobile/adsbot.html)"
66.249.89.202 - - [20/Jun/2021:16:49:08 +0200] "POST /module/zonethememanager/getFinalDate HTTP/1.0" 200 775 "https://www.fuzion.it/ricambi-xenon-auto-professionali/365-kit-ricambio-lampade-xenon-h7-xenpro-fuzion-pro-quality.html" "Mozilla/5.0 (iPhone; CPU iPhone OS 9_1 like Mac OS X) AppleWebKit/601.1.46 (KHTML, like Gecko) Version/9.0 Mobile/13B143 Safari/601.1 (compatible; AdsBot-Google-Mobile; +http://www.google.com/mobile/adsbot.html)"
66.249.89.202 - - [20/Jun/2021:16:49:09 +0200] "POST /module/zonethememanager/categoryTree HTTP/1.0" 200 10897 "https://www.fuzion.it/ricambi-xenon-auto-professionali/365-kit-ricambio-lampade-xenon-h7-xenpro-fuzion-pro-quality.html" "Mozilla/5.0 (iPhone; CPU iPhone OS 9_1 like Mac OS X) AppleWebKit/601.1.46 (KHTML, like Gecko) Version/9.0 Mobile/13B143 Safari/601.1 (compatible; AdsBot-Google-Mobile; +http://www.google.com/mobile/adsbot.html)"
54.36.148.234 - - [20/Jun/2021:16:49:09 +0200] "GET /accessori-montaggio-xenon/737-cavi-h1-h3-alimentazione-kit-led-o-xenon-hid.html HTTP/1.0" 200 132050 "-" "Mozilla/5.0 (compatible; AhrefsBot/7.0; +http://ahrefs.com/robot/)"
5.91.118.165 - - [20/Jun/2021:16:50:02 +0200] "GET /2258-home_default/hb3-9005-kit-led-36w-canbus-alta-qualita-fuzion.jpg HTTP/1.0" 200 86835 "https://www.fuzion.it/kit-led-per-veicoli-24volt/516-h1-kit-led-matrix-50w-canbus-pro-fuzion.html?gclid=CjwKCAjwzruGBhBAEiwAUqMR8BqtgxoyRtQbUOm0vsDvbWin8hRREAxIQpcwC0zvw-JlmfHDGSf-URoCVxEQAvD_BwE" "Mozilla/5.0 (Linux; Android 8.0.0; SAMSUNG SM-A600FN/A600FNXXS3ARJ3) AppleWebKit/537.36 (KHTML, like Gecko) SamsungBrowser/13.2 Chrome/83.0.4103.106 Mobile Safari/537.36"
5.91.118.165 - - [20/Jun/2021:16:50:02 +0200] "GET /2228-home_default/h3-kit-led-36w-canbus-alta-qualita-fuzion.jpg HTTP/1.0" 200 91373 "https://www.fuzion.it/kit-led-per-veicoli-24volt/516-h1-kit-led-matrix-50w-canbus-pro-fuzion.html?gclid=CjwKCAjwzruGBhBAEiwAUqMR8BqtgxoyRtQbUOm0vsDvbWin8hRREAxIQpcwC0zvw-JlmfHDGSf-URoCVxEQAvD_BwE" "Mozilla/5.0 (Linux; Android 8.0.0; SAMSUNG SM-A600FN/A600FNXXS3ARJ3) AppleWebKit/537.36 (KHTML, like Gecko) SamsungBrowser/13.2 Chrome/83.0.4103.106 Mobile Safari/537.36"
5.91.118.165 - - [20/Jun/2021:16:50:05 +0200] "GET /2395-home_default/h15-kit-bi-led-matrix-50w-canbus-pro-fuzion.jpg HTTP/1.0" 200 82204 "https://www.fuzion.it/kit-led-per-veicoli-24volt/516-h1-kit-led-matrix-50w-canbus-pro-fuzion.html?gclid=CjwKCAjwzruGBhBAEiwAUqMR8BqtgxoyRtQbUOm0vsDvbWin8hRREAxIQpcwC0zvw-JlmfHDGSf-URoCVxEQAvD_BwE" "Mozilla/5.0 (Linux; Android 8.0.0; SAMSUNG SM-A600FN/A600FNXXS3ARJ3) AppleWebKit/537.36 (KHTML, like Gecko) SamsungBrowser/13.2 Chrome/83.0.4103.106 Mobile Safari/537.36"
5.91.118.165 - - [20/Jun/2021:16:50:27 +0200] "GET /2250-home_default/h11-kit-led-36w-canbus-alta-qualita-fuzion.jpg HTTP/1.0" 200 71210 "https://www.fuzion.it/kit-led-per-veicoli-24volt/516-h1-kit-led-matrix-50w-canbus-pro-fuzion.html?gclid=CjwKCAjwzruGBhBAEiwAUqMR8BqtgxoyRtQbUOm0vsDvbWin8hRREAxIQpcwC0zvw-JlmfHDGSf-URoCVxEQAvD_BwE" "Mozilla/5.0 (Linux; Android 8.0.0; SAMSUNG SM-A600FN/A600FNXXS3ARJ3) AppleWebKit/537.36 (KHTML, like Gecko) SamsungBrowser/13.2 Chrome/83.0.4103.106 Mobile Safari/537.36"
5.91.118.165 - - [20/Jun/2021:16:50:27 +0200] "GET /2340-home_default/h9-kit-led-matrix-50w-canbus-pro-fuzion.jpg HTTP/1.0" 200 80478 "https://www.fuzion.it/kit-led-per-veicoli-24volt/516-h1-kit-led-matrix-50w-canbus-pro-fuzion.html?gclid=CjwKCAjwzruGBhBAEiwAUqMR8BqtgxoyRtQbUOm0vsDvbWin8hRREAxIQpcwC0zvw-JlmfHDGSf-URoCVxEQAvD_BwE" "Mozilla/5.0 (Linux; Android 8.0.0; SAMSUNG SM-A600FN/A600FNXXS3ARJ3) AppleWebKit/537.36 (KHTML, like Gecko) SamsungBrowser/13.2 Chrome/83.0.4103.106 Mobile Safari/537.36"
5.91.118.165 - - [20/Jun/2021:16:50:32 +0200] "GET /2349-home_default/h11-kit-led-matrix-50w-canbus-pro-fuzion.jpg HTTP/1.0" 200 80478 "https://www.fuzion.it/kit-led-per-veicoli-24volt/516-h1-kit-led-matrix-50w-canbus-pro-fuzion.html?gclid=CjwKCAjwzruGBhBAEiwAUqMR8BqtgxoyRtQbUOm0vsDvbWin8hRREAxIQpcwC0zvw-JlmfHDGSf-URoCVxEQAvD_BwE" "Mozilla/5.0 (Linux; Android 8.0.0; SAMSUNG SM-A600FN/A600FNXXS3ARJ3) AppleWebKit/537.36 (KHTML, like Gecko) SamsungBrowser/13.2 Chrome/83.0.4103.106 Mobile Safari/537.36"
5.91.118.165 - - [20/Jun/2021:16:50:32 +0200] "GET /2326-home_default/h7-kit-led-matrix-50w-canbus-pro-fuzion.jpg HTTP/1.0" 200 81951 "https://www.fuzion.it/kit-led-per-veicoli-24volt/516-h1-kit-led-matrix-50w-canbus-pro-fuzion.html?gclid=CjwKCAjwzruGBhBAEiwAUqMR8BqtgxoyRtQbUOm0vsDvbWin8hRREAxIQpcwC0zvw-JlmfHDGSf-URoCVxEQAvD_BwE" "Mozilla/5.0 (Linux; Android 8.0.0; SAMSUNG SM-A600FN/A600FNXXS3ARJ3) AppleWebKit/537.36 (KHTML, like Gecko) SamsungBrowser/13.2 Chrome/83.0.4103.106 Mobile Safari/537.36"
5.91.118.165 - - [20/Jun/2021:16:50:45 +0200] "GET /2232-home_default/h7-kit-led-36w-canbus-alta-qualita-fuzion.jpg HTTP/1.0" 200 92804 "https://www.fuzion.it/kit-led-per-veicoli-24volt/516-h1-kit-led-matrix-50w-canbus-pro-fuzion.html?gclid=CjwKCAjwzruGBhBAEiwAUqMR8BqtgxoyRtQbUOm0vsDvbWin8hRREAxIQpcwC0zvw-JlmfHDGSf-URoCVxEQAvD_BwE" "Mozilla/5.0 (Linux; Android 8.0.0; SAMSUNG SM-A600FN/A600FNXXS3ARJ3) AppleWebKit/537.36 (KHTML, like Gecko) SamsungBrowser/13.2 Chrome/83.0.4103.106 Mobile Safari/537.36"
5.91.118.165 - - [20/Jun/2021:16:50:45 +0200] "GET /2247-home_default/h9-kit-led-36w-canbus-alta-qualita-fuzion.jpg HTTP/1.0" 200 71210 "https://www.fuzion.it/kit-led-per-veicoli-24volt/516-h1-kit-led-matrix-50w-canbus-pro-fuzion.html?gclid=CjwKCAjwzruGBhBAEiwAUqMR8BqtgxoyRtQbUOm0vsDvbWin8hRREAxIQpcwC0zvw-JlmfHDGSf-URoCVxEQAvD_BwE" "Mozilla/5.0 (Linux; Android 8.0.0; SAMSUNG SM-A600FN/A600FNXXS3ARJ3) AppleWebKit/537.36 (KHTML, like Gecko) SamsungBrowser/13.2 Chrome/83.0.4103.106 Mobile Safari/537.36"
54.36.149.81 - - [20/Jun/2021:16:53:41 +0200] "GET /kit-xenon-digital-64bit-35w/36-95-kit-xenon-h11-digital-64bit-35w-alta-qualita-.html HTTP/1.0" 200 138097 "-" "Mozilla/5.0 (compatible; AhrefsBot/7.0; +http://ahrefs.com/robot/)"
207.46.13.153 - - [20/Jun/2021:16:53:46 +0200] "GET /1691-home_default/h13-kit-bi-led-36w-canbus-alta-qualita-fuzion.jpg HTTP/1.0" 200 11415 "-" "Mozilla/5.0 (compatible; bingbot/2.0; +http://www.bing.com/bingbot.htm)"
93.34.129.113 - - [20/Jun/2021:16:55:42 +0200] "GET / HTTP/1.0" 503 9968 "-" "Mozilla/5.0 (iPhone; CPU iPhone OS 14_6 like Mac OS X) AppleWebKit/605.1.15 (KHTML, like Gecko) Version/14.1.1 Mobile/15E148 Safari/604.1"
93.34.129.113 - - [20/Jun/2021:16:55:58 +0200] "GET / HTTP/1.0" 503 9968 "-" "Mozilla/5.0 (iPhone; CPU iPhone OS 14_6 like Mac OS X) AppleWebKit/605.1.15 (KHTML, like Gecko) Version/14.1.1 Mobile/15E148 Safari/604.1"
66.249.89.200 - - [20/Jun/2021:16:56:37 +0200] "POST /module/newsletterpro/ajax HTTP/1.0" 200 519 "https://www.fuzion.it/kit-led-per-veicoli-24volt/519-h7-kit-led-matrix-50w-canbus-pro-fuzion.html" "Mozilla/5.0 (iPhone; CPU iPhone OS 9_1 like Mac OS X) AppleWebKit/601.1.46 (KHTML, like Gecko) Version/9.0 Mobile/13B143 Safari/601.1 (compatible; AdsBot-Google-Mobile; +http://www.google.com/mobile/adsbot.html)"
66.249.89.200 - - [20/Jun/2021:16:56:41 +0200] "POST /module/zonethememanager/getFinalDate HTTP/1.0" 200 775 "https://www.fuzion.it/kit-led-per-veicoli-24volt/519-h7-kit-led-matrix-50w-canbus-pro-fuzion.html" "Mozilla/5.0 (iPhone; CPU iPhone OS 9_1 like Mac OS X) AppleWebKit/601.1.46 (KHTML, like Gecko) Version/9.0 Mobile/13B143 Safari/601.1 (compatible; AdsBot-Google-Mobile; +http://www.google.com/mobile/adsbot.html)"
66.249.89.200 - - [20/Jun/2021:16:56:51 +0200] "POST /module/zonethememanager/categoryTree HTTP/1.0" 200 10897 "https://www.fuzion.it/kit-led-per-veicoli-24volt/519-h7-kit-led-matrix-50w-canbus-pro-fuzion.html" "Mozilla/5.0 (iPhone; CPU iPhone OS 9_1 like Mac OS X) AppleWebKit/601.1.46 (KHTML, like Gecko) Version/9.0 Mobile/13B143 Safari/601.1 (compatible; AdsBot-Google-Mobile; +http://www.google.com/mobile/adsbot.html)"
40.77.167.108 - - [20/Jun/2021:16:58:20 +0200] "GET /kit-xenon-veicoli-24volt-pro/316-1209-kit-bi-xenon-h4-3-canbus-24v-55w-pro-quality-fuzion.html HTTP/1.0" 200 139336 "-" "Mozilla/5.0 (compatible; bingbot/2.0; +http://www.bing.com/bingbot.htm)"
54.36.148.89 - - [20/Jun/2021:16:58:33 +0200] "GET /kit-pro-standard-12v-35w/159-579-kit-xenon-h3-standard-12v-35w-pro-quality-fuzion.html HTTP/1.0" 200 139902 "-" "Mozilla/5.0 (compatible; AhrefsBot/7.0; +http://ahrefs.com/robot/)"
80.211.21.168 - - [20/Jun/2021:17:00:02 +0200] "GET /modules/fastbay1/ajax/downloadOrders.php?s=1&mp=101&token=fe5bbe495522e306e46ab3a58ca3e552 HTTP/1.0" 200 1184 "-" "curl/7.29.0"
80.211.21.168 - - [20/Jun/2021:17:00:02 +0200] "GET /mcadmin/index.php?controller=AdminSearch&action=searchCron&ajax=1&full=1&token=3ztiax6t&id_shop=1 HTTP/1.0" 200 1048 "-" "curl/7.29.0"
66.249.76.4 - - [20/Jun/2021:17:02:16 +0200] "GET /158-kit-xenon-auto-alta-qualita- HTTP/1.0" 200 175967 "-" "Mozilla/5.0 (compatible; Googlebot/2.1; +http://www.google.com/bot.html)"
66.249.89.202 - - [20/Jun/2021:17:02:22 +0200] "GET /kit-pro-can-superlight-55w/270-kit-xenon-d2s-canbus-superlight-12v-55w-pro-quality-fuzion.html HTTP/1.0" 200 134019 "-" "Mozilla/5.0 (iPhone; CPU iPhone OS 9_1 like Mac OS X) AppleWebKit/601.1.46 (KHTML, like Gecko) Version/9.0 Mobile/13B143 Safari/601.1 (compatible; AdsBot-Google-Mobile; +http://www.google.com/mobile/adsbot.html)"
66.249.89.200 - - [20/Jun/2021:17:02:43 +0200] "POST /module/newsletterpro/ajax HTTP/1.0" 200 519 "https://www.fuzion.it/kit-pro-can-superlight-55w/270-kit-xenon-d2s-canbus-superlight-12v-55w-pro-quality-fuzion.html" "Mozilla/5.0 (iPhone; CPU iPhone OS 9_1 like Mac OS X) AppleWebKit/601.1.46 (KHTML, like Gecko) Version/9.0 Mobile/13B143 Safari/601.1 (compatible; AdsBot-Google-Mobile; +http://www.google.com/mobile/adsbot.html)"
66.249.89.200 - - [20/Jun/2021:17:02:43 +0200] "POST /module/zonethememanager/getFinalDate HTTP/1.0" 200 775 "https://www.fuzion.it/kit-pro-can-superlight-55w/270-kit-xenon-d2s-canbus-superlight-12v-55w-pro-quality-fuzion.html" "Mozilla/5.0 (iPhone; CPU iPhone OS 9_1 like Mac OS X) AppleWebKit/601.1.46 (KHTML, like Gecko) Version/9.0 Mobile/13B143 Safari/601.1 (compatible; AdsBot-Google-Mobile; +http://www.google.com/mobile/adsbot.html)"
66.249.89.200 - - [20/Jun/2021:17:02:49 +0200] "POST /module/zonethememanager/categoryTree HTTP/1.0" 200 10897 "https://www.fuzion.it/kit-pro-can-superlight-55w/270-kit-xenon-d2s-canbus-superlight-12v-55w-pro-quality-fuzion.html" "Mozilla/5.0 (iPhone; CPU iPhone OS 9_1 like Mac OS X) AppleWebKit/601.1.46 (KHTML, like Gecko) Version/9.0 Mobile/13B143 Safari/601.1 (compatible; AdsBot-Google-Mobile; +http://www.google.com/mobile/adsbot.html)"
54.36.148.37 - - [20/Jun/2021:17:03:19 +0200] "GET /filtri-canbus-no-error-led/662-resistenze-t10-w5w-plug-and-play-filtri-canbus-no-error-fuzion.html HTTP/1.0" 200 136336 "-" "Mozilla/5.0 (compatible; AhrefsBot/7.0; +http://ahrefs.com/robot/)"
40.77.167.30 - - [20/Jun/2021:17:03:49 +0200] "GET /kit-pro-canbus-line-12v-35w/223-837-kit-xenon-h8-canbus-line-12v-35w-pro-quality-fuzion.html HTTP/1.0" 200 136748 "-" "Mozilla/5.0 (compatible; bingbot/2.0; +http://www.bing.com/bingbot.htm)"
13.66.139.0 - - [20/Jun/2021:17:03:57 +0200] "GET /kit-pro-can-superlight-55w/254-kit-xenon-h10-canbus-superlight-12v-55w-pro-quality-fuzion.html HTTP/1.0" 200 137919 "-" "Mozilla/5.0 (compatible; bingbot/2.0; +http://www.bing.com/bingbot.htm)"
151.37.48.50 - - [20/Jun/2021:17:05:16 +0200] "GET /?gclid=CjwKCAjwzruGBhBAEiwAUqMR8GIIRAQEgJiho2zHCFVshQ2O4u0ZksWpdq79fYTeuUcBnovwIHbqjBoC-tUQAvD_BwE HTTP/1.0" 200 292285 "https://www.google.com/" "Mozilla/5.0 (Linux; Android 11; SAMSUNG SM-N975F) AppleWebKit/537.36 (KHTML, like Gecko) SamsungBrowser/14.0 Chrome/87.0.4280.141 Mobile Safari/537.36"
151.37.48.50 - - [20/Jun/2021:17:05:17 +0200] "GET /847-home_default/kit-ricambio-lampade-xenon-d5s-oem-xenpro-fuzion-pro-quality.jpg HTTP/1.0" 200 9013 "https://www.fuzion.it/?gclid=CjwKCAjwzruGBhBAEiwAUqMR8GIIRAQEgJiho2zHCFVshQ2O4u0ZksWpdq79fYTeuUcBnovwIHbqjBoC-tUQAvD_BwE" "Mozilla/5.0 (Linux; Android 11; SAMSUNG SM-N975F) AppleWebKit/537.36 (KHTML, like Gecko) SamsungBrowser/14.0 Chrome/87.0.4280.141 Mobile Safari/537.36"
151.37.48.50 - - [20/Jun/2021:17:05:17 +0200] "GET /944-home_default/centralina-xenon-valeo-lad5g-12pin-alta-qualita-fuzion.jpg HTTP/1.0" 200 10495 "https://www.fuzion.it/?gclid=CjwKCAjwzruGBhBAEiwAUqMR8GIIRAQEgJiho2zHCFVshQ2O4u0ZksWpdq79fYTeuUcBnovwIHbqjBoC-tUQAvD_BwE" "Mozilla/5.0 (Linux; Android 11; SAMSUNG SM-N975F) AppleWebKit/537.36 (KHTML, like Gecko) SamsungBrowser/14.0 Chrome/87.0.4280.141 Mobile Safari/537.36"
151.37.48.50 - - [20/Jun/2021:17:05:17 +0200] "GET /2877-home_default/kit-ricambio-lampade-xenon-d2s-oem-xenpro-fuzion-pro-quality.jpg HTTP/1.0" 200 84248 "https://www.fuzion.it/?gclid=CjwKCAjwzruGBhBAEiwAUqMR8GIIRAQEgJiho2zHCFVshQ2O4u0ZksWpdq79fYTeuUcBnovwIHbqjBoC-tUQAvD_BwE" "Mozilla/5.0 (Linux; Android 11; SAMSUNG SM-N975F) AppleWebKit/537.36 (KHTML, like Gecko) SamsungBrowser/14.0 Chrome/87.0.4280.141 Mobile Safari/537.36"
151.37.48.50 - - [20/Jun/2021:17:05:17 +0200] "GET /2904-home_default/kit-ricambio-lampade-xenon-d1s-hid-standard-fuzion.jpg HTTP/1.0" 200 77056 "https://www.fuzion.it/?gclid=CjwKCAjwzruGBhBAEiwAUqMR8GIIRAQEgJiho2zHCFVshQ2O4u0ZksWpdq79fYTeuUcBnovwIHbqjBoC-tUQAvD_BwE" "Mozilla/5.0 (Linux; Android 11; SAMSUNG SM-N975F) AppleWebKit/537.36 (KHTML, like Gecko) SamsungBrowser/14.0 Chrome/87.0.4280.141 Mobile Safari/537.36"
151.37.48.50 - - [20/Jun/2021:17:05:18 +0200] "POST /module/newsletterpro/ajax HTTP/1.0" 200 519 "https://www.fuzion.it/?gclid=CjwKCAjwzruGBhBAEiwAUqMR8GIIRAQEgJiho2zHCFVshQ2O4u0ZksWpdq79fYTeuUcBnovwIHbqjBoC-tUQAvD_BwE" "Mozilla/5.0 (Linux; Android 11; SAMSUNG SM-N975F) AppleWebKit/537.36 (KHTML, like Gecko) SamsungBrowser/14.0 Chrome/87.0.4280.141 Mobile Safari/537.36"
151.37.48.50 - - [20/Jun/2021:17:05:19 +0200] "POST /module/zonethememanager/getFinalDateMiniature HTTP/1.0" 200 21433 "https://www.fuzion.it/?gclid=CjwKCAjwzruGBhBAEiwAUqMR8GIIRAQEgJiho2zHCFVshQ2O4u0ZksWpdq79fYTeuUcBnovwIHbqjBoC-tUQAvD_BwE" "Mozilla/5.0 (Linux; Android 11; SAMSUNG SM-N975F) AppleWebKit/537.36 (KHTML, like Gecko) SamsungBrowser/14.0 Chrome/87.0.4280.141 Mobile Safari/537.36"
151.37.48.50 - - [20/Jun/2021:17:05:20 +0200] "POST /module/zonethememanager/categoryTree HTTP/1.0" 200 10897 "https://www.fuzion.it/?gclid=CjwKCAjwzruGBhBAEiwAUqMR8GIIRAQEgJiho2zHCFVshQ2O4u0ZksWpdq79fYTeuUcBnovwIHbqjBoC-tUQAvD_BwE" "Mozilla/5.0 (Linux; Android 11; SAMSUNG SM-N975F) AppleWebKit/537.36 (KHTML, like Gecko) SamsungBrowser/14.0 Chrome/87.0.4280.141 Mobile Safari/537.36"
151.37.48.50 - - [20/Jun/2021:17:05:23 +0200] "GET /1458-home_default/lampade-t10-w5w-5-led-canbus-fuzion.jpg HTTP/1.0" 200 9173 "https://www.fuzion.it/?gclid=CjwKCAjwzruGBhBAEiwAUqMR8GIIRAQEgJiho2zHCFVshQ2O4u0ZksWpdq79fYTeuUcBnovwIHbqjBoC-tUQAvD_BwE" "Mozilla/5.0 (Linux; Android 11; SAMSUNG SM-N975F) AppleWebKit/537.36 (KHTML, like Gecko) SamsungBrowser/14.0 Chrome/87.0.4280.141 Mobile Safari/537.36"
151.37.48.50 - - [20/Jun/2021:17:05:23 +0200] "GET /2719-home_default/lampade-t10-w5w-16-led-new-canbus-pro-power-fuzion.jpg HTTP/1.0" 200 70333 "https://www.fuzion.it/?gclid=CjwKCAjwzruGBhBAEiwAUqMR8GIIRAQEgJiho2zHCFVshQ2O4u0ZksWpdq79fYTeuUcBnovwIHbqjBoC-tUQAvD_BwE" "Mozilla/5.0 (Linux; Android 11; SAMSUNG SM-N975F) AppleWebKit/537.36 (KHTML, like Gecko) SamsungBrowser/14.0 Chrome/87.0.4280.141 Mobile Safari/537.36"
151.37.48.50 - - [20/Jun/2021:17:05:23 +0200] "GET /2702-home_default/lampade-siluro-c5w-c10w-plafoniera-targa-1-led-canbus-pro-power-fuzion.jpg HTTP/1.0" 200 94700 "https://www.fuzion.it/?gclid=CjwKCAjwzruGBhBAEiwAUqMR8GIIRAQEgJiho2zHCFVshQ2O4u0ZksWpdq79fYTeuUcBnovwIHbqjBoC-tUQAvD_BwE" "Mozilla/5.0 (Linux; Android 11; SAMSUNG SM-N975F) AppleWebKit/537.36 (KHTML, like Gecko) SamsungBrowser/14.0 Chrome/87.0.4280.141 Mobile Safari/537.36"
151.37.48.50 - - [20/Jun/2021:17:05:24 +0200] "GET /1079-home_default/h7-alogene-super-white-pro-effetto-xenon-hid-fuzion.jpg HTTP/1.0" 200 11324 "https://www.fuzion.it/?gclid=CjwKCAjwzruGBhBAEiwAUqMR8GIIRAQEgJiho2zHCFVshQ2O4u0ZksWpdq79fYTeuUcBnovwIHbqjBoC-tUQAvD_BwE" "Mozilla/5.0 (Linux; Android 11; SAMSUNG SM-N975F) AppleWebKit/537.36 (KHTML, like Gecko) SamsungBrowser/14.0 Chrome/87.0.4280.141 Mobile Safari/537.36"
151.37.48.50 - - [20/Jun/2021:17:05:24 +0200] "GET /2326-home_default/h7-kit-led-matrix-50w-canbus-pro-fuzion.jpg HTTP/1.0" 200 81951 "https://www.fuzion.it/?gclid=CjwKCAjwzruGBhBAEiwAUqMR8GIIRAQEgJiho2zHCFVshQ2O4u0ZksWpdq79fYTeuUcBnovwIHbqjBoC-tUQAvD_BwE" "Mozilla/5.0 (Linux; Android 11; SAMSUNG SM-N975F) AppleWebKit/537.36 (KHTML, like Gecko) SamsungBrowser/14.0 Chrome/87.0.4280.141 Mobile Safari/537.36"
173.252.111.21 - - [20/Jun/2021:17:05:57 +0200] "GET /facebookproductad.xml.php?id_shop=1&id_lang=2&country=IT&currency_iso=EUR&token=4adc503825c1701d7c6a53b252364f85 HTTP/1.0" 200 2525123 "-" "facebookexternalhit/1.1 (+http://www.facebook.com/externalhit_uatext.php)"
173.252.95.117 - - [20/Jun/2021:17:06:20 +0200] "GET /led-interni-esterni-1224v/541-lampade-t10-w5w-5-led-canbus-fuzion.html HTTP/1.0" 200 152947 "-" "facebookexternalhit/1.1 (+http://www.facebook.com/externalhit_uatext.php)"
173.252.87.17 - - [20/Jun/2021:17:06:22 +0200] "GET /kit-sensori-di-parcheggio/511-kit-4-sensori-di-parcheggio-con-display-led-slim-pro-fuzion.html HTTP/1.0" 200 164510 "-" "facebookexternalhit/1.1 (+http://www.facebook.com/externalhit_uatext.php)"
54.36.148.37 - - [20/Jun/2021:17:07:55 +0200] "GET /lampade-alogene-12volt/502-bay15d-p215w-1157-alogene-super-white-pro-effetto-xenon-hid-fuzion.html HTTP/1.0" 200 146608 "-" "Mozilla/5.0 (compatible; AhrefsBot/7.0; +http://ahrefs.com/robot/)"
66.249.89.204 - - [20/Jun/2021:17:08:19 +0200] "GET /kit-pro-can-superlight-55w/259-kit-xenon-h16-5202-canbus-superlight-12v-55w-pro-quality-fuzion.html HTTP/1.0" 200 137937 "-" "AdsBot-Google (+http://www.google.com/adsbot.html)"
66.249.89.202 - - [20/Jun/2021:17:08:31 +0200] "POST /module/newsletterpro/ajax HTTP/1.0" 200 519 "https://www.fuzion.it/kit-pro-can-superlight-55w/259-kit-xenon-h16-5202-canbus-superlight-12v-55w-pro-quality-fuzion.html" "AdsBot-Google (+http://www.google.com/adsbot.html)"
66.249.89.200 - - [20/Jun/2021:17:08:53 +0200] "POST /module/zonethememanager/getFinalDate HTTP/1.0" 200 775 "https://www.fuzion.it/kit-pro-can-superlight-55w/259-kit-xenon-h16-5202-canbus-superlight-12v-55w-pro-quality-fuzion.html" "AdsBot-Google (+http://www.google.com/adsbot.html)"
66.249.89.200 - - [20/Jun/2021:17:08:55 +0200] "POST /module/zonemegamenu/menuDropdownContent HTTP/1.0" 200 479 "https://www.fuzion.it/kit-pro-can-superlight-55w/259-kit-xenon-h16-5202-canbus-superlight-12v-55w-pro-quality-fuzion.html" "AdsBot-Google (+http://www.google.com/adsbot.html)"
66.249.89.200 - - [20/Jun/2021:17:08:56 +0200] "POST /module/zonethememanager/categoryTree HTTP/1.0" 200 10897 "https://www.fuzion.it/kit-pro-can-superlight-55w/259-kit-xenon-h16-5202-canbus-superlight-12v-55w-pro-quality-fuzion.html" "AdsBot-Google (+http://www.google.com/adsbot.html)"
157.55.39.32 - - [20/Jun/2021:17:09:10 +0200] "GET /1254-large_default/h1-kit-led-matrix-50w-canbus-pro-fuzion.jpg HTTP/1.0" 403 1229 "-" "Mozilla/5.0 (compatible; bingbot/2.0; +http://www.bing.com/bingbot.htm)"
62.19.103.158 - - [20/Jun/2021:17:11:44 +0200] "GET /led-interni-esterni-1224v/541-lampade-t10-w5w-5-led-canbus-fuzion.html?gclid=CjwKCAjwzruGBhBAEiwAUqMR8J-VxhUYVmvDRgZ4jDg_ssIAfZ01xFU_GqnzsjlPnuPWzQQCFgcfSBoCHIAQAvD_BwE HTTP/1.0" 200 155237 "https://www.google.it/" "Mozilla/5.0 (Linux; Android 10; LM-G810) AppleWebKit/537.36 (KHTML, like Gecko) Chrome/91.0.4472.77 Mobile Safari/537.36"
62.19.103.158 - - [20/Jun/2021:17:11:46 +0200] "GET /1458-medium_default/lampade-t10-w5w-5-led-canbus-fuzion.jpg HTTP/1.0" 200 20090 "https://www.fuzion.it/led-interni-esterni-1224v/541-lampade-t10-w5w-5-led-canbus-fuzion.html?gclid=CjwKCAjwzruGBhBAEiwAUqMR8J-VxhUYVmvDRgZ4jDg_ssIAfZ01xFU_GqnzsjlPnuPWzQQCFgcfSBoCHIAQAvD_BwE" "Mozilla/5.0 (Linux; Android 10; LM-G810) AppleWebKit/537.36 (KHTML, like Gecko) Chrome/91.0.4472.77 Mobile Safari/537.36"
62.19.103.158 - - [20/Jun/2021:17:11:46 +0200] "GET /1459-medium_default/lampade-t10-w5w-5-led-canbus-fuzion.jpg HTTP/1.0" 200 60229 "https://www.fuzion.it/led-interni-esterni-1224v/541-lampade-t10-w5w-5-led-canbus-fuzion.html?gclid=CjwKCAjwzruGBhBAEiwAUqMR8J-VxhUYVmvDRgZ4jDg_ssIAfZ01xFU_GqnzsjlPnuPWzQQCFgcfSBoCHIAQAvD_BwE" "Mozilla/5.0 (Linux; Android 10; LM-G810) AppleWebKit/537.36 (KHTML, like Gecko) Chrome/91.0.4472.77 Mobile Safari/537.36"
62.19.103.158 - - [20/Jun/2021:17:11:46 +0200] "GET /1458-home_default/lampade-t10-w5w-5-led-canbus-fuzion.jpg HTTP/1.0" 200 9173 "https://www.fuzion.it/led-interni-esterni-1224v/541-lampade-t10-w5w-5-led-canbus-fuzion.html?gclid=CjwKCAjwzruGBhBAEiwAUqMR8J-VxhUYVmvDRgZ4jDg_ssIAfZ01xFU_GqnzsjlPnuPWzQQCFgcfSBoCHIAQAvD_BwE" "Mozilla/5.0 (Linux; Android 10; LM-G810) AppleWebKit/537.36 (KHTML, like Gecko) Chrome/91.0.4472.77 Mobile Safari/537.36"
62.19.103.158 - - [20/Jun/2021:17:11:46 +0200] "POST /module/newsletterpro/ajax HTTP/1.0" 200 519 "https://www.fuzion.it/led-interni-esterni-1224v/541-lampade-t10-w5w-5-led-canbus-fuzion.html?gclid=CjwKCAjwzruGBhBAEiwAUqMR8J-VxhUYVmvDRgZ4jDg_ssIAfZ01xFU_GqnzsjlPnuPWzQQCFgcfSBoCHIAQAvD_BwE" "Mozilla/5.0 (Linux; Android 10; LM-G810) AppleWebKit/537.36 (KHTML, like Gecko) Chrome/91.0.4472.77 Mobile Safari/537.36"
62.19.103.158 - - [20/Jun/2021:17:11:47 +0200] "POST /module/zonethememanager/getFinalDate HTTP/1.0" 200 775 "https://www.fuzion.it/led-interni-esterni-1224v/541-lampade-t10-w5w-5-led-canbus-fuzion.html?gclid=CjwKCAjwzruGBhBAEiwAUqMR8J-VxhUYVmvDRgZ4jDg_ssIAfZ01xFU_GqnzsjlPnuPWzQQCFgcfSBoCHIAQAvD_BwE" "Mozilla/5.0 (Linux; Android 10; LM-G810) AppleWebKit/537.36 (KHTML, like Gecko) Chrome/91.0.4472.77 Mobile Safari/537.36"
66.249.76.4 - - [20/Jun/2021:17:12:03 +0200] "GET /kit-pro-canbus-line-12v-35w/230-kit-xenon-h16-5202-canbus-line-12v-35w-pro-quality-fuzion.html HTTP/1.0" 200 133972 "-" "Mozilla/5.0 (Linux; Android 6.0.1; Nexus 5X Build/MMB29P) AppleWebKit/537.36 (KHTML, like Gecko) Chrome/91.0.4472.90 Mobile Safari/537.36 (compatible; Googlebot/2.1; +http://www.google.com/bot.html)"
54.36.148.185 - - [20/Jun/2021:17:12:31 +0200] "GET /kit-led-per-auto-alta-qualita-/586-h7-kit-led-36w-canbus-alta-qualita-fuzion.html HTTP/1.0" 200 182917 "-" "Mozilla/5.0 (compatible; AhrefsBot/7.0; +http://ahrefs.com/robot/)"
207.46.13.52 - - [20/Jun/2021:17:12:58 +0200] "GET /filtri-canbus-no-error-led/720-h4-resistenze-plug-play-spegnispia-canbus-no-error-pro-quality-fuzion.html HTTP/1.0" 200 226319 "-" "Mozilla/5.0 (compatible; bingbot/2.0; +http://www.bing.com/bingbot.htm)"
66.249.89.200 - - [20/Jun/2021:17:14:16 +0200] "GET /kit-pro-standard-12v-35w/183-kit-xenon-hir2-9012-standard-12v-35w-pro-quality-fuzion.html HTTP/1.0" 200 132201 "-" "Mozilla/5.0 (iPhone; CPU iPhone OS 9_1 like Mac OS X) AppleWebKit/601.1.46 (KHTML, like Gecko) Version/9.0 Mobile/13B143 Safari/601.1 (compatible; AdsBot-Google-Mobile; +http://www.google.com/mobile/adsbot.html)"
66.249.89.200 - - [20/Jun/2021:17:14:21 +0200] "POST /module/newsletterpro/ajax HTTP/1.0" 200 519 "https://www.fuzion.it/kit-pro-standard-12v-35w/183-kit-xenon-hir2-9012-standard-12v-35w-pro-quality-fuzion.html" "Mozilla/5.0 (iPhone; CPU iPhone OS 9_1 like Mac OS X) AppleWebKit/601.1.46 (KHTML, like Gecko) Version/9.0 Mobile/13B143 Safari/601.1 (compatible; AdsBot-Google-Mobile; +http://www.google.com/mobile/adsbot.html)"
66.249.89.200 - - [20/Jun/2021:17:14:50 +0200] "POST /module/zonethememanager/getFinalDate HTTP/1.0" 200 775 "https://www.fuzion.it/kit-pro-standard-12v-35w/183-kit-xenon-hir2-9012-standard-12v-35w-pro-quality-fuzion.html" "Mozilla/5.0 (iPhone; CPU iPhone OS 9_1 like Mac OS X) AppleWebKit/601.1.46 (KHTML, like Gecko) Version/9.0 Mobile/13B143 Safari/601.1 (compatible; AdsBot-Google-Mobile; +http://www.google.com/mobile/adsbot.html)"
66.249.89.200 - - [20/Jun/2021:17:14:52 +0200] "POST /module/zonethememanager/categoryTree HTTP/1.0" 200 10897 "https://www.fuzion.it/kit-pro-standard-12v-35w/183-kit-xenon-hir2-9012-standard-12v-35w-pro-quality-fuzion.html" "Mozilla/5.0 (iPhone; CPU iPhone OS 9_1 like Mac OS X) AppleWebKit/601.1.46 (KHTML, like Gecko) Version/9.0 Mobile/13B143 Safari/601.1 (compatible; AdsBot-Google-Mobile; +http://www.google.com/mobile/adsbot.html)"
207.46.13.52 - - [20/Jun/2021:17:15:26 +0200] "GET /37-kit-led-auto-moto-e-24v?page=2 HTTP/1.0" 301 414 "-" "Mozilla/5.0 (compatible; bingbot/2.0; +http://www.bing.com/bingbot.htm)"
113.31.114.242 - - [20/Jun/2021:17:15:54 +0200] "GET / HTTP/1.0" 301 372 "-" "Dalvik/2.1.0 (Linux; U; Android 7.0; ZTE BA520 Build/MRA58K)"
40.77.167.21 - - [20/Jun/2021:17:16:34 +0200] "GET /led-interni-esterni-1224v/726-lampade-h7-50w-led-new-canbus-pro-fuzion.html HTTP/1.0" 200 132499 "-" "Mozilla/5.0 (compatible; bingbot/2.0; +http://www.bing.com/bingbot.htm)"
54.36.149.81 - - [20/Jun/2021:17:17:14 +0200] "GET /82-lampade-alogene-white-pro HTTP/1.0" 200 177416 "-" "Mozilla/5.0 (compatible; AhrefsBot/7.0; +http://ahrefs.com/robot/)"
40.77.167.30 - - [20/Jun/2021:17:19:35 +0200] "GET /1152-home_default/s3-alogene-super-white-pro-effetto-xenon-hid-fuzion.jpg HTTP/1.0" 200 10864 "-" "Mozilla/5.0 (compatible; bingbot/2.0; +http://www.bing.com/bingbot.htm)"
66.249.89.204 - - [20/Jun/2021:17:20:13 +0200] "GET /kit-led-per-auto-professionali/517-h3-kit-led-matrix-50w-canbus-pro-fuzion.html HTTP/1.0" 301 460 "-" "Mozilla/5.0 (iPhone; CPU iPhone OS 9_1 like Mac OS X) AppleWebKit/601.1.46 (KHTML, like Gecko) Version/9.0 Mobile/13B143 Safari/601.1 (compatible; AdsBot-Google-Mobile; +http://www.google.com/mobile/adsbot.html)"
66.249.89.200 - - [20/Jun/2021:17:20:14 +0200] "GET /kit-led-per-veicoli-24volt/517-h3-kit-led-matrix-50w-canbus-pro-fuzion.html HTTP/1.0" 200 153757 "-" "Mozilla/5.0 (iPhone; CPU iPhone OS 9_1 like Mac OS X) AppleWebKit/601.1.46 (KHTML, like Gecko) Version/9.0 Mobile/13B143 Safari/601.1 (compatible; AdsBot-Google-Mobile; +http://www.google.com/mobile/adsbot.html)"
185.64.106.84 - - [20/Jun/2021:17:20:22 +0200] "GET /db/archive.zip HTTP/1.0" 301 386 "-" "Go-http-client/1.1"
185.64.106.84 - - [20/Jun/2021:17:20:22 +0200] "GET /db/archive.zip HTTP/1.0" 404 48633 "http://fuzion.it/db/archive.zip" "Go-http-client/1.1"
185.64.106.84 - - [20/Jun/2021:17:20:22 +0200] "GET /db/archive.zip HTTP/1.0" 404 48633 "https://fuzion.it/db/archive.zip" "Go-http-client/1.1"
62.4.16.234 - - [20/Jun/2021:17:21:48 +0200] "GET / HTTP/1.0" 200 395606 "-" "Mozilla/5.0 (X11; Ubuntu; Linux i686; rv:28.0) Gecko/20100101 Firefox/28.0"
40.77.167.108 - - [20/Jun/2021:17:21:51 +0200] "GET /1243-medium_default/kit-8-sensori-di-parcheggio-fronteretro-con-display-led-slim-pro-fuzion.jpg HTTP/1.0" 200 11724 "-" "Mozilla/5.0 (compatible; bingbot/2.0; +http://www.bing.com/bingbot.htm)"
62.4.16.234 - - [20/Jun/2021:17:22:15 +0200] "GET / HTTP/1.0" 200 395577 "-" "Mozilla/5.0 (X11; Ubuntu; Linux i686; rv:28.0) Gecko/20100101 Firefox/28.0"
37.159.14.14 - - [20/Jun/2021:17:22:28 +0200] "GET /114-lampadine-led-interneesterne?gclid=EAIaIQobChMIm7m517-m8QIV2oODBx1YNAyREAAYASACEgLbVvD_BwE HTTP/1.0" 301 476 "https://www.google.it/" "Mozilla/5.0 (iPhone; CPU iPhone OS 14_6 like Mac OS X) AppleWebKit/605.1.15 (KHTML, like Gecko) Version/14.1.1 Mobile/15E148 Safari/604.1"
37.159.14.14 - - [20/Jun/2021:17:22:29 +0200] "GET /114-led-interni-esterni-1224v?gclid=EAIaIQobChMIm7m517-m8QIV2oODBx1YNAyREAAYASACEgLbVvD_BwE HTTP/1.0" 200 181578 "https://www.google.it/" "Mozilla/5.0 (iPhone; CPU iPhone OS 14_6 like Mac OS X) AppleWebKit/605.1.15 (KHTML, like Gecko) Version/14.1.1 Mobile/15E148 Safari/604.1"
37.159.14.14 - - [20/Jun/2021:17:22:29 +0200] "GET /2877-cart_default/kit-ricambio-lampade-xenon-d2s-oem-xenpro-fuzion-pro-quality.jpg HTTP/1.0" 200 21892 "https://www.fuzion.it/114-led-interni-esterni-1224v?gclid=EAIaIQobChMIm7m517-m8QIV2oODBx1YNAyREAAYASACEgLbVvD_BwE" "Mozilla/5.0 (iPhone; CPU iPhone OS 14_6 like Mac OS X) AppleWebKit/605.1.15 (KHTML, like Gecko) Version/14.1.1 Mobile/15E148 Safari/604.1"
37.159.14.14 - - [20/Jun/2021:17:22:29 +0200] "GET /944-cart_default/centralina-xenon-valeo-lad5g-12pin-alta-qualita-fuzion.jpg HTTP/1.0" 200 3841 "https://www.fuzion.it/114-led-interni-esterni-1224v?gclid=EAIaIQobChMIm7m517-m8QIV2oODBx1YNAyREAAYASACEgLbVvD_BwE" "Mozilla/5.0 (iPhone; CPU iPhone OS 14_6 like Mac OS X) AppleWebKit/605.1.15 (KHTML, like Gecko) Version/14.1.1 Mobile/15E148 Safari/604.1"
37.159.14.14 - - [20/Jun/2021:17:22:29 +0200] "GET /2904-cart_default/kit-ricambio-lampade-xenon-d1s-hid-standard-fuzion.jpg HTTP/1.0" 200 20123 "https://www.fuzion.it/114-led-interni-esterni-1224v?gclid=EAIaIQobChMIm7m517-m8QIV2oODBx1YNAyREAAYASACEgLbVvD_BwE" "Mozilla/5.0 (iPhone; CPU iPhone OS 14_6 like Mac OS X) AppleWebKit/605.1.15 (KHTML, like Gecko) Version/14.1.1 Mobile/15E148 Safari/604.1"
37.159.14.14 - - [20/Jun/2021:17:22:29 +0200] "GET /847-cart_default/kit-ricambio-lampade-xenon-d5s-oem-xenpro-fuzion-pro-quality.jpg HTTP/1.0" 200 3373 "https://www.fuzion.it/114-led-interni-esterni-1224v?gclid=EAIaIQobChMIm7m517-m8QIV2oODBx1YNAyREAAYASACEgLbVvD_BwE" "Mozilla/5.0 (iPhone; CPU iPhone OS 14_6 like Mac OS X) AppleWebKit/605.1.15 (KHTML, like Gecko) Version/14.1.1 Mobile/15E148 Safari/604.1"
37.159.14.14 - - [20/Jun/2021:17:22:31 +0200] "POST /module/newsletterpro/ajax HTTP/1.0" 200 519 "https://www.fuzion.it/114-led-interni-esterni-1224v?gclid=EAIaIQobChMIm7m517-m8QIV2oODBx1YNAyREAAYASACEgLbVvD_BwE" "Mozilla/5.0 (iPhone; CPU iPhone OS 14_6 like Mac OS X) AppleWebKit/605.1.15 (KHTML, like Gecko) Version/14.1.1 Mobile/15E148 Safari/604.1"
37.159.14.14 - - [20/Jun/2021:17:22:31 +0200] "POST /module/zonethememanager/getFinalDateMiniature HTTP/1.0" 200 6144 "https://www.fuzion.it/114-led-interni-esterni-1224v?gclid=EAIaIQobChMIm7m517-m8QIV2oODBx1YNAyREAAYASACEgLbVvD_BwE" "Mozilla/5.0 (iPhone; CPU iPhone OS 14_6 like Mac OS X) AppleWebKit/605.1.15 (KHTML, like Gecko) Version/14.1.1 Mobile/15E148 Safari/604.1"
37.159.14.14 - - [20/Jun/2021:17:22:32 +0200] "GET /1467-home_default/lampade-t5-1-led-smd-fuzion.jpg HTTP/1.0" 200 7754 "https://www.fuzion.it/114-led-interni-esterni-1224v?gclid=EAIaIQobChMIm7m517-m8QIV2oODBx1YNAyREAAYASACEgLbVvD_BwE" "Mozilla/5.0 (iPhone; CPU iPhone OS 14_6 like Mac OS X) AppleWebKit/605.1.15 (KHTML, like Gecko) Version/14.1.1 Mobile/15E148 Safari/604.1"
37.159.14.14 - - [20/Jun/2021:17:22:32 +0200] "GET /1470-home_default/lampade-t5-3-led-canbus-fuzion.jpg HTTP/1.0" 200 13056 "https://www.fuzion.it/114-led-interni-esterni-1224v?gclid=EAIaIQobChMIm7m517-m8QIV2oODBx1YNAyREAAYASACEgLbVvD_BwE" "Mozilla/5.0 (iPhone; CPU iPhone OS 14_6 like Mac OS X) AppleWebKit/605.1.15 (KHTML, like Gecko) Version/14.1.1 Mobile/15E148 Safari/604.1"
37.159.14.14 - - [20/Jun/2021:17:22:33 +0200] "POST /module/zonethememanager/categoryTree HTTP/1.0" 200 10897 "https://www.fuzion.it/114-led-interni-esterni-1224v?gclid=EAIaIQobChMIm7m517-m8QIV2oODBx1YNAyREAAYASACEgLbVvD_BwE" "Mozilla/5.0 (iPhone; CPU iPhone OS 14_6 like Mac OS X) AppleWebKit/605.1.15 (KHTML, like Gecko) Version/14.1.1 Mobile/15E148 Safari/604.1"
37.159.14.14 - - [20/Jun/2021:17:22:35 +0200] "GET /1445-home_default/lampade-t10-w5w-4-led-smd-fuzion.jpg HTTP/1.0" 200 6957 "https://www.fuzion.it/114-led-interni-esterni-1224v?gclid=EAIaIQobChMIm7m517-m8QIV2oODBx1YNAyREAAYASACEgLbVvD_BwE" "Mozilla/5.0 (iPhone; CPU iPhone OS 14_6 like Mac OS X) AppleWebKit/605.1.15 (KHTML, like Gecko) Version/14.1.1 Mobile/15E148 Safari/604.1"
37.159.14.14 - - [20/Jun/2021:17:22:35 +0200] "GET /1449-home_default/lampade-t10-w5w-5-led-smd-fuzion.jpg HTTP/1.0" 200 8842 "https://www.fuzion.it/114-led-interni-esterni-1224v?gclid=EAIaIQobChMIm7m517-m8QIV2oODBx1YNAyREAAYASACEgLbVvD_BwE" "Mozilla/5.0 (iPhone; CPU iPhone OS 14_6 like Mac OS X) AppleWebKit/605.1.15 (KHTML, like Gecko) Version/14.1.1 Mobile/15E148 Safari/604.1"
37.159.14.14 - - [20/Jun/2021:17:22:37 +0200] "GET /1454-home_default/lampade-t10-w5w-3-led-canbus-fuzion.jpg HTTP/1.0" 200 10836 "https://www.fuzion.it/114-led-interni-esterni-1224v?gclid=EAIaIQobChMIm7m517-m8QIV2oODBx1YNAyREAAYASACEgLbVvD_BwE" "Mozilla/5.0 (iPhone; CPU iPhone OS 14_6 like Mac OS X) AppleWebKit/605.1.15 (KHTML, like Gecko) Version/14.1.1 Mobile/15E148 Safari/604.1"
37.159.14.14 - - [20/Jun/2021:17:22:37 +0200] "GET /1458-home_default/lampade-t10-w5w-5-led-canbus-fuzion.jpg HTTP/1.0" 200 9173 "https://www.fuzion.it/114-led-interni-esterni-1224v?gclid=EAIaIQobChMIm7m517-m8QIV2oODBx1YNAyREAAYASACEgLbVvD_BwE" "Mozilla/5.0 (iPhone; CPU iPhone OS 14_6 like Mac OS X) AppleWebKit/605.1.15 (KHTML, like Gecko) Version/14.1.1 Mobile/15E148 Safari/604.1"
95.232.192.15 - - [20/Jun/2021:17:22:40 +0200] "GET /kit-sensori-di-parcheggio/510-1664-kit-4-sensori-di-parcheggio-con-cicalino-pro-fuzion.html?gclid=CjwKCAjwzruGBhBAEiwAUqMR8H_RvPD4b1x_zy_wVPlQbXnVHhwQ2qDD0wRqoTn1uiUUpl9i5gd1uxoCQLsQAvD_BwE HTTP/1.0" 200 179092 "https://www.google.com/" "Mozilla/5.0 (Linux; Android 10; Nokia 7.2) AppleWebKit/537.36 (KHTML, like Gecko) Chrome/91.0.4472.101 Mobile Safari/537.36"
37.159.14.14 - - [20/Jun/2021:17:22:41 +0200] "GET /1462-home_default/lampade-t10-w5w-9-led-canbus-fuzion.jpg HTTP/1.0" 200 14882 "https://www.fuzion.it/114-led-interni-esterni-1224v?gclid=EAIaIQobChMIm7m517-m8QIV2oODBx1YNAyREAAYASACEgLbVvD_BwE" "Mozilla/5.0 (iPhone; CPU iPhone OS 14_6 like Mac OS X) AppleWebKit/605.1.15 (KHTML, like Gecko) Version/14.1.1 Mobile/15E148 Safari/604.1"
37.159.14.14 - - [20/Jun/2021:17:22:41 +0200] "GET /2734-home_default/lampade-t10-w5w-33-led-new-canbus-pro-power-fuzion.jpg HTTP/1.0" 200 73843 "https://www.fuzion.it/114-led-interni-esterni-1224v?gclid=EAIaIQobChMIm7m517-m8QIV2oODBx1YNAyREAAYASACEgLbVvD_BwE" "Mozilla/5.0 (iPhone; CPU iPhone OS 14_6 like Mac OS X) AppleWebKit/605.1.15 (KHTML, like Gecko) Version/14.1.1 Mobile/15E148 Safari/604.1"
95.232.192.15 - - [20/Jun/2021:17:22:41 +0200] "GET /1202-medium_default/kit-4-sensori-di-parcheggio-con-cicalino-pro-fuzion.jpg HTTP/1.0" 200 34393 "https://www.fuzion.it/kit-sensori-di-parcheggio/510-1664-kit-4-sensori-di-parcheggio-con-cicalino-pro-fuzion.html?gclid=CjwKCAjwzruGBhBAEiwAUqMR8H_RvPD4b1x_zy_wVPlQbXnVHhwQ2qDD0wRqoTn1uiUUpl9i5gd1uxoCQLsQAvD_BwE" "Mozilla/5.0 (Linux; Android 10; Nokia 7.2) AppleWebKit/537.36 (KHTML, like Gecko) Chrome/91.0.4472.101 Mobile Safari/537.36"
95.232.192.15 - - [20/Jun/2021:17:22:41 +0200] "GET /1206-medium_default/kit-4-sensori-di-parcheggio-con-cicalino-pro-fuzion.jpg HTTP/1.0" 200 27088 "https://www.fuzion.it/kit-sensori-di-parcheggio/510-1664-kit-4-sensori-di-parcheggio-con-cicalino-pro-fuzion.html?gclid=CjwKCAjwzruGBhBAEiwAUqMR8H_RvPD4b1x_zy_wVPlQbXnVHhwQ2qDD0wRqoTn1uiUUpl9i5gd1uxoCQLsQAvD_BwE" "Mozilla/5.0 (Linux; Android 10; Nokia 7.2) AppleWebKit/537.36 (KHTML, like Gecko) Chrome/91.0.4472.101 Mobile Safari/537.36"
95.232.192.15 - - [20/Jun/2021:17:22:41 +0200] "GET /1204-medium_default/kit-4-sensori-di-parcheggio-con-cicalino-pro-fuzion.jpg HTTP/1.0" 200 27499 "https://www.fuzion.it/kit-sensori-di-parcheggio/510-1664-kit-4-sensori-di-parcheggio-con-cicalino-pro-fuzion.html?gclid=CjwKCAjwzruGBhBAEiwAUqMR8H_RvPD4b1x_zy_wVPlQbXnVHhwQ2qDD0wRqoTn1uiUUpl9i5gd1uxoCQLsQAvD_BwE" "Mozilla/5.0 (Linux; Android 10; Nokia 7.2) AppleWebKit/537.36 (KHTML, like Gecko) Chrome/91.0.4472.101 Mobile Safari/537.36"
95.232.192.15 - - [20/Jun/2021:17:22:41 +0200] "GET /1205-medium_default/kit-4-sensori-di-parcheggio-con-cicalino-pro-fuzion.jpg HTTP/1.0" 200 40053 "https://www.fuzion.it/kit-sensori-di-parcheggio/510-1664-kit-4-sensori-di-parcheggio-con-cicalino-pro-fuzion.html?gclid=CjwKCAjwzruGBhBAEiwAUqMR8H_RvPD4b1x_zy_wVPlQbXnVHhwQ2qDD0wRqoTn1uiUUpl9i5gd1uxoCQLsQAvD_BwE" "Mozilla/5.0 (Linux; Android 10; Nokia 7.2) AppleWebKit/537.36 (KHTML, like Gecko) Chrome/91.0.4472.101 Mobile Safari/537.36"
95.232.192.15 - - [20/Jun/2021:17:22:41 +0200] "GET /1208-medium_default/kit-4-sensori-di-parcheggio-con-cicalino-pro-fuzion.jpg HTTP/1.0" 200 61621 "https://www.fuzion.it/kit-sensori-di-parcheggio/510-1664-kit-4-sensori-di-parcheggio-con-cicalino-pro-fuzion.html?gclid=CjwKCAjwzruGBhBAEiwAUqMR8H_RvPD4b1x_zy_wVPlQbXnVHhwQ2qDD0wRqoTn1uiUUpl9i5gd1uxoCQLsQAvD_BwE" "Mozilla/5.0 (Linux; Android 10; Nokia 7.2) AppleWebKit/537.36 (KHTML, like Gecko) Chrome/91.0.4472.101 Mobile Safari/537.36"
95.232.192.15 - - [20/Jun/2021:17:22:41 +0200] "GET /1203-medium_default/kit-4-sensori-di-parcheggio-con-cicalino-pro-fuzion.jpg HTTP/1.0" 200 27591 "https://www.fuzion.it/kit-sensori-di-parcheggio/510-1664-kit-4-sensori-di-parcheggio-con-cicalino-pro-fuzion.html?gclid=CjwKCAjwzruGBhBAEiwAUqMR8H_RvPD4b1x_zy_wVPlQbXnVHhwQ2qDD0wRqoTn1uiUUpl9i5gd1uxoCQLsQAvD_BwE" "Mozilla/5.0 (Linux; Android 10; Nokia 7.2) AppleWebKit/537.36 (KHTML, like Gecko) Chrome/91.0.4472.101 Mobile Safari/537.36"
