114.119.134.231 - - [20/Jun/2021:05:07:56 +0200] "GET /lampade-alogene-12volt/479-h4-alogene-super-white-pro-effetto-xenon-hid-fuzion.html HTTP/1.0" 200 168387 "-" "Mozilla/5.0 (Linux; Android 7.0;) AppleWebKit/537.36 (KHTML, like Gecko) Mobile Safari/537.36 (compatible; PetalBot;+https://webmaster.petalsearch.com/site/petalbot)"
114.119.129.110 - - [20/Jun/2021:05:09:05 +0200] "GET /2-categorie?q=Categorie-KIT%2BXENON%2BMOTO%2BSLIM%2BDIGITAL%2B64BIT%2B55W&page=3 HTTP/1.0" 200 188636 "-" "Mozilla/5.0 (Linux; Android 7.0;) AppleWebKit/537.36 (KHTML, like Gecko) Mobile Safari/537.36 (compatible; PetalBot;+https://webmaster.petalsearch.com/site/petalbot)"
114.119.147.42 - - [20/Jun/2021:05:12:01 +0200] "GET /2-categorie?q=Categorie-KIT%2BXENON%2BDIGITAL%2B64BIT%2B55W&page=48 HTTP/1.0" 200 184375 "-" "Mozilla/5.0 (Linux; Android 7.0;) AppleWebKit/537.36 (KHTML, like Gecko) Mobile Safari/537.36 (compatible; PetalBot;+https://webmaster.petalsearch.com/site/petalbot)"
114.119.129.110 - - [20/Jun/2021:05:13:08 +0200] "GET /2-categorie?q=Categorie-RICAMBI%2BXENON%2BVEICOLI%2B24VOLT%2BPRO&page=24 HTTP/1.0" 200 183064 "-" "Mozilla/5.0 (Linux; Android 7.0;) AppleWebKit/537.36 (KHTML, like Gecko) Mobile Safari/537.36 (compatible; PetalBot;+https://webmaster.petalsearch.com/site/petalbot)"
54.36.148.41 - - [20/Jun/2021:05:14:19 +0200] "GET /kit-pro-standard-12v-35w/172-kit-xenon-hb5-9007-standard-12v-35w-pro-quality-fuzion.html HTTP/1.0" 200 140302 "-" "Mozilla/5.0 (compatible; AhrefsBot/7.0; +http://ahrefs.com/robot/)"
93.37.213.71 - - [20/Jun/2021:05:15:57 +0200] "GET /2232-medium_default/h7-kit-led-36w-canbus-alta-qualita-fuzion.jpg HTTP/1.0" 200 272197 "-" "Mozilla/5.0 (iPhone; CPU iPhone OS 14_6 like Mac OS X) AppleWebKit/605.1.15 (KHTML, like Gecko) Mobile/15E148"
93.37.213.71 - - [20/Jun/2021:05:15:57 +0200] "GET /2326-medium_default/h7-kit-led-matrix-50w-canbus-pro-fuzion.jpg HTTP/1.0" 200 235011 "-" "Mozilla/5.0 (iPhone; CPU iPhone OS 14_6 like Mac OS X) AppleWebKit/605.1.15 (KHTML, like Gecko) Mobile/15E148"
93.37.213.71 - - [20/Jun/2021:05:15:57 +0200] "GET /2904-medium_default/kit-ricambio-lampade-xenon-d1s-hid-standard-fuzion.jpg HTTP/1.0" 200 225777 "-" "Mozilla/5.0 (iPhone; CPU iPhone OS 14_6 like Mac OS X) AppleWebKit/605.1.15 (KHTML, like Gecko) Mobile/15E148"
93.37.213.71 - - [20/Jun/2021:05:15:57 +0200] "GET /2910-medium_default/kit-ricambio-lampade-xenon-d1s-oem-24v-xenpro-fuzion-pro-quality.jpg HTTP/1.0" 200 228858 "-" "Mozilla/5.0 (iPhone; CPU iPhone OS 14_6 like Mac OS X) AppleWebKit/605.1.15 (KHTML, like Gecko) Mobile/15E148"
93.37.213.71 - - [20/Jun/2021:05:15:57 +0200] "GET /3100-medium_default/pasta-lavamani-professionale-4000ml-4kg-made-in-italy-fuzion.jpg HTTP/1.0" 200 240221 "-" "Mozilla/5.0 (iPhone; CPU iPhone OS 14_6 like Mac OS X) AppleWebKit/605.1.15 (KHTML, like Gecko) Mobile/15E148"
93.37.213.71 - - [20/Jun/2021:05:15:57 +0200] "GET /1079-medium_default/h7-alogene-super-white-pro-effetto-xenon-hid-fuzion.jpg HTTP/1.0" 200 26045 "-" "Mozilla/5.0 (iPhone; CPU iPhone OS 14_6 like Mac OS X) AppleWebKit/605.1.15 (KHTML, like Gecko) Mobile/15E148"
93.37.213.71 - - [20/Jun/2021:05:15:57 +0200] "GET /1202-medium_default/kit-4-sensori-di-parcheggio-con-cicalino-pro-fuzion.jpg HTTP/1.0" 200 34393 "-" "Mozilla/5.0 (iPhone; CPU iPhone OS 14_6 like Mac OS X) AppleWebKit/605.1.15 (KHTML, like Gecko) Mobile/15E148"
93.37.213.71 - - [20/Jun/2021:05:15:57 +0200] "GET /module/newsletterpro/api?action=openedEmail&token=b1bea600d7f8a5312bae42ecdb85343c&email=cyp75ro@yahoo.com HTTP/1.0" 200 1610 "-" "Mozilla/5.0 (iPhone; CPU iPhone OS 14_6 like Mac OS X) AppleWebKit/605.1.15 (KHTML, like Gecko) Mobile/15E148"
114.119.136.34 - - [20/Jun/2021:05:18:48 +0200] "GET /2-categorie?q=Categorie-LAMPADE%2BALOGENE%2B24VOLT&page=11 HTTP/1.0" 200 185508 "-" "Mozilla/5.0 (Linux; Android 7.0;) AppleWebKit/537.36 (KHTML, like Gecko) Mobile Safari/537.36 (compatible; PetalBot;+https://webmaster.petalsearch.com/site/petalbot)"
66.249.76.4 - - [20/Jun/2021:05:19:14 +0200] "GET /177-kit-xenon-moto-canbus-pro-35w HTTP/1.0" 200 158665 "-" "Mozilla/5.0 (Linux; Android 6.0.1; Nexus 5X Build/MMB29P) AppleWebKit/537.36 (KHTML, like Gecko) Chrome/91.0.4472.90 Mobile Safari/537.36 (compatible; Googlebot/2.1; +http://www.google.com/bot.html)"
66.249.76.4 - - [20/Jun/2021:05:19:17 +0200] "POST /module/zonethememanager/getFinalDateMiniature HTTP/1.0" 200 5192 "https://www.fuzion.it/177-kit-xenon-moto-canbus-pro-35w" "Mozilla/5.0 (Linux; Android 6.0.1; Nexus 5X Build/MMB29P) AppleWebKit/537.36 (KHTML, like Gecko) Chrome/91.0.4472.90 Mobile Safari/537.36 (compatible; Googlebot/2.1; +http://www.google.com/bot.html)"
114.119.145.79 - - [20/Jun/2021:05:20:34 +0200] "GET /102-ricambi-xenon-auto-professionali?page=3 HTTP/1.0" 503 24978 "-" "Mozilla/5.0 (Linux; Android 7.0;) AppleWebKit/537.36 (KHTML, like Gecko) Mobile Safari/537.36 (compatible; PetalBot;+https://webmaster.petalsearch.com/site/petalbot)"
54.36.149.81 - - [20/Jun/2021:05:24:19 +0200] "GET /115-kit-led-per-auto-alta-qualita-?page=2 HTTP/1.0" 200 135793 "-" "Mozilla/5.0 (compatible; AhrefsBot/7.0; +http://ahrefs.com/robot/)"
114.119.147.42 - - [20/Jun/2021:05:26:42 +0200] "GET /2-categorie?q=Categorie-KIT%2BXENON%2BDIGITAL%2B64BIT%2B55W&page=39 HTTP/1.0" 200 183904 "-" "Mozilla/5.0 (Linux; Android 7.0;) AppleWebKit/537.36 (KHTML, like Gecko) Mobile Safari/537.36 (compatible; PetalBot;+https://webmaster.petalsearch.com/site/petalbot)"
207.46.13.52 - - [20/Jun/2021:05:27:30 +0200] "GET /1181-small_default/h1-alogene-super-white-pro-effetto-xenon-hid-fuzion.jpg HTTP/1.0" 200 3262 "-" "Mozilla/5.0 (compatible; bingbot/2.0; +http://www.bing.com/bingbot.htm)"
114.119.129.208 - - [20/Jun/2021:05:29:03 +0200] "GET /kit-pro-standard-12v-35w/166-607-kit-xenon-h9-standard-12v-35w-pro-quality-fuzion.html HTTP/1.0" 200 137062 "-" "Mozilla/5.0 (Linux; Android 7.0;) AppleWebKit/537.36 (KHTML, like Gecko) Mobile Safari/537.36 (compatible; PetalBot;+https://webmaster.petalsearch.com/site/petalbot)"
66.249.76.4 - - [20/Jun/2021:05:29:11 +0200] "GET /1322-home_default/h11-kit-led-matrix-50w-canbus-pro-fuzion.jpg HTTP/1.0" 403 1229 "-" "Googlebot-Image/1.0"
91.236.140.47 - - [20/Jun/2021:05:30:46 +0200] "POST /plus/laobiao.php HTTP/1.0" 404 48677 "-" "Mozilla/4.0 (compatible; MSIE 6.0; Windows NT 5.1; SV1)"
185.191.171.4 - - [20/Jun/2021:05:30:56 +0200] "GET /lampade-alogene-12volt/487-h15-alogene-super-white-pro-effetto-xenon-hid-fuzion.html HTTP/1.0" 200 160785 "-" "Mozilla/5.0 (compatible; SemrushBot/7~bl; +http://www.semrush.com/bot.html)"
66.249.89.200 - - [20/Jun/2021:05:32:52 +0200] "POST /module/newsletterpro/ajax HTTP/1.0" 200 519 "https://www.fuzion.it/kit-led-moto-professionali/615-hb3-9005-kit-led-matrix-moto-50w-canbus-pro-fuzion.html" "AdsBot-Google (+http://www.google.com/adsbot.html)"
66.249.64.202 - - [20/Jun/2021:05:33:27 +0200] "GET /led-interni-esterni-1224v/541-lampade-t10-w5w-5-led-canbus-fuzion.html?wsr_p=4 HTTP/1.0" 200 138984 "-" "Mozilla/5.0 (Linux; Android 6.0.1; Nexus 5X Build/MMB29P) AppleWebKit/537.36 (KHTML, like Gecko) Chrome/91.0.4472.90 Mobile Safari/537.36 (compatible; Googlebot/2.1; +http://www.google.com/bot.html)"
157.55.39.63 - - [20/Jun/2021:05:33:43 +0200] "GET /adattatore-portalampada-generico-p-394.html HTTP/1.0" 404 43719 "-" "Mozilla/5.0 (compatible; bingbot/2.0; +http://www.bing.com/bingbot.htm)"
157.55.39.180 - - [20/Jun/2021:05:34:02 +0200] "GET /21-kit-pro-standard-12v-35w HTTP/1.0" 200 176867 "-" "Mozilla/5.0 (compatible; bingbot/2.0; +http://www.bing.com/bingbot.htm)"
54.36.149.81 - - [20/Jun/2021:05:34:24 +0200] "GET /kit-xenon-moto-canbus-pro-55w/309-1181-kit-xenon-moto-h7-r-canbus-superlight-12v-55w-pro-quality-fuzion.html HTTP/1.0" 200 153638 "-" "Mozilla/5.0 (compatible; AhrefsBot/7.0; +http://ahrefs.com/robot/)"
40.77.189.135 - - [20/Jun/2021:05:34:30 +0200] "GET /module/zonemegamenu/menuDropdownContent HTTP/1.0" 200 1067 "-" "Mozilla/5.0 (Windows NT 6.1; WOW64) AppleWebKit/534+ (KHTML, like Gecko) BingPreview/1.0b"
114.119.129.110 - - [20/Jun/2021:05:34:32 +0200] "GET /2-categorie?q=Categorie-KIT%2BLED%2BPER%2BAUTO%2BPROFESSIONALI&page=19 HTTP/1.0" 200 183498 "-" "Mozilla/5.0 (Linux; Android 7.0;) AppleWebKit/537.36 (KHTML, like Gecko) Mobile Safari/537.36 (compatible; PetalBot;+https://webmaster.petalsearch.com/site/petalbot)"
66.249.89.200 - - [20/Jun/2021:05:34:36 +0200] "GET /kit-led-per-veicoli-24volt/519-h7-kit-led-matrix-50w-canbus-pro-fuzion.html HTTP/1.0" 200 176076 "-" "AdsBot-Google (+http://www.google.com/adsbot.html)"
66.249.89.200 - - [20/Jun/2021:05:34:40 +0200] "POST /module/zonethememanager/getFinalDate HTTP/1.0" 200 775 "https://www.fuzion.it/kit-led-per-veicoli-24volt/519-h7-kit-led-matrix-50w-canbus-pro-fuzion.html" "AdsBot-Google (+http://www.google.com/adsbot.html)"
66.249.89.200 - - [20/Jun/2021:05:34:40 +0200] "POST /module/zonemegamenu/menuDropdownContent HTTP/1.0" 200 479 "https://www.fuzion.it/kit-led-per-veicoli-24volt/519-h7-kit-led-matrix-50w-canbus-pro-fuzion.html" "AdsBot-Google (+http://www.google.com/adsbot.html)"
66.249.89.200 - - [20/Jun/2021:05:34:59 +0200] "POST /module/newsletterpro/ajax HTTP/1.0" 200 519 "https://www.fuzion.it/lampade-alogene-12volt/485-h11-alogene-super-white-pro-effetto-xenon-hid-fuzion.html" "AdsBot-Google (+http://www.google.com/adsbot.html)"
5.89.87.38 - - [20/Jun/2021:05:35:26 +0200] "GET /module/newsletterpro/api?action=openedEmail&token=e0c1265cfee5b1837e026e578c5bcceb&email=mantam@tiscali.it HTTP/1.0" 200 1610 "-" "Mozilla/5.0 (iPhone; CPU iPhone OS 14_6 like Mac OS X) AppleWebKit/605.1.15 (KHTML, like Gecko) Mobile/15E148"
5.89.87.38 - - [20/Jun/2021:05:35:26 +0200] "GET /module/newsletterpro/api?action=openedEmail&token=e0c1265cfee5b1837e026e578c5bcceb&email=mantam@tiscali.it HTTP/1.0" 200 1610 "-" "Mozilla/5.0 (iPhone; CPU iPhone OS 14_6 like Mac OS X) AppleWebKit/605.1.15 (KHTML, like Gecko) Mobile/15E148"
5.89.87.38 - - [20/Jun/2021:05:35:26 +0200] "GET /img/fuzion-logo-1592047011.jpg HTTP/1.0" 404 46873 "-" "Mozilla/5.0 (iPhone; CPU iPhone OS 14_6 like Mac OS X) AppleWebKit/605.1.15 (KHTML, like Gecko) Mobile/15E148"
5.89.87.38 - - [20/Jun/2021:05:35:26 +0200] "GET /img/fuzion-logo-1592047011.jpg HTTP/1.0" 404 46873 "-" "Mozilla/5.0 (iPhone; CPU iPhone OS 14_6 like Mac OS X) AppleWebKit/605.1.15 (KHTML, like Gecko) Mobile/15E148"
5.89.87.38 - - [20/Jun/2021:05:35:36 +0200] "GET /2232-medium_default/h7-kit-led-36w-canbus-alta-qualita-fuzion.jpg HTTP/1.0" 200 272197 "-" "Mozilla/5.0 (iPhone; CPU iPhone OS 14_6 like Mac OS X) AppleWebKit/605.1.15 (KHTML, like Gecko) Mobile/15E148"
5.89.87.38 - - [20/Jun/2021:05:35:36 +0200] "GET /2326-medium_default/h7-kit-led-matrix-50w-canbus-pro-fuzion.jpg HTTP/1.0" 200 235011 "-" "Mozilla/5.0 (iPhone; CPU iPhone OS 14_6 like Mac OS X) AppleWebKit/605.1.15 (KHTML, like Gecko) Mobile/15E148"
5.89.87.38 - - [20/Jun/2021:05:35:36 +0200] "GET /1202-medium_default/kit-4-sensori-di-parcheggio-con-cicalino-pro-fuzion.jpg HTTP/1.0" 200 34393 "-" "Mozilla/5.0 (iPhone; CPU iPhone OS 14_6 like Mac OS X) AppleWebKit/605.1.15 (KHTML, like Gecko) Mobile/15E148"
5.89.87.38 - - [20/Jun/2021:05:35:36 +0200] "GET /1079-medium_default/h7-alogene-super-white-pro-effetto-xenon-hid-fuzion.jpg HTTP/1.0" 200 26045 "-" "Mozilla/5.0 (iPhone; CPU iPhone OS 14_6 like Mac OS X) AppleWebKit/605.1.15 (KHTML, like Gecko) Mobile/15E148"
5.89.87.38 - - [20/Jun/2021:05:35:36 +0200] "GET /3100-medium_default/pasta-lavamani-professionale-4000ml-4kg-made-in-italy-fuzion.jpg HTTP/1.0" 200 240221 "-" "Mozilla/5.0 (iPhone; CPU iPhone OS 14_6 like Mac OS X) AppleWebKit/605.1.15 (KHTML, like Gecko) Mobile/15E148"
5.89.87.38 - - [20/Jun/2021:05:35:36 +0200] "GET /2904-medium_default/kit-ricambio-lampade-xenon-d1s-hid-standard-fuzion.jpg HTTP/1.0" 200 225777 "-" "Mozilla/5.0 (iPhone; CPU iPhone OS 14_6 like Mac OS X) AppleWebKit/605.1.15 (KHTML, like Gecko) Mobile/15E148"
5.89.87.38 - - [20/Jun/2021:05:35:36 +0200] "GET /2910-medium_default/kit-ricambio-lampade-xenon-d1s-oem-24v-xenpro-fuzion-pro-quality.jpg HTTP/1.0" 200 228858 "-" "Mozilla/5.0 (iPhone; CPU iPhone OS 14_6 like Mac OS X) AppleWebKit/605.1.15 (KHTML, like Gecko) Mobile/15E148"
5.89.87.38 - - [20/Jun/2021:05:35:36 +0200] "GET /module/newsletterpro/api?action=openedEmail&token=b1bea600d7f8a5312bae42ecdb85343c&email=mantam@tiscali.it HTTP/1.0" 200 1610 "-" "Mozilla/5.0 (iPhone; CPU iPhone OS 14_6 like Mac OS X) AppleWebKit/605.1.15 (KHTML, like Gecko) Mobile/15E148"
5.89.87.38 - - [20/Jun/2021:05:35:36 +0200] "GET /3100-medium_default/pasta-lavamani-professionale-4000ml-4kg-made-in-italy-fuzion.jpg HTTP/1.0" 200 240221 "-" "Mozilla/5.0 (iPhone; CPU iPhone OS 14_6 like Mac OS X) AppleWebKit/605.1.15 (KHTML, like Gecko) Mobile/15E148"
5.89.87.38 - - [20/Jun/2021:05:35:36 +0200] "GET /2904-medium_default/kit-ricambio-lampade-xenon-d1s-hid-standard-fuzion.jpg HTTP/1.0" 200 225777 "-" "Mozilla/5.0 (iPhone; CPU iPhone OS 14_6 like Mac OS X) AppleWebKit/605.1.15 (KHTML, like Gecko) Mobile/15E148"
5.89.87.38 - - [20/Jun/2021:05:35:36 +0200] "GET /2910-medium_default/kit-ricambio-lampade-xenon-d1s-oem-24v-xenpro-fuzion-pro-quality.jpg HTTP/1.0" 200 228858 "-" "Mozilla/5.0 (iPhone; CPU iPhone OS 14_6 like Mac OS X) AppleWebKit/605.1.15 (KHTML, like Gecko) Mobile/15E148"
5.89.87.38 - - [20/Jun/2021:05:35:36 +0200] "GET /module/newsletterpro/api?action=openedEmail&token=b1bea600d7f8a5312bae42ecdb85343c&email=mantam@tiscali.it HTTP/1.0" 200 1610 "-" "Mozilla/5.0 (iPhone; CPU iPhone OS 14_6 like Mac OS X) AppleWebKit/605.1.15 (KHTML, like Gecko) Mobile/15E148"
114.119.140.56 - - [20/Jun/2021:05:35:43 +0200] "GET /2-categorie?q=Categorie-ADATTATORI%2BPORTALAMPADE%2BLED&page=24 HTTP/1.0" 200 182922 "-" "Mozilla/5.0 (Linux; Android 7.0;) AppleWebKit/537.36 (KHTML, like Gecko) Mobile Safari/537.36 (compatible; PetalBot;+https://webmaster.petalsearch.com/site/petalbot)"
185.191.171.4 - - [20/Jun/2021:05:36:06 +0200] "GET /led-interni-esterni-1224v/560-lampade-p21w-ba15s-1156-18-led-canbus-fuzion.html HTTP/1.0" 200 144883 "-" "Mozilla/5.0 (compatible; SemrushBot/7~bl; +http://www.semrush.com/bot.html)"
185.82.168.5 - - [20/Jun/2021:05:36:54 +0200] "GET /kit-led-per-veicoli-24volt/519-h7-kit-led-matrix-50w-canbus-pro-fuzion.html?gclid=CjwKCAjwq7aGBhADEiwA6uGZp_RO2KuBYM7b8hGw9kRNYROOz3pe6qgy_mcNQop51rrHChfwL26o_BoC6-sQAvD_BwE HTTP/1.0" 200 176178 "https://www.google.com/" "Mozilla/5.0 (Linux; Android 11; Mi Note 10 Lite) AppleWebKit/537.36 (KHTML, like Gecko) Chrome/91.0.4472.101 Mobile Safari/537.36"
185.82.168.5 - - [20/Jun/2021:05:36:55 +0200] "GET /1287-medium_default/h7-kit-led-matrix-50w-canbus-pro-fuzion.jpg HTTP/1.0" 200 23071 "https://www.fuzion.it/kit-led-per-veicoli-24volt/519-h7-kit-led-matrix-50w-canbus-pro-fuzion.html?gclid=CjwKCAjwq7aGBhADEiwA6uGZp_RO2KuBYM7b8hGw9kRNYROOz3pe6qgy_mcNQop51rrHChfwL26o_BoC6-sQAvD_BwE" "Mozilla/5.0 (Linux; Android 11; Mi Note 10 Lite) AppleWebKit/537.36 (KHTML, like Gecko) Chrome/91.0.4472.101 Mobile Safari/537.36"
185.82.168.5 - - [20/Jun/2021:05:36:55 +0200] "GET /2326-medium_default/h7-kit-led-matrix-50w-canbus-pro-fuzion.jpg HTTP/1.0" 200 235011 "https://www.fuzion.it/kit-led-per-veicoli-24volt/519-h7-kit-led-matrix-50w-canbus-pro-fuzion.html?gclid=CjwKCAjwq7aGBhADEiwA6uGZp_RO2KuBYM7b8hGw9kRNYROOz3pe6qgy_mcNQop51rrHChfwL26o_BoC6-sQAvD_BwE" "Mozilla/5.0 (Linux; Android 11; Mi Note 10 Lite) AppleWebKit/537.36 (KHTML, like Gecko) Chrome/91.0.4472.101 Mobile Safari/537.36"
185.82.168.5 - - [20/Jun/2021:05:36:55 +0200] "GET /2326-home_default/h7-kit-led-matrix-50w-canbus-pro-fuzion.jpg HTTP/1.0" 200 81951 "https://www.fuzion.it/kit-led-per-veicoli-24volt/519-h7-kit-led-matrix-50w-canbus-pro-fuzion.html?gclid=CjwKCAjwq7aGBhADEiwA6uGZp_RO2KuBYM7b8hGw9kRNYROOz3pe6qgy_mcNQop51rrHChfwL26o_BoC6-sQAvD_BwE" "Mozilla/5.0 (Linux; Android 11; Mi Note 10 Lite) AppleWebKit/537.36 (KHTML, like Gecko) Chrome/91.0.4472.101 Mobile Safari/537.36"
185.82.168.5 - - [20/Jun/2021:05:36:55 +0200] "GET /2325-medium_default/h7-kit-led-matrix-50w-canbus-pro-fuzion.jpg HTTP/1.0" 200 304624 "https://www.fuzion.it/kit-led-per-veicoli-24volt/519-h7-kit-led-matrix-50w-canbus-pro-fuzion.html?gclid=CjwKCAjwq7aGBhADEiwA6uGZp_RO2KuBYM7b8hGw9kRNYROOz3pe6qgy_mcNQop51rrHChfwL26o_BoC6-sQAvD_BwE" "Mozilla/5.0 (Linux; Android 11; Mi Note 10 Lite) AppleWebKit/537.36 (KHTML, like Gecko) Chrome/91.0.4472.101 Mobile Safari/537.36"
185.82.168.5 - - [20/Jun/2021:05:36:55 +0200] "GET /2322-medium_default/h7-kit-led-matrix-50w-canbus-pro-fuzion.jpg HTTP/1.0" 200 228230 "https://www.fuzion.it/kit-led-per-veicoli-24volt/519-h7-kit-led-matrix-50w-canbus-pro-fuzion.html?gclid=CjwKCAjwq7aGBhADEiwA6uGZp_RO2KuBYM7b8hGw9kRNYROOz3pe6qgy_mcNQop51rrHChfwL26o_BoC6-sQAvD_BwE" "Mozilla/5.0 (Linux; Android 11; Mi Note 10 Lite) AppleWebKit/537.36 (KHTML, like Gecko) Chrome/91.0.4472.101 Mobile Safari/537.36"
185.82.168.5 - - [20/Jun/2021:05:36:55 +0200] "GET /2323-medium_default/h7-kit-led-matrix-50w-canbus-pro-fuzion.jpg HTTP/1.0" 200 241416 "https://www.fuzion.it/kit-led-per-veicoli-24volt/519-h7-kit-led-matrix-50w-canbus-pro-fuzion.html?gclid=CjwKCAjwq7aGBhADEiwA6uGZp_RO2KuBYM7b8hGw9kRNYROOz3pe6qgy_mcNQop51rrHChfwL26o_BoC6-sQAvD_BwE" "Mozilla/5.0 (Linux; Android 11; Mi Note 10 Lite) AppleWebKit/537.36 (KHTML, like Gecko) Chrome/91.0.4472.101 Mobile Safari/537.36"
185.82.168.5 - - [20/Jun/2021:05:36:55 +0200] "GET /2317-medium_default/h7-kit-led-matrix-50w-canbus-pro-fuzion.jpg HTTP/1.0" 200 143739 "https://www.fuzion.it/kit-led-per-veicoli-24volt/519-h7-kit-led-matrix-50w-canbus-pro-fuzion.html?gclid=CjwKCAjwq7aGBhADEiwA6uGZp_RO2KuBYM7b8hGw9kRNYROOz3pe6qgy_mcNQop51rrHChfwL26o_BoC6-sQAvD_BwE" "Mozilla/5.0 (Linux; Android 11; Mi Note 10 Lite) AppleWebKit/537.36 (KHTML, like Gecko) Chrome/91.0.4472.101 Mobile Safari/537.36"
185.82.168.5 - - [20/Jun/2021:05:36:55 +0200] "GET /2318-medium_default/h7-kit-led-matrix-50w-canbus-pro-fuzion.jpg HTTP/1.0" 200 333516 "https://www.fuzion.it/kit-led-per-veicoli-24volt/519-h7-kit-led-matrix-50w-canbus-pro-fuzion.html?gclid=CjwKCAjwq7aGBhADEiwA6uGZp_RO2KuBYM7b8hGw9kRNYROOz3pe6qgy_mcNQop51rrHChfwL26o_BoC6-sQAvD_BwE" "Mozilla/5.0 (Linux; Android 11; Mi Note 10 Lite) AppleWebKit/537.36 (KHTML, like Gecko) Chrome/91.0.4472.101 Mobile Safari/537.36"
185.82.168.5 - - [20/Jun/2021:05:36:55 +0200] "GET /2324-medium_default/h7-kit-led-matrix-50w-canbus-pro-fuzion.jpg HTTP/1.0" 200 236698 "https://www.fuzion.it/kit-led-per-veicoli-24volt/519-h7-kit-led-matrix-50w-canbus-pro-fuzion.html?gclid=CjwKCAjwq7aGBhADEiwA6uGZp_RO2KuBYM7b8hGw9kRNYROOz3pe6qgy_mcNQop51rrHChfwL26o_BoC6-sQAvD_BwE" "Mozilla/5.0 (Linux; Android 11; Mi Note 10 Lite) AppleWebKit/537.36 (KHTML, like Gecko) Chrome/91.0.4472.101 Mobile Safari/537.36"
185.82.168.5 - - [20/Jun/2021:05:36:55 +0200] "GET /2319-medium_default/h7-kit-led-matrix-50w-canbus-pro-fuzion.jpg HTTP/1.0" 200 276508 "https://www.fuzion.it/kit-led-per-veicoli-24volt/519-h7-kit-led-matrix-50w-canbus-pro-fuzion.html?gclid=CjwKCAjwq7aGBhADEiwA6uGZp_RO2KuBYM7b8hGw9kRNYROOz3pe6qgy_mcNQop51rrHChfwL26o_BoC6-sQAvD_BwE" "Mozilla/5.0 (Linux; Android 11; Mi Note 10 Lite) AppleWebKit/537.36 (KHTML, like Gecko) Chrome/91.0.4472.101 Mobile Safari/537.36"
185.82.168.5 - - [20/Jun/2021:05:36:55 +0200] "GET /2320-medium_default/h7-kit-led-matrix-50w-canbus-pro-fuzion.jpg HTTP/1.0" 200 324371 "https://www.fuzion.it/kit-led-per-veicoli-24volt/519-h7-kit-led-matrix-50w-canbus-pro-fuzion.html?gclid=CjwKCAjwq7aGBhADEiwA6uGZp_RO2KuBYM7b8hGw9kRNYROOz3pe6qgy_mcNQop51rrHChfwL26o_BoC6-sQAvD_BwE" "Mozilla/5.0 (Linux; Android 11; Mi Note 10 Lite) AppleWebKit/537.36 (KHTML, like Gecko) Chrome/91.0.4472.101 Mobile Safari/537.36"
185.82.168.5 - - [20/Jun/2021:05:36:56 +0200] "POST /module/newsletterpro/ajax HTTP/1.0" 200 519 "https://www.fuzion.it/kit-led-per-veicoli-24volt/519-h7-kit-led-matrix-50w-canbus-pro-fuzion.html?gclid=CjwKCAjwq7aGBhADEiwA6uGZp_RO2KuBYM7b8hGw9kRNYROOz3pe6qgy_mcNQop51rrHChfwL26o_BoC6-sQAvD_BwE" "Mozilla/5.0 (Linux; Android 11; Mi Note 10 Lite) AppleWebKit/537.36 (KHTML, like Gecko) Chrome/91.0.4472.101 Mobile Safari/537.36"
185.82.168.5 - - [20/Jun/2021:05:36:58 +0200] "POST /module/zonethememanager/getFinalDate HTTP/1.0" 200 775 "https://www.fuzion.it/kit-led-per-veicoli-24volt/519-h7-kit-led-matrix-50w-canbus-pro-fuzion.html?gclid=CjwKCAjwq7aGBhADEiwA6uGZp_RO2KuBYM7b8hGw9kRNYROOz3pe6qgy_mcNQop51rrHChfwL26o_BoC6-sQAvD_BwE" "Mozilla/5.0 (Linux; Android 11; Mi Note 10 Lite) AppleWebKit/537.36 (KHTML, like Gecko) Chrome/91.0.4472.101 Mobile Safari/537.36"
185.82.168.5 - - [20/Jun/2021:05:36:59 +0200] "POST /module/zonethememanager/categoryTree HTTP/1.0" 200 10897 "https://www.fuzion.it/kit-led-per-veicoli-24volt/519-h7-kit-led-matrix-50w-canbus-pro-fuzion.html?gclid=CjwKCAjwq7aGBhADEiwA6uGZp_RO2KuBYM7b8hGw9kRNYROOz3pe6qgy_mcNQop51rrHChfwL26o_BoC6-sQAvD_BwE" "Mozilla/5.0 (Linux; Android 11; Mi Note 10 Lite) AppleWebKit/537.36 (KHTML, like Gecko) Chrome/91.0.4472.101 Mobile Safari/537.36"
66.249.89.202 - - [20/Jun/2021:05:37:00 +0200] "POST /module/newsletterpro/ajax HTTP/1.0" 200 519 "https://www.fuzion.it/kit-led-moto-professionali/611-h7-kit-led-matrix-moto-50w-canbus-pro-fuzion.html" "AdsBot-Google (+http://www.google.com/adsbot.html)"
66.249.89.202 - - [20/Jun/2021:05:37:07 +0200] "POST /module/zonemegamenu/menuDropdownContent HTTP/1.0" 200 479 "https://www.fuzion.it/kit-led-moto-professionali/611-h7-kit-led-matrix-moto-50w-canbus-pro-fuzion.html" "AdsBot-Google (+http://www.google.com/adsbot.html)"
66.249.89.202 - - [20/Jun/2021:05:37:08 +0200] "POST /module/zonethememanager/categoryTree HTTP/1.0" 200 10897 "https://www.fuzion.it/kit-led-moto-professionali/611-h7-kit-led-matrix-moto-50w-canbus-pro-fuzion.html" "AdsBot-Google (+http://www.google.com/adsbot.html)"
114.119.129.110 - - [20/Jun/2021:05:38:42 +0200] "GET /lampadine-led-interneesterne/574-lampade-h11-50w-led-canbus-fuzion.html HTTP/1.0" 301 453 "-" "Mozilla/5.0 (Linux; Android 7.0;) AppleWebKit/537.36 (KHTML, like Gecko) Mobile Safari/537.36 (compatible; PetalBot;+https://webmaster.petalsearch.com/site/petalbot)"
114.119.129.110 - - [20/Jun/2021:05:38:43 +0200] "GET /led-interni-esterni-1224v/574-lampade-h11-50w-led-canbus-fuzion.html HTTP/1.0" 301 989 "-" "Mozilla/5.0 (Linux; Android 7.0;) AppleWebKit/537.36 (KHTML, like Gecko) Mobile Safari/537.36 (compatible; PetalBot;+https://webmaster.petalsearch.com/site/petalbot)"
114.119.129.110 - - [20/Jun/2021:05:38:44 +0200] "GET /114-led-interni-esterni-1224v HTTP/1.0" 200 179294 "-" "Mozilla/5.0 (Linux; Android 7.0;) AppleWebKit/537.36 (KHTML, like Gecko) Mobile Safari/537.36 (compatible; PetalBot;+https://webmaster.petalsearch.com/site/petalbot)"
66.249.76.4 - - [20/Jun/2021:05:38:54 +0200] "GET /89-kit-xenon-digital-64bit-35w HTTP/1.0" 200 176127 "-" "Mozilla/5.0 (compatible; Googlebot/2.1; +http://www.google.com/bot.html)"
66.249.64.204 - - [20/Jun/2021:05:39:35 +0200] "GET /1105-home_default/psx24w-alogene-super-white-pro-effetto-xenon-hid-fuzion.jpg HTTP/1.0" 200 15844 "-" "Googlebot-Image/1.0"
207.46.13.153 - - [20/Jun/2021:05:39:52 +0200] "GET /837-large_default/kit-ricambio-lampade-xenon-d1s-xenpro-fuzion-pro-quality.jpg HTTP/1.0" 403 1229 "-" "Mozilla/5.0 (compatible; bingbot/2.0; +http://www.bing.com/bingbot.htm)"
114.119.134.231 - - [20/Jun/2021:05:40:07 +0200] "GET /2326-medium_default/h7-kit-led-matrix-50w-canbus-pro-fuzion.jpg HTTP/1.0" 200 235011 "-" "Mozilla/5.0 (Linux; Android 7.0;) AppleWebKit/537.36 (KHTML, like Gecko) Mobile Safari/537.36 (compatible; PetalBot;+https://webmaster.petalsearch.com/site/petalbot)"
185.191.171.21 - - [20/Jun/2021:05:41:30 +0200] "GET /kit-xenon-slim-digital-64bit-35w/116-kit-xenon-h7-c-slim-digital-64bit-35w-alta-qualita-.html HTTP/1.0" 200 139591 "-" "Mozilla/5.0 (compatible; SemrushBot/7~bl; +http://www.semrush.com/bot.html)"
207.46.13.52 - - [20/Jun/2021:05:41:42 +0200] "GET /kit-sensori-di-parcheggio/510-1662-kit-4-sensori-di-parcheggio-con-cicalino-pro-fuzion.html HTTP/1.0" 200 178973 "-" "Mozilla/5.0 (compatible; bingbot/2.0; +http://www.bing.com/bingbot.htm)"
157.55.39.180 - - [20/Jun/2021:05:41:53 +0200] "GET /kit-pro-canbus-line-12v-35w/244-921-kit-xenon-d5s-canbus-line-12v-35w-pro-quality-fuzion.html HTTP/1.0" 200 139496 "-" "Mozilla/5.0 (compatible; bingbot/2.0; +http://www.bing.com/bingbot.htm)"
185.82.168.5 - - [20/Jun/2021:05:42:12 +0200] "GET /kit-led-per-veicoli-24volt/519-h7-kit-led-matrix-50w-canbus-pro-fuzion.html?gclid=CjwKCAjwq7aGBhADEiwA6uGZp_RO2KuBYM7b8hGw9kRNYROOz3pe6qgy_mcNQop51rrHChfwL26o_BoC6-sQAvD_BwE HTTP/1.0" 200 174864 "https://www.google.com/" "Mozilla/5.0 (Linux; Android 11; Mi Note 10 Lite) AppleWebKit/537.36 (KHTML, like Gecko) Chrome/91.0.4472.101 Mobile Safari/537.36"
185.82.168.5 - - [20/Jun/2021:05:42:14 +0200] "POST /module/newsletterpro/ajax HTTP/1.0" 200 519 "https://www.fuzion.it/kit-led-per-veicoli-24volt/519-h7-kit-led-matrix-50w-canbus-pro-fuzion.html?gclid=CjwKCAjwq7aGBhADEiwA6uGZp_RO2KuBYM7b8hGw9kRNYROOz3pe6qgy_mcNQop51rrHChfwL26o_BoC6-sQAvD_BwE" "Mozilla/5.0 (Linux; Android 11; Mi Note 10 Lite) AppleWebKit/537.36 (KHTML, like Gecko) Chrome/91.0.4472.101 Mobile Safari/537.36"
185.82.168.5 - - [20/Jun/2021:05:42:14 +0200] "POST /module/zonethememanager/getFinalDate HTTP/1.0" 200 775 "https://www.fuzion.it/kit-led-per-veicoli-24volt/519-h7-kit-led-matrix-50w-canbus-pro-fuzion.html?gclid=CjwKCAjwq7aGBhADEiwA6uGZp_RO2KuBYM7b8hGw9kRNYROOz3pe6qgy_mcNQop51rrHChfwL26o_BoC6-sQAvD_BwE" "Mozilla/5.0 (Linux; Android 11; Mi Note 10 Lite) AppleWebKit/537.36 (KHTML, like Gecko) Chrome/91.0.4472.101 Mobile Safari/537.36"
185.82.168.5 - - [20/Jun/2021:05:42:15 +0200] "POST /module/zonethememanager/categoryTree HTTP/1.0" 200 10897 "https://www.fuzion.it/kit-led-per-veicoli-24volt/519-h7-kit-led-matrix-50w-canbus-pro-fuzion.html?gclid=CjwKCAjwq7aGBhADEiwA6uGZp_RO2KuBYM7b8hGw9kRNYROOz3pe6qgy_mcNQop51rrHChfwL26o_BoC6-sQAvD_BwE" "Mozilla/5.0 (Linux; Android 11; Mi Note 10 Lite) AppleWebKit/537.36 (KHTML, like Gecko) Chrome/91.0.4472.101 Mobile Safari/537.36"
40.77.167.108 - - [20/Jun/2021:05:43:32 +0200] "GET /ricambi-xenon-auto-professionali/388-1497-kit-ricambio-lampade-xenon-d4s-oem-xenpro-fuzion-pro-quality.html HTTP/1.0" 200 135759 "-" "Mozilla/5.0 (compatible; bingbot/2.0; +http://www.bing.com/bingbot.htm)"
54.36.148.37 - - [20/Jun/2021:05:44:33 +0200] "GET /kit-xenon-moto-canbus-pro-35w/297-1133-kit-bi-xenon-moto-h4-3-canbus-line-12v-35w-pro-quality-fuzion.html HTTP/1.0" 200 147233 "-" "Mozilla/5.0 (compatible; AhrefsBot/7.0; +http://ahrefs.com/robot/)"
66.249.64.200 - - [20/Jun/2021:05:44:47 +0200] "GET /2324-home_default/h7-kit-led-matrix-50w-canbus-pro-fuzion.jpg HTTP/1.0" 200 79237 "-" "Googlebot-Image/1.0"
114.119.145.79 - - [20/Jun/2021:05:46:00 +0200] "GET /2-categorie?q=Categorie-KIT%2BLED%2BPER%2BAUTO%2BALTA%2BQUALITA%27&page=8 HTTP/1.0" 200 185546 "-" "Mozilla/5.0 (Linux; Android 7.0;) AppleWebKit/537.36 (KHTML, like Gecko) Mobile Safari/537.36 (compatible; PetalBot;+https://webmaster.petalsearch.com/site/petalbot)"
207.46.13.52 - - [20/Jun/2021:05:47:11 +0200] "GET /1254-medium_default/h1-kit-led-matrix-50w-canbus-pro-fuzion.jpg HTTP/1.0" 403 1229 "-" "Mozilla/5.0 (compatible; bingbot/2.0; +http://www.bing.com/bingbot.htm)"
114.119.140.56 - - [20/Jun/2021:05:47:46 +0200] "GET /181-kit-xenon-moto-professionali HTTP/1.0" 200 174026 "-" "Mozilla/5.0 (Linux; Android 7.0;) AppleWebKit/537.36 (KHTML, like Gecko) Mobile Safari/537.36 (compatible; PetalBot;+https://webmaster.petalsearch.com/site/petalbot)"
207.46.13.153 - - [20/Jun/2021:05:49:53 +0200] "GET /offerte HTTP/1.0" 200 159385 "-" "Mozilla/5.0 (compatible; bingbot/2.0; +http://www.bing.com/bingbot.htm)"
66.249.64.202 - - [20/Jun/2021:05:50:06 +0200] "GET /1719-home_default/hb4-9006-kit-led-36w-canbus-alta-qualita-fuzion.jpg HTTP/1.0" 403 1229 "-" "Googlebot-Image/1.0"
66.249.64.202 - - [20/Jun/2021:05:50:08 +0200] "GET /nuovi-prodotti HTTP/1.0" 200 76574 "-" "Mozilla/5.0 (compatible; Googlebot/2.1; +http://www.google.com/bot.html)"
66.249.64.200 - - [20/Jun/2021:05:50:19 +0200] "GET /153-centraline-xenon-oem-originali HTTP/1.0" 200 178522 "-" "Mozilla/5.0 (compatible; Googlebot/2.1; +http://www.google.com/bot.html)"
17.121.114.83 - - [20/Jun/2021:05:51:18 +0200] "GET /kit-pro-canbus-line-12v-35w/219-kit-bi-xenon-h4-3-canbus-line-12v-35w-pro-quality-fuzion.html HTTP/1.0" 200 143451 "-" "Mozilla/5.0 (Macintosh; Intel Mac OS X 10_15_5) AppleWebKit/605.1.15 (KHTML, like Gecko) Version/13.1.1 Safari/605.1.15 (Applebot/0.1; +http://www.apple.com/go/applebot)"
66.249.81.182 - - [20/Jun/2021:05:51:58 +0200] "GET /2910-medium_default/kit-ricambio-lampade-xenon-d1s-oem-24v-xenpro-fuzion-pro-quality.jpg HTTP/1.0" 200 228858 "-" "Mozilla/5.0 (Windows NT 5.1; rv:11.0) Gecko Firefox/11.0 (via ggpht.com GoogleImageProxy)"
66.249.81.180 - - [20/Jun/2021:05:51:58 +0200] "GET /2326-medium_default/h7-kit-led-matrix-50w-canbus-pro-fuzion.jpg HTTP/1.0" 200 235011 "-" "Mozilla/5.0 (Windows NT 5.1; rv:11.0) Gecko Firefox/11.0 (via ggpht.com GoogleImageProxy)"
66.249.81.184 - - [20/Jun/2021:05:51:58 +0200] "GET /2232-medium_default/h7-kit-led-36w-canbus-alta-qualita-fuzion.jpg HTTP/1.0" 200 272197 "-" "Mozilla/5.0 (Windows NT 5.1; rv:11.0) Gecko Firefox/11.0 (via ggpht.com GoogleImageProxy)"
66.249.81.180 - - [20/Jun/2021:05:51:58 +0200] "GET /3100-medium_default/pasta-lavamani-professionale-4000ml-4kg-made-in-italy-fuzion.jpg HTTP/1.0" 200 240221 "-" "Mozilla/5.0 (Windows NT 5.1; rv:11.0) Gecko Firefox/11.0 (via ggpht.com GoogleImageProxy)"
66.249.81.180 - - [20/Jun/2021:05:51:58 +0200] "GET /module/newsletterpro/api?action=openedEmail&token=b1bea600d7f8a5312bae42ecdb85343c&email=stefanovecchi@gmail.com HTTP/1.0" 200 1610 "-" "Mozilla/5.0 (Windows NT 5.1; rv:11.0) Gecko Firefox/11.0 (via ggpht.com GoogleImageProxy)"
157.55.39.63 - - [20/Jun/2021:05:52:15 +0200] "GET /2238-medium_default/h4-kit-bi-led-36w-canbus-alta-qualita-fuzion.jpg HTTP/1.0" 200 235302 "-" "Mozilla/5.0 (compatible; bingbot/2.0; +http://www.bing.com/bingbot.htm)"
66.249.89.200 - - [20/Jun/2021:05:53:54 +0200] "GET /themes/ZOneTheme/assets/cache/theme-2fc7e182.css HTTP/1.0" 404 43680 "https://www.fuzion.it/kit-sensori-di-parcheggio/510-1662-kit-4-sensori-di-parcheggio-con-cicalino-pro-fuzion.html" "AdsBot-Google (+http://www.google.com/adsbot.html)"
66.249.89.200 - - [20/Jun/2021:05:53:54 +0200] "GET /themes/ZOneTheme/assets/cache/bottom-ec439781.js HTTP/1.0" 404 43680 "https://www.fuzion.it/kit-sensori-di-parcheggio/510-1662-kit-4-sensori-di-parcheggio-con-cicalino-pro-fuzion.html" "AdsBot-Google (+http://www.google.com/adsbot.html)"
54.36.149.104 - - [20/Jun/2021:05:54:13 +0200] "GET /adattatori-portalampade-led/691-adattatori-portalampade-led-vw-skoda-hella-pbt-gf20.html HTTP/1.0" 200 131315 "-" "Mozilla/5.0 (compatible; AhrefsBot/7.0; +http://ahrefs.com/robot/)"
157.55.39.88 - - [20/Jun/2021:05:56:58 +0200] "GET /2914-small_default/kit-ricambio-lampade-xenon-d2s-oem-24v-xenpro-fuzion-pro-quality.jpg HTTP/1.0" 200 14159 "-" "Mozilla/5.0 (compatible; bingbot/2.0; +http://www.bing.com/bingbot.htm)"
66.249.89.200 - - [20/Jun/2021:05:59:23 +0200] "GET /kit-xenon-digital-64bit-55w/66-kit-xenon-h7-c-digital-64bit-55w-alta-qualita-.html HTTP/1.0" 200 135028 "-" "AdsBot-Google (+http://www.google.com/adsbot.html)"
66.249.89.200 - - [20/Jun/2021:05:59:47 +0200] "GET /kit-led-per-veicoli-24volt/518-h4-kit-bi-led-matrix-50w-canbus-pro-fuzion.html HTTP/1.0" 200 180001 "-" "AdsBot-Google (+http://www.google.com/adsbot.html)"
80.211.21.168 - - [20/Jun/2021:06:00:01 +0200] "GET /modules/fastbay1/ajax/downloadOrders.php?s=1&mp=101&token=fe5bbe495522e306e46ab3a58ca3e552 HTTP/1.0" 200 1194 "-" "curl/7.29.0"
80.211.21.168 - - [20/Jun/2021:06:00:01 +0200] "GET /mcadmin/index.php?controller=AdminSearch&action=searchCron&ajax=1&full=1&token=3ztiax6t&id_shop=1 HTTP/1.0" 200 1048 "-" "curl/7.29.0"
66.249.89.200 - - [20/Jun/2021:06:00:46 +0200] "POST /module/newsletterpro/ajax HTTP/1.0" 200 519 "https://www.fuzion.it/kit-led-per-veicoli-24volt/518-h4-kit-bi-led-matrix-50w-canbus-pro-fuzion.html" "AdsBot-Google (+http://www.google.com/adsbot.html)"
66.249.89.204 - - [20/Jun/2021:06:01:12 +0200] "POST /module/zonethememanager/getFinalDate HTTP/1.0" 200 775 "https://www.fuzion.it/kit-led-per-veicoli-24volt/518-h4-kit-bi-led-matrix-50w-canbus-pro-fuzion.html" "AdsBot-Google (+http://www.google.com/adsbot.html)"
66.249.89.202 - - [20/Jun/2021:06:01:12 +0200] "POST /module/zonemegamenu/menuDropdownContent HTTP/1.0" 200 479 "https://www.fuzion.it/kit-led-per-veicoli-24volt/518-h4-kit-bi-led-matrix-50w-canbus-pro-fuzion.html" "AdsBot-Google (+http://www.google.com/adsbot.html)"
66.249.89.202 - - [20/Jun/2021:06:01:13 +0200] "POST /module/zonethememanager/categoryTree HTTP/1.0" 200 10897 "https://www.fuzion.it/kit-led-per-veicoli-24volt/518-h4-kit-bi-led-matrix-50w-canbus-pro-fuzion.html" "AdsBot-Google (+http://www.google.com/adsbot.html)"
66.249.89.200 - - [20/Jun/2021:06:01:57 +0200] "POST /module/zonethememanager/categoryTree HTTP/1.0" 200 10897 "https://www.fuzion.it/kit-led-per-veicoli-24volt/518-h4-kit-bi-led-matrix-50w-canbus-pro-fuzion.html" "AdsBot-Google (+http://www.google.com/adsbot.html)"
17.121.114.188 - - [20/Jun/2021:06:02:10 +0200] "GET /centraline-xenon-oem-originali/462-centralina-xenon-al-bosch-1307329115-alta-qualita-fuzion.html HTTP/1.0" 200 146197 "-" "Mozilla/5.0 (Macintosh; Intel Mac OS X 10_15_5) AppleWebKit/605.1.15 (KHTML, like Gecko) Version/13.1.1 Safari/605.1.15 (Applebot/0.1; +http://www.apple.com/go/applebot)"
114.119.136.34 - - [20/Jun/2021:06:02:23 +0200] "GET /2-categorie?q=Categorie-KIT%2BXENON%2BDIGITAL%2B64BIT%2B55W&page=47 HTTP/1.0" 200 185558 "-" "Mozilla/5.0 (Linux; Android 7.0;) AppleWebKit/537.36 (KHTML, like Gecko) Mobile Safari/537.36 (compatible; PetalBot;+https://webmaster.petalsearch.com/site/petalbot)"
207.46.13.52 - - [20/Jun/2021:06:03:53 +0200] "GET /1682-small_default/h11-kit-led-36w-canbus-alta-qualita-fuzion.jpg HTTP/1.0" 403 1229 "-" "Mozilla/5.0 (compatible; bingbot/2.0; +http://www.bing.com/bingbot.htm)"
114.119.134.231 - - [20/Jun/2021:06:04:12 +0200] "GET /2-categorie?q=Categorie-LAMPADE%2BALOGENE%2B12VOLT&page=40 HTTP/1.0" 200 184826 "-" "Mozilla/5.0 (Linux; Android 7.0;) AppleWebKit/537.36 (KHTML, like Gecko) Mobile Safari/537.36 (compatible; PetalBot;+https://webmaster.petalsearch.com/site/petalbot)"
54.36.149.90 - - [20/Jun/2021:06:04:28 +0200] "GET /tappi-cuffie-coprifaro/703-tappi-cuffie-led-xenon-coprifaro-90-mm.html HTTP/1.0" 200 139808 "-" "Mozilla/5.0 (compatible; AhrefsBot/7.0; +http://ahrefs.com/robot/)"
2.57.33.128 - - [20/Jun/2021:06:05:09 +0200] "GET /2232-medium_default/h7-kit-led-36w-canbus-alta-qualita-fuzion.jpg HTTP/1.0" 200 272197 "-" "Mozilla/5.0 (iPhone; CPU iPhone OS 14_6 like Mac OS X) AppleWebKit/605.1.15 (KHTML, like Gecko) Mobile/15E148"
2.57.33.128 - - [20/Jun/2021:06:05:09 +0200] "GET /2326-medium_default/h7-kit-led-matrix-50w-canbus-pro-fuzion.jpg HTTP/1.0" 200 235011 "-" "Mozilla/5.0 (iPhone; CPU iPhone OS 14_6 like Mac OS X) AppleWebKit/605.1.15 (KHTML, like Gecko) Mobile/15E148"
2.57.33.128 - - [20/Jun/2021:06:05:09 +0200] "GET /1079-medium_default/h7-alogene-super-white-pro-effetto-xenon-hid-fuzion.jpg HTTP/1.0" 200 26045 "-" "Mozilla/5.0 (iPhone; CPU iPhone OS 14_6 like Mac OS X) AppleWebKit/605.1.15 (KHTML, like Gecko) Mobile/15E148"
2.57.33.128 - - [20/Jun/2021:06:05:09 +0200] "GET /2904-medium_default/kit-ricambio-lampade-xenon-d1s-hid-standard-fuzion.jpg HTTP/1.0" 200 225777 "-" "Mozilla/5.0 (iPhone; CPU iPhone OS 14_6 like Mac OS X) AppleWebKit/605.1.15 (KHTML, like Gecko) Mobile/15E148"
2.57.33.128 - - [20/Jun/2021:06:05:09 +0200] "GET /2910-medium_default/kit-ricambio-lampade-xenon-d1s-oem-24v-xenpro-fuzion-pro-quality.jpg HTTP/1.0" 200 228858 "-" "Mozilla/5.0 (iPhone; CPU iPhone OS 14_6 like Mac OS X) AppleWebKit/605.1.15 (KHTML, like Gecko) Mobile/15E148"
2.57.33.128 - - [20/Jun/2021:06:05:09 +0200] "GET /3100-medium_default/pasta-lavamani-professionale-4000ml-4kg-made-in-italy-fuzion.jpg HTTP/1.0" 200 240221 "-" "Mozilla/5.0 (iPhone; CPU iPhone OS 14_6 like Mac OS X) AppleWebKit/605.1.15 (KHTML, like Gecko) Mobile/15E148"
2.57.33.128 - - [20/Jun/2021:06:05:09 +0200] "GET /1202-medium_default/kit-4-sensori-di-parcheggio-con-cicalino-pro-fuzion.jpg HTTP/1.0" 200 34393 "-" "Mozilla/5.0 (iPhone; CPU iPhone OS 14_6 like Mac OS X) AppleWebKit/605.1.15 (KHTML, like Gecko) Mobile/15E148"
2.57.33.128 - - [20/Jun/2021:06:05:09 +0200] "GET /module/newsletterpro/api?action=openedEmail&token=3dca93dcf36c9b943a5306b6872ceb8c&email=petrogiusi@hotmail.it HTTP/1.0" 200 1610 "-" "Mozilla/5.0 (iPhone; CPU iPhone OS 14_6 like Mac OS X) AppleWebKit/605.1.15 (KHTML, like Gecko) Mobile/15E148"
2.57.33.128 - - [20/Jun/2021:06:05:16 +0200] "GET /module/newsletterpro/api?action=openedEmail&token=b1bea600d7f8a5312bae42ecdb85343c&email=petrogiusi@hotmail.it HTTP/1.0" 200 1610 "-" "Mozilla/5.0 (iPhone; CPU iPhone OS 14_6 like Mac OS X) AppleWebKit/605.1.15 (KHTML, like Gecko) Mobile/15E148"
114.119.145.79 - - [20/Jun/2021:06:05:53 +0200] "GET /90-kit-xenon-auto-moto-e-24v?page=7 HTTP/1.0" 200 176580 "-" "Mozilla/5.0 (Linux; Android 7.0;) AppleWebKit/537.36 (KHTML, like Gecko) Mobile Safari/537.36 (compatible; PetalBot;+https://webmaster.petalsearch.com/site/petalbot)"
66.249.64.200 - - [20/Jun/2021:06:07:13 +0200] "GET /1262-home_default/h3-kit-led-matrix-50w-canbus-pro-fuzion.jpg HTTP/1.0" 403 1229 "-" "Googlebot-Image/1.0"
23.100.232.233 - - [20/Jun/2021:06:08:03 +0200] "GET /prodotti-per-l-officina/779-pasta-lavamani-professionale-4000ml-4kg-made-in-italy-fuzion.html HTTP/1.0" 200 136475 "-" "Mozilla/5.0 (compatible; MSIE 9.0; Windows NT 6.0; Trident/5.0;  Trident/5.0)"
23.100.232.233 - - [20/Jun/2021:06:08:07 +0200] "GET /3100-medium_default/pasta-lavamani-professionale-4000ml-4kg-made-in-italy-fuzion.jpg HTTP/1.0" 200 240221 "https://www.fuzion.it/prodotti-per-l-officina/779-pasta-lavamani-professionale-4000ml-4kg-made-in-italy-fuzion.html" "Mozilla/5.0 (compatible; MSIE 9.0; Windows NT 6.0; Trident/5.0;  Trident/5.0)"
23.100.232.233 - - [20/Jun/2021:06:08:07 +0200] "GET /3100-small_default/pasta-lavamani-professionale-4000ml-4kg-made-in-italy-fuzion.jpg HTTP/1.0" 200 14750 "https://www.fuzion.it/prodotti-per-l-officina/779-pasta-lavamani-professionale-4000ml-4kg-made-in-italy-fuzion.html" "Mozilla/5.0 (compatible; MSIE 9.0; Windows NT 6.0; Trident/5.0;  Trident/5.0)"
23.100.232.233 - - [20/Jun/2021:06:08:08 +0200] "GET /3102-small_default/pasta-lavamani-professionale-4000ml-4kg-made-in-italy-fuzion.jpg HTTP/1.0" 200 12648 "https://www.fuzion.it/prodotti-per-l-officina/779-pasta-lavamani-professionale-4000ml-4kg-made-in-italy-fuzion.html" "Mozilla/5.0 (compatible; MSIE 9.0; Windows NT 6.0; Trident/5.0;  Trident/5.0)"
23.100.232.233 - - [20/Jun/2021:06:08:09 +0200] "GET /3101-small_default/pasta-lavamani-professionale-4000ml-4kg-made-in-italy-fuzion.jpg HTTP/1.0" 200 14979 "https://www.fuzion.it/prodotti-per-l-officina/779-pasta-lavamani-professionale-4000ml-4kg-made-in-italy-fuzion.html" "Mozilla/5.0 (compatible; MSIE 9.0; Windows NT 6.0; Trident/5.0;  Trident/5.0)"
23.100.232.233 - - [20/Jun/2021:06:08:11 +0200] "GET /3100-home_default/pasta-lavamani-professionale-4000ml-4kg-made-in-italy-fuzion.jpg HTTP/1.0" 200 84053 "https://www.fuzion.it/prodotti-per-l-officina/779-pasta-lavamani-professionale-4000ml-4kg-made-in-italy-fuzion.html" "Mozilla/5.0 (compatible; MSIE 9.0; Windows NT 6.0; Trident/5.0;  Trident/5.0)"
151.46.69.97 - - [20/Jun/2021:06:10:43 +0200] "GET /led-interni-esterni-1224v/542-lampade-t10-w5w-9-led-canbus-fuzion.html HTTP/1.0" 200 160469 "-" "Mozilla/5.0 (Linux; Android 10; SAMSUNG SM-A605FN) AppleWebKit/537.36 (KHTML, like Gecko) SamsungBrowser/14.0 Chrome/87.0.4280.141 Mobile Safari/537.36"
151.46.69.97 - - [20/Jun/2021:06:10:46 +0200] "POST /module/newsletterpro/ajax HTTP/1.0" 200 519 "https://www.fuzion.it/led-interni-esterni-1224v/542-lampade-t10-w5w-9-led-canbus-fuzion.html" "Mozilla/5.0 (Linux; Android 10; SAMSUNG SM-A605FN) AppleWebKit/537.36 (KHTML, like Gecko) SamsungBrowser/14.0 Chrome/87.0.4280.141 Mobile Safari/537.36"
151.46.69.97 - - [20/Jun/2021:06:10:48 +0200] "POST /module/zonethememanager/getFinalDate HTTP/1.0" 200 775 "https://www.fuzion.it/led-interni-esterni-1224v/542-lampade-t10-w5w-9-led-canbus-fuzion.html" "Mozilla/5.0 (Linux; Android 10; SAMSUNG SM-A605FN) AppleWebKit/537.36 (KHTML, like Gecko) SamsungBrowser/14.0 Chrome/87.0.4280.141 Mobile Safari/537.36"
151.46.69.97 - - [20/Jun/2021:06:10:50 +0200] "POST /module/zonethememanager/categoryTree HTTP/1.0" 200 10897 "https://www.fuzion.it/led-interni-esterni-1224v/542-lampade-t10-w5w-9-led-canbus-fuzion.html" "Mozilla/5.0 (Linux; Android 10; SAMSUNG SM-A605FN) AppleWebKit/537.36 (KHTML, like Gecko) SamsungBrowser/14.0 Chrome/87.0.4280.141 Mobile Safari/537.36"
66.249.76.4 - - [20/Jun/2021:06:11:51 +0200] "GET /led-interni-esterni-1224v/558-lampade-py24w-pgu204-18-led-canbus-fuzion.html HTTP/1.0" 200 127657 "-" "Mozilla/5.0 (Linux; Android 6.0.1; Nexus 5X Build/MMB29P) AppleWebKit/537.36 (KHTML, like Gecko) Chrome/91.0.4472.90 Mobile Safari/537.36 (compatible; Googlebot/2.1; +http://www.google.com/bot.html)"
40.77.167.21 - - [20/Jun/2021:06:13:37 +0200] "GET /854-home_default/kit-ricambio-lampade-xenon-d8s-oem-xenpro-fuzion-pro-quality.jpg HTTP/1.0" 200 7584 "-" "Mozilla/5.0 (compatible; bingbot/2.0; +http://www.bing.com/bingbot.htm)"
114.119.136.34 - - [20/Jun/2021:06:14:02 +0200] "GET /2-categorie?q=Categorie-RICAMBI%2BXENON%2BVEICOLI%2B24VOLT%2BPRO&page=7 HTTP/1.0" 200 185220 "-" "Mozilla/5.0 (Linux; Android 7.0;) AppleWebKit/537.36 (KHTML, like Gecko) Mobile Safari/537.36 (compatible; PetalBot;+https://webmaster.petalsearch.com/site/petalbot)"
185.191.171.17 - - [20/Jun/2021:06:14:52 +0200] "GET /monitor-e-retrocamere/767-kit-4-sensori-di-parcheggio-con-cicalino-pro-fuzion.html HTTP/1.0" 200 168650 "-" "Mozilla/5.0 (compatible; SemrushBot/7~bl; +http://www.semrush.com/bot.html)"
207.46.13.52 - - [20/Jun/2021:06:15:26 +0200] "GET /monitor-e-retrocamere/767-kit-4-sensori-di-parcheggio-con-cicalino-pro-fuzion.html HTTP/1.0" 200 159034 "-" "Mozilla/5.0 (compatible; bingbot/2.0; +http://www.bing.com/bingbot.htm)"
54.36.149.81 - - [20/Jun/2021:06:15:30 +0200] "GET /module/ws_productreviews/default HTTP/1.0" 200 97914 "-" "Mozilla/5.0 (compatible; AhrefsBot/7.0; +http://ahrefs.com/robot/)"
114.119.139.115 - - [20/Jun/2021:06:16:32 +0200] "GET /2-categorie?q=Categorie-RICAMBI%2BXENON%2BVEICOLI%2B24VOLT%2BPRO&page=13 HTTP/1.0" 200 184566 "-" "Mozilla/5.0 (Linux; Android 7.0;) AppleWebKit/537.36 (KHTML, like Gecko) Mobile Safari/537.36 (compatible; PetalBot;+https://webmaster.petalsearch.com/site/petalbot)"
66.249.89.200 - - [20/Jun/2021:06:16:38 +0200] "GET /lampade-alogene-12volt/480-h5-alogene-super-white-pro-effetto-xenon-hid-fuzion.html HTTP/1.0" 200 146115 "-" "AdsBot-Google (+http://www.google.com/adsbot.html)"
95.233.164.79 - - [20/Jun/2021:06:17:28 +0200] "GET /2232-medium_default/h7-kit-led-36w-canbus-alta-qualita-fuzion.jpg HTTP/1.0" 200 272197 "-" "Mozilla/5.0 (iPhone; CPU iPhone OS 14_4_2 like Mac OS X) AppleWebKit/605.1.15 (KHTML, like Gecko) Mobile/15E148"
95.233.164.79 - - [20/Jun/2021:06:17:28 +0200] "GET /2326-medium_default/h7-kit-led-matrix-50w-canbus-pro-fuzion.jpg HTTP/1.0" 200 235011 "-" "Mozilla/5.0 (iPhone; CPU iPhone OS 14_4_2 like Mac OS X) AppleWebKit/605.1.15 (KHTML, like Gecko) Mobile/15E148"
95.233.164.79 - - [20/Jun/2021:06:17:28 +0200] "GET /1079-medium_default/h7-alogene-super-white-pro-effetto-xenon-hid-fuzion.jpg HTTP/1.0" 200 26045 "-" "Mozilla/5.0 (iPhone; CPU iPhone OS 14_4_2 like Mac OS X) AppleWebKit/605.1.15 (KHTML, like Gecko) Mobile/15E148"
95.233.164.79 - - [20/Jun/2021:06:17:28 +0200] "GET /1202-medium_default/kit-4-sensori-di-parcheggio-con-cicalino-pro-fuzion.jpg HTTP/1.0" 200 34393 "-" "Mozilla/5.0 (iPhone; CPU iPhone OS 14_4_2 like Mac OS X) AppleWebKit/605.1.15 (KHTML, like Gecko) Mobile/15E148"
95.233.164.79 - - [20/Jun/2021:06:17:28 +0200] "GET /3100-medium_default/pasta-lavamani-professionale-4000ml-4kg-made-in-italy-fuzion.jpg HTTP/1.0" 200 240221 "-" "Mozilla/5.0 (iPhone; CPU iPhone OS 14_4_2 like Mac OS X) AppleWebKit/605.1.15 (KHTML, like Gecko) Mobile/15E148"
95.233.164.79 - - [20/Jun/2021:06:17:28 +0200] "GET /2904-medium_default/kit-ricambio-lampade-xenon-d1s-hid-standard-fuzion.jpg HTTP/1.0" 200 225777 "-" "Mozilla/5.0 (iPhone; CPU iPhone OS 14_4_2 like Mac OS X) AppleWebKit/605.1.15 (KHTML, like Gecko) Mobile/15E148"
95.233.164.79 - - [20/Jun/2021:06:17:28 +0200] "GET /2910-medium_default/kit-ricambio-lampade-xenon-d1s-oem-24v-xenpro-fuzion-pro-quality.jpg HTTP/1.0" 200 228858 "-" "Mozilla/5.0 (iPhone; CPU iPhone OS 14_4_2 like Mac OS X) AppleWebKit/605.1.15 (KHTML, like Gecko) Mobile/15E148"
95.233.164.79 - - [20/Jun/2021:06:17:28 +0200] "GET /module/newsletterpro/api?action=openedEmail&token=b1bea600d7f8a5312bae42ecdb85343c&email=schillo_2000@yahoo.it HTTP/1.0" 200 1610 "-" "Mozilla/5.0 (iPhone; CPU iPhone OS 14_4_2 like Mac OS X) AppleWebKit/605.1.15 (KHTML, like Gecko) Mobile/15E148"
66.249.89.202 - - [20/Jun/2021:06:17:37 +0200] "POST /module/zonemegamenu/menuDropdownContent HTTP/1.0" 200 479 "https://www.fuzion.it/lampade-alogene-12volt/480-h5-alogene-super-white-pro-effetto-xenon-hid-fuzion.html" "AdsBot-Google (+http://www.google.com/adsbot.html)"
40.77.167.108 - - [20/Jun/2021:06:18:07 +0200] "GET /kit-xenon-canbus-64bit-35w/141-507-kit-xenon-d2s-canbus-64bit-35w-alta-qualita-.html HTTP/1.0" 200 133350 "-" "Mozilla/5.0 (compatible; bingbot/2.0; +http://www.bing.com/bingbot.htm)"
66.249.76.4 - - [20/Jun/2021:06:20:17 +0200] "GET /188-ricambi-xenon-oem-originali HTTP/1.0" 200 170400 "-" "Mozilla/5.0 (Linux; Android 6.0.1; Nexus 5X Build/MMB29P) AppleWebKit/537.36 (KHTML, like Gecko) Chrome/91.0.4472.90 Mobile Safari/537.36 (compatible; Googlebot/2.1; +http://www.google.com/bot.html)"
66.249.89.200 - - [20/Jun/2021:06:21:23 +0200] "POST /module/zonemegamenu/menuDropdownContent HTTP/1.0" 200 479 "https://www.fuzion.it/kit-xenon-canbus-64bit-55w/150-kit-xenon-h9-canbus-64bit-55w-alta-qualita-.html" "AdsBot-Google (+http://www.google.com/adsbot.html)"
66.249.89.202 - - [20/Jun/2021:06:21:45 +0200] "GET /kit-pro-canbus-line-12v-35w/220-kit-xenon-h7-canbus-line-12v-35w-pro-quality-fuzion.html HTTP/1.0" 200 156360 "-" "Mozilla/5.0 (iPhone; CPU iPhone OS 9_1 like Mac OS X) AppleWebKit/601.1.46 (KHTML, like Gecko) Version/9.0 Mobile/13B143 Safari/601.1 (compatible; AdsBot-Google-Mobile; +http://www.google.com/mobile/adsbot.html)"
114.119.147.42 - - [20/Jun/2021:06:22:13 +0200] "GET /2-categorie?q=Disponibilit%C3%A0-In%2Bmagazzino&page=6 HTTP/1.0" 200 183758 "-" "Mozilla/5.0 (Linux; Android 7.0;) AppleWebKit/537.36 (KHTML, like Gecko) Mobile Safari/537.36 (compatible; PetalBot;+https://webmaster.petalsearch.com/site/petalbot)"
66.249.89.200 - - [20/Jun/2021:06:22:48 +0200] "GET /kit-xenon-moto-slim-digital-64bit-35w/279-kit-xenon-moto-h7-r-digital-64bit-35w-alta-qualita-.html HTTP/1.0" 200 135801 "-" "AdsBot-Google (+http://www.google.com/adsbot.html)"
213.239.193.124 - - [20/Jun/2021:06:22:59 +0200] "GET / HTTP/1.0" 200 395577 "-" "Mozilla/5.0 (Macintosh; Intel Mac OS X 10_6_8) AppleWebKit/537.36 (KHTML, like Gecko) Chrome/32.0.1700.102 Safari/537.36"
213.239.193.124 - - [20/Jun/2021:06:23:01 +0200] "GET /content/3-condizioni-generali-di-vendita HTTP/1.0" 200 66931 "https://www.fuzion.it/" "Mozilla/5.0 (Macintosh; Intel Mac OS X 10_6_8) AppleWebKit/537.36 (KHTML, like Gecko) Chrome/32.0.1700.102 Safari/537.36"
213.239.193.124 - - [20/Jun/2021:06:23:01 +0200] "GET /content/5-modalita-di-pagamento HTTP/1.0" 200 54498 "https://www.fuzion.it/" "Mozilla/5.0 (Macintosh; Intel Mac OS X 10_6_8) AppleWebKit/537.36 (KHTML, like Gecko) Chrome/32.0.1700.102 Safari/537.36"
213.239.193.124 - - [20/Jun/2021:06:23:01 +0200] "GET /content/1-tempi-e-spese-di-spedizione HTTP/1.0" 200 56172 "https://www.fuzion.it/" "Mozilla/5.0 (Macintosh; Intel Mac OS X 10_6_8) AppleWebKit/537.36 (KHTML, like Gecko) Chrome/32.0.1700.102 Safari/537.36"
66.249.89.202 - - [20/Jun/2021:06:23:15 +0200] "POST /module/zonethememanager/getFinalDate HTTP/1.0" 200 775 "https://www.fuzion.it/kit-pro-canbus-line-12v-35w/220-kit-xenon-h7-canbus-line-12v-35w-pro-quality-fuzion.html" "Mozilla/5.0 (iPhone; CPU iPhone OS 9_1 like Mac OS X) AppleWebKit/601.1.46 (KHTML, like Gecko) Version/9.0 Mobile/13B143 Safari/601.1 (compatible; AdsBot-Google-Mobile; +http://www.google.com/mobile/adsbot.html)"
66.249.89.200 - - [20/Jun/2021:06:23:28 +0200] "POST /module/zonemegamenu/menuDropdownContent HTTP/1.0" 200 479 "https://www.fuzion.it/kit-xenon-moto-slim-digital-64bit-35w/279-kit-xenon-moto-h7-r-digital-64bit-35w-alta-qualita-.html" "AdsBot-Google (+http://www.google.com/adsbot.html)"
66.249.76.4 - - [20/Jun/2021:06:24:01 +0200] "GET /178-kit-xenon-moto-canbus-pro-55w HTTP/1.0" 200 161092 "-" "Mozilla/5.0 (Linux; Android 6.0.1; Nexus 5X Build/MMB29P) AppleWebKit/537.36 (KHTML, like Gecko) Chrome/91.0.4472.90 Mobile Safari/537.36 (compatible; Googlebot/2.1; +http://www.google.com/bot.html)"
66.249.76.4 - - [20/Jun/2021:06:24:05 +0200] "POST /module/zonethememanager/getFinalDateMiniature HTTP/1.0" 200 5192 "https://www.fuzion.it/178-kit-xenon-moto-canbus-pro-55w" "Mozilla/5.0 (Linux; Android 6.0.1; Nexus 5X Build/MMB29P) AppleWebKit/537.36 (KHTML, like Gecko) Chrome/91.0.4472.90 Mobile Safari/537.36 (compatible; Googlebot/2.1; +http://www.google.com/bot.html)"
89.46.110.138 - - [20/Jun/2021:06:24:11 +0200] "GET / HTTP/1.0" 200 395577 "-" "Python-urllib/2.7"
114.119.136.34 - - [20/Jun/2021:06:24:27 +0200] "GET /2-categorie?q=Categorie-KIT%2BLED%2BPER%2BAUTO%2BALTA%2BQUALITA%27&page=38 HTTP/1.0" 200 185148 "-" "Mozilla/5.0 (Linux; Android 7.0;) AppleWebKit/537.36 (KHTML, like Gecko) Mobile Safari/537.36 (compatible; PetalBot;+https://webmaster.petalsearch.com/site/petalbot)"
