80.116.55.191 - - [20/Jun/2021:21:31:41 +0200] "GET /3100-medium_default/pasta-lavamani-professionale-4000ml-4kg-made-in-italy-fuzion.jpg HTTP/1.0" 200 240221 "-" "Mozilla/5.0 (iPhone; CPU iPhone OS 14_5_1 like Mac OS X) AppleWebKit/605.1.15 (KHTML, like Gecko) Mobile/15E148"
80.116.55.191 - - [20/Jun/2021:21:31:41 +0200] "GET /2910-medium_default/kit-ricambio-lampade-xenon-d1s-oem-24v-xenpro-fuzion-pro-quality.jpg HTTP/1.0" 200 228858 "-" "Mozilla/5.0 (iPhone; CPU iPhone OS 14_5_1 like Mac OS X) AppleWebKit/605.1.15 (KHTML, like Gecko) Mobile/15E148"
80.116.55.191 - - [20/Jun/2021:21:31:41 +0200] "GET /module/newsletterpro/api?action=openedEmail&token=b1bea600d7f8a5312bae42ecdb85343c&email=g.legnazzi@tin.it HTTP/1.0" 200 1610 "-" "Mozilla/5.0 (iPhone; CPU iPhone OS 14_5_1 like Mac OS X) AppleWebKit/605.1.15 (KHTML, like Gecko) Mobile/15E148"
114.119.134.231 - - [20/Jun/2021:21:32:05 +0200] "GET /kit-pro-standard-12v-35w/172-631-kit-xenon-hb5-9007-standard-12v-35w-pro-quality-fuzion.html HTTP/1.0" 200 137192 "-" "Mozilla/5.0 (Linux; Android 7.0;) AppleWebKit/537.36 (KHTML, like Gecko) Mobile Safari/537.36 (compatible; PetalBot;+https://webmaster.petalsearch.com/site/petalbot)"
79.12.56.212 - - [20/Jun/2021:21:32:44 +0200] "GET /1169-large_default/bay15d-p215w-1157-alogene-super-white-pro-effetto-xenon-hid-fuzion.jpg HTTP/1.0" 200 64574 "https://www.google.com/" "Mozilla/5.0 (Linux; Android 8.0.0; BAH2-L09) AppleWebKit/537.36 (KHTML, like Gecko) Chrome/91.0.4472.101 Safari/537.36"
79.16.246.62 - - [20/Jun/2021:21:32:54 +0200] "GET /carrello?action=show HTTP/1.0" 200 77553 "https://www.fuzion.it/kit-led-per-auto-professionali/524-h13-kit-bi-led-matrix-50w-canbus-pro-fuzion.html" "Mozilla/5.0 (Macintosh; Intel Mac OS X 10_15_6) AppleWebKit/605.1.15 (KHTML, like Gecko) Version/14.0.3 Safari/605.1.15"
79.16.246.62 - - [20/Jun/2021:21:32:55 +0200] "POST /module/newsletterpro/ajax HTTP/1.0" 200 519 "https://www.fuzion.it/carrello?action=show" "Mozilla/5.0 (Macintosh; Intel Mac OS X 10_15_6) AppleWebKit/605.1.15 (KHTML, like Gecko) Version/14.0.3 Safari/605.1.15"
79.16.246.62 - - [20/Jun/2021:21:32:56 +0200] "POST /module/zonemegamenu/menuDropdownContent HTTP/1.0" 200 479 "https://www.fuzion.it/carrello?action=show" "Mozilla/5.0 (Macintosh; Intel Mac OS X 10_15_6) AppleWebKit/605.1.15 (KHTML, like Gecko) Version/14.0.3 Safari/605.1.15"
79.16.246.62 - - [20/Jun/2021:21:32:56 +0200] "POST /module/zonethememanager/categoryTree HTTP/1.0" 200 10897 "https://www.fuzion.it/carrello?action=show" "Mozilla/5.0 (Macintosh; Intel Mac OS X 10_15_6) AppleWebKit/605.1.15 (KHTML, like Gecko) Version/14.0.3 Safari/605.1.15"
79.12.56.212 - - [20/Jun/2021:21:32:59 +0200] "GET /lampade-alogene-12volt/502-bay15d-p215w-1157-alogene-super-white-pro-effetto-xenon-hid-fuzion.html HTTP/1.0" 200 142413 "https://www.google.com/" "Mozilla/5.0 (Linux; Android 8.0.0; BAH2-L09) AppleWebKit/537.36 (KHTML, like Gecko) Chrome/91.0.4472.101 Safari/537.36"
79.12.56.212 - - [20/Jun/2021:21:33:00 +0200] "GET /1169-medium_default/bay15d-p215w-1157-alogene-super-white-pro-effetto-xenon-hid-fuzion.jpg HTTP/1.0" 200 27013 "https://www.fuzion.it/lampade-alogene-12volt/502-bay15d-p215w-1157-alogene-super-white-pro-effetto-xenon-hid-fuzion.html" "Mozilla/5.0 (Linux; Android 8.0.0; BAH2-L09) AppleWebKit/537.36 (KHTML, like Gecko) Chrome/91.0.4472.101 Safari/537.36"
79.12.56.212 - - [20/Jun/2021:21:33:01 +0200] "GET /1169-home_default/bay15d-p215w-1157-alogene-super-white-pro-effetto-xenon-hid-fuzion.jpg HTTP/1.0" 200 12288 "https://www.fuzion.it/lampade-alogene-12volt/502-bay15d-p215w-1157-alogene-super-white-pro-effetto-xenon-hid-fuzion.html" "Mozilla/5.0 (Linux; Android 8.0.0; BAH2-L09) AppleWebKit/537.36 (KHTML, like Gecko) Chrome/91.0.4472.101 Safari/537.36"
79.12.56.212 - - [20/Jun/2021:21:33:02 +0200] "POST /module/newsletterpro/ajax HTTP/1.0" 200 519 "https://www.fuzion.it/lampade-alogene-12volt/502-bay15d-p215w-1157-alogene-super-white-pro-effetto-xenon-hid-fuzion.html" "Mozilla/5.0 (Linux; Android 8.0.0; BAH2-L09) AppleWebKit/537.36 (KHTML, like Gecko) Chrome/91.0.4472.101 Safari/537.36"
79.12.56.212 - - [20/Jun/2021:21:33:03 +0200] "POST /module/zonethememanager/getFinalDate HTTP/1.0" 200 775 "https://www.fuzion.it/lampade-alogene-12volt/502-bay15d-p215w-1157-alogene-super-white-pro-effetto-xenon-hid-fuzion.html" "Mozilla/5.0 (Linux; Android 8.0.0; BAH2-L09) AppleWebKit/537.36 (KHTML, like Gecko) Chrome/91.0.4472.101 Safari/537.36"
114.119.129.110 - - [20/Jun/2021:21:33:03 +0200] "GET /kit-pro-can-superlight-55w/257-973-kit-bi-xenon-h13-3-canbus-superlight-12v-55w-pro-quality-fuzion.html HTTP/1.0" 200 141106 "-" "Mozilla/5.0 (Linux; Android 7.0;) AppleWebKit/537.36 (KHTML, like Gecko) Mobile Safari/537.36 (compatible; PetalBot;+https://webmaster.petalsearch.com/site/petalbot)"
79.12.56.212 - - [20/Jun/2021:21:33:04 +0200] "POST /module/zonethememanager/categoryTree HTTP/1.0" 200 10897 "https://www.fuzion.it/lampade-alogene-12volt/502-bay15d-p215w-1157-alogene-super-white-pro-effetto-xenon-hid-fuzion.html" "Mozilla/5.0 (Linux; Android 8.0.0; BAH2-L09) AppleWebKit/537.36 (KHTML, like Gecko) Chrome/91.0.4472.101 Safari/537.36"
79.16.246.62 - - [20/Jun/2021:21:34:09 +0200] "GET /ordine HTTP/1.0" 200 71262 "https://www.fuzion.it/carrello?action=show" "Mozilla/5.0 (Macintosh; Intel Mac OS X 10_15_6) AppleWebKit/605.1.15 (KHTML, like Gecko) Version/14.0.3 Safari/605.1.15"
79.16.246.62 - - [20/Jun/2021:21:34:10 +0200] "POST /module/newsletterpro/ajax HTTP/1.0" 200 519 "https://www.fuzion.it/ordine" "Mozilla/5.0 (Macintosh; Intel Mac OS X 10_15_6) AppleWebKit/605.1.15 (KHTML, like Gecko) Version/14.0.3 Safari/605.1.15"
114.119.134.231 - - [20/Jun/2021:21:34:25 +0200] "GET /module/ws_productreviews/default?wsr_p=36 HTTP/1.0" 200 91938 "-" "Mozilla/5.0 (Linux; Android 7.0;) AppleWebKit/537.36 (KHTML, like Gecko) Mobile Safari/537.36 (compatible; PetalBot;+https://webmaster.petalsearch.com/site/petalbot)"
114.119.136.34 - - [20/Jun/2021:21:35:20 +0200] "GET /kit-pro-superlight-12v-55w/193-kit-xenon-h7-c-superlight-12v-55w-pro-quality-fuzion.html HTTP/1.0" 200 139494 "-" "Mozilla/5.0 (Linux; Android 7.0;) AppleWebKit/537.36 (KHTML, like Gecko) Mobile Safari/537.36 (compatible; PetalBot;+https://webmaster.petalsearch.com/site/petalbot)"
79.16.246.62 - - [20/Jun/2021:21:35:26 +0200] "POST /ordine HTTP/1.0" 302 3088 "https://www.fuzion.it/ordine" "Mozilla/5.0 (Macintosh; Intel Mac OS X 10_15_6) AppleWebKit/605.1.15 (KHTML, like Gecko) Version/14.0.3 Safari/605.1.15"
79.16.246.62 - - [20/Jun/2021:21:35:27 +0200] "GET /ordine HTTP/1.0" 200 106910 "https://www.fuzion.it/ordine" "Mozilla/5.0 (Macintosh; Intel Mac OS X 10_15_6) AppleWebKit/605.1.15 (KHTML, like Gecko) Version/14.0.3 Safari/605.1.15"
79.16.246.62 - - [20/Jun/2021:21:35:28 +0200] "POST /module/newsletterpro/ajax HTTP/1.0" 200 519 "https://www.fuzion.it/ordine" "Mozilla/5.0 (Macintosh; Intel Mac OS X 10_15_6) AppleWebKit/605.1.15 (KHTML, like Gecko) Version/14.0.3 Safari/605.1.15"
79.12.56.212 - - [20/Jun/2021:21:36:40 +0200] "GET /content/9-info-lampade-alogene?gclid=CjwKCAjwzruGBhBAEiwAUqMR8DBkKtOD_OUGD8FpJcObSKRPHyzfSHpkKDRRS_QJg2PjvskXOentvRoCDzsQAvD_BwE HTTP/1.0" 200 50898 "https://www.google.com/" "Mozilla/5.0 (Linux; Android 8.0.0; BAH2-L09) AppleWebKit/537.36 (KHTML, like Gecko) Chrome/91.0.4472.101 Safari/537.36"
79.12.56.212 - - [20/Jun/2021:21:36:42 +0200] "POST /module/newsletterpro/ajax HTTP/1.0" 200 519 "https://www.fuzion.it/content/9-info-lampade-alogene?gclid=CjwKCAjwzruGBhBAEiwAUqMR8DBkKtOD_OUGD8FpJcObSKRPHyzfSHpkKDRRS_QJg2PjvskXOentvRoCDzsQAvD_BwE" "Mozilla/5.0 (Linux; Android 8.0.0; BAH2-L09) AppleWebKit/537.36 (KHTML, like Gecko) Chrome/91.0.4472.101 Safari/537.36"
79.12.56.212 - - [20/Jun/2021:21:36:44 +0200] "POST /module/zonethememanager/categoryTree HTTP/1.0" 200 10897 "https://www.fuzion.it/content/9-info-lampade-alogene?gclid=CjwKCAjwzruGBhBAEiwAUqMR8DBkKtOD_OUGD8FpJcObSKRPHyzfSHpkKDRRS_QJg2PjvskXOentvRoCDzsQAvD_BwE" "Mozilla/5.0 (Linux; Android 8.0.0; BAH2-L09) AppleWebKit/537.36 (KHTML, like Gecko) Chrome/91.0.4472.101 Safari/537.36"
79.12.56.212 - - [20/Jun/2021:21:36:49 +0200] "GET /lampade-alogene-12volt/502-bay15d-p215w-1157-alogene-super-white-pro-effetto-xenon-hid-fuzion.html HTTP/1.0" 200 141099 "https://www.google.com/" "Mozilla/5.0 (Linux; Android 8.0.0; BAH2-L09) AppleWebKit/537.36 (KHTML, like Gecko) Chrome/91.0.4472.101 Safari/537.36"
79.12.56.212 - - [20/Jun/2021:21:36:50 +0200] "GET /1167-medium_default/bay15d-p215w-1157-alogene-super-white-pro-effetto-xenon-hid-fuzion.jpg HTTP/1.0" 200 38535 "https://www.fuzion.it/lampade-alogene-12volt/502-bay15d-p215w-1157-alogene-super-white-pro-effetto-xenon-hid-fuzion.html" "Mozilla/5.0 (Linux; Android 8.0.0; BAH2-L09) AppleWebKit/537.36 (KHTML, like Gecko) Chrome/91.0.4472.101 Safari/537.36"
79.12.56.212 - - [20/Jun/2021:21:36:50 +0200] "GET /2069-medium_default/bay15d-p215w-1157-alogene-super-white-pro-effetto-xenon-hid-fuzion.jpg HTTP/1.0" 200 45769 "https://www.fuzion.it/lampade-alogene-12volt/502-bay15d-p215w-1157-alogene-super-white-pro-effetto-xenon-hid-fuzion.html" "Mozilla/5.0 (Linux; Android 8.0.0; BAH2-L09) AppleWebKit/537.36 (KHTML, like Gecko) Chrome/91.0.4472.101 Safari/537.36"
79.12.56.212 - - [20/Jun/2021:21:36:50 +0200] "GET /2070-medium_default/bay15d-p215w-1157-alogene-super-white-pro-effetto-xenon-hid-fuzion.jpg HTTP/1.0" 200 45788 "https://www.fuzion.it/lampade-alogene-12volt/502-bay15d-p215w-1157-alogene-super-white-pro-effetto-xenon-hid-fuzion.html" "Mozilla/5.0 (Linux; Android 8.0.0; BAH2-L09) AppleWebKit/537.36 (KHTML, like Gecko) Chrome/91.0.4472.101 Safari/537.36"
79.12.56.212 - - [20/Jun/2021:21:36:51 +0200] "GET /2071-medium_default/bay15d-p215w-1157-alogene-super-white-pro-effetto-xenon-hid-fuzion.jpg HTTP/1.0" 200 48655 "https://www.fuzion.it/lampade-alogene-12volt/502-bay15d-p215w-1157-alogene-super-white-pro-effetto-xenon-hid-fuzion.html" "Mozilla/5.0 (Linux; Android 8.0.0; BAH2-L09) AppleWebKit/537.36 (KHTML, like Gecko) Chrome/91.0.4472.101 Safari/537.36"
79.12.56.212 - - [20/Jun/2021:21:36:51 +0200] "POST /module/newsletterpro/ajax HTTP/1.0" 200 519 "https://www.fuzion.it/lampade-alogene-12volt/502-bay15d-p215w-1157-alogene-super-white-pro-effetto-xenon-hid-fuzion.html" "Mozilla/5.0 (Linux; Android 8.0.0; BAH2-L09) AppleWebKit/537.36 (KHTML, like Gecko) Chrome/91.0.4472.101 Safari/537.36"
79.12.56.212 - - [20/Jun/2021:21:36:53 +0200] "POST /module/zonethememanager/getFinalDate HTTP/1.0" 200 775 "https://www.fuzion.it/lampade-alogene-12volt/502-bay15d-p215w-1157-alogene-super-white-pro-effetto-xenon-hid-fuzion.html" "Mozilla/5.0 (Linux; Android 8.0.0; BAH2-L09) AppleWebKit/537.36 (KHTML, like Gecko) Chrome/91.0.4472.101 Safari/537.36"
79.12.56.212 - - [20/Jun/2021:21:36:54 +0200] "POST /module/zonethememanager/categoryTree HTTP/1.0" 200 10897 "https://www.fuzion.it/lampade-alogene-12volt/502-bay15d-p215w-1157-alogene-super-white-pro-effetto-xenon-hid-fuzion.html" "Mozilla/5.0 (Linux; Android 8.0.0; BAH2-L09) AppleWebKit/537.36 (KHTML, like Gecko) Chrome/91.0.4472.101 Safari/537.36"
79.12.56.212 - - [20/Jun/2021:21:37:49 +0200] "POST /carrello HTTP/1.0" 200 15663 "https://www.fuzion.it/lampade-alogene-12volt/502-bay15d-p215w-1157-alogene-super-white-pro-effetto-xenon-hid-fuzion.html" "Mozilla/5.0 (Linux; Android 8.0.0; BAH2-L09) AppleWebKit/537.36 (KHTML, like Gecko) Chrome/91.0.4472.101 Safari/537.36"
79.12.56.212 - - [20/Jun/2021:21:37:50 +0200] "POST /module/ps_shoppingcart/ajax HTTP/1.0" 200 9721 "https://www.fuzion.it/lampade-alogene-12volt/502-bay15d-p215w-1157-alogene-super-white-pro-effetto-xenon-hid-fuzion.html" "Mozilla/5.0 (Linux; Android 8.0.0; BAH2-L09) AppleWebKit/537.36 (KHTML, like Gecko) Chrome/91.0.4472.101 Safari/537.36"
79.12.56.212 - - [20/Jun/2021:21:37:50 +0200] "GET /1169-cart_default/bay15d-p215w-1157-alogene-super-white-pro-effetto-xenon-hid-fuzion.jpg HTTP/1.0" 200 4893 "https://www.fuzion.it/lampade-alogene-12volt/502-bay15d-p215w-1157-alogene-super-white-pro-effetto-xenon-hid-fuzion.html" "Mozilla/5.0 (Linux; Android 8.0.0; BAH2-L09) AppleWebKit/537.36 (KHTML, like Gecko) Chrome/91.0.4472.101 Safari/537.36"
79.12.56.212 - - [20/Jun/2021:21:37:50 +0200] "POST /index.php?controller=product&token=f5c6323f1323d8b9782b800f0f78b14a&id_product=502&id_customization=0&qty=1 HTTP/1.0" 200 56385 "https://www.fuzion.it/lampade-alogene-12volt/502-bay15d-p215w-1157-alogene-super-white-pro-effetto-xenon-hid-fuzion.html" "Mozilla/5.0 (Linux; Android 8.0.0; BAH2-L09) AppleWebKit/537.36 (KHTML, like Gecko) Chrome/91.0.4472.101 Safari/537.36"
79.12.56.212 - - [20/Jun/2021:21:37:51 +0200] "GET /modules/estimatedshipping/ajax.php?ajax=true&action=escarrier&cid=10&carrier=49&pid=502&qty=1&ipa=0&token=718c76b9519a43f1afe20f3d693c31a5 HTTP/1.0" 200 409 "https://www.fuzion.it/lampade-alogene-12volt/502-bay15d-p215w-1157-alogene-super-white-pro-effetto-xenon-hid-fuzion.html" "Mozilla/5.0 (Linux; Android 8.0.0; BAH2-L09) AppleWebKit/537.36 (KHTML, like Gecko) Chrome/91.0.4472.101 Safari/537.36"
79.12.56.212 - - [20/Jun/2021:21:37:57 +0200] "GET /carrello?action=show HTTP/1.0" 200 74083 "https://www.fuzion.it/lampade-alogene-12volt/502-bay15d-p215w-1157-alogene-super-white-pro-effetto-xenon-hid-fuzion.html" "Mozilla/5.0 (Linux; Android 8.0.0; BAH2-L09) AppleWebKit/537.36 (KHTML, like Gecko) Chrome/91.0.4472.101 Safari/537.36"
79.12.56.212 - - [20/Jun/2021:21:37:58 +0200] "POST /module/newsletterpro/ajax HTTP/1.0" 200 519 "https://www.fuzion.it/carrello?action=show" "Mozilla/5.0 (Linux; Android 8.0.0; BAH2-L09) AppleWebKit/537.36 (KHTML, like Gecko) Chrome/91.0.4472.101 Safari/537.36"
79.12.56.212 - - [20/Jun/2021:21:38:00 +0200] "POST /module/zonethememanager/categoryTree HTTP/1.0" 200 10897 "https://www.fuzion.it/carrello?action=show" "Mozilla/5.0 (Linux; Android 8.0.0; BAH2-L09) AppleWebKit/537.36 (KHTML, like Gecko) Chrome/91.0.4472.101 Safari/537.36"
157.55.39.75 - - [20/Jun/2021:21:38:04 +0200] "GET /lampadine-led-interneesterne/708-lampade-siluro-c5w-c10w-plafoniera-targa-1-led-canbus-pro-power-fuzion.html HTTP/1.0" 301 490 "-" "Mozilla/5.0 (compatible; bingbot/2.0; +http://www.bing.com/bingbot.htm)"
79.12.56.212 - - [20/Jun/2021:21:38:16 +0200] "GET /ordine HTTP/1.0" 200 69607 "https://www.fuzion.it/carrello?action=show" "Mozilla/5.0 (Linux; Android 8.0.0; BAH2-L09) AppleWebKit/537.36 (KHTML, like Gecko) Chrome/91.0.4472.101 Safari/537.36"
79.12.56.212 - - [20/Jun/2021:21:38:18 +0200] "POST /module/newsletterpro/ajax HTTP/1.0" 200 519 "https://www.fuzion.it/ordine" "Mozilla/5.0 (Linux; Android 8.0.0; BAH2-L09) AppleWebKit/537.36 (KHTML, like Gecko) Chrome/91.0.4472.101 Safari/537.36"
66.249.89.200 - - [20/Jun/2021:21:38:25 +0200] "GET /ricambi-xenon-auto-professionali/386-kit-ricambio-lampade-xenon-d2s-oem-xenpro-fuzion-pro-quality.html HTTP/1.0" 200 161871 "-" "Mozilla/5.0 (iPhone; CPU iPhone OS 9_1 like Mac OS X) AppleWebKit/601.1.46 (KHTML, like Gecko) Version/9.0 Mobile/13B143 Safari/601.1 (compatible; AdsBot-Google-Mobile; +http://www.google.com/mobile/adsbot.html)"
79.16.246.62 - - [20/Jun/2021:21:38:52 +0200] "POST /ordine?id_address=0 HTTP/1.0" 302 476 "https://www.fuzion.it/ordine" "Mozilla/5.0 (Macintosh; Intel Mac OS X 10_15_6) AppleWebKit/605.1.15 (KHTML, like Gecko) Version/14.0.3 Safari/605.1.15"
79.16.246.62 - - [20/Jun/2021:21:38:52 +0200] "GET /ordine HTTP/1.0" 200 81254 "https://www.fuzion.it/ordine" "Mozilla/5.0 (Macintosh; Intel Mac OS X 10_15_6) AppleWebKit/605.1.15 (KHTML, like Gecko) Version/14.0.3 Safari/605.1.15"
79.16.246.62 - - [20/Jun/2021:21:38:53 +0200] "POST /module/insuredshipping/ajax?action=readState HTTP/1.0" 200 373 "https://www.fuzion.it/ordine" "Mozilla/5.0 (Macintosh; Intel Mac OS X 10_15_6) AppleWebKit/605.1.15 (KHTML, like Gecko) Version/14.0.3 Safari/605.1.15"
79.16.246.62 - - [20/Jun/2021:21:38:53 +0200] "POST /module/newsletterpro/ajax HTTP/1.0" 200 519 "https://www.fuzion.it/ordine" "Mozilla/5.0 (Macintosh; Intel Mac OS X 10_15_6) AppleWebKit/605.1.15 (KHTML, like Gecko) Version/14.0.3 Safari/605.1.15"
79.16.246.62 - - [20/Jun/2021:21:39:14 +0200] "POST /ordine HTTP/1.0" 302 476 "https://www.fuzion.it/ordine" "Mozilla/5.0 (Macintosh; Intel Mac OS X 10_15_6) AppleWebKit/605.1.15 (KHTML, like Gecko) Version/14.0.3 Safari/605.1.15"
79.16.246.62 - - [20/Jun/2021:21:39:14 +0200] "GET /ordine HTTP/1.0" 200 117979 "https://www.fuzion.it/ordine" "Mozilla/5.0 (Macintosh; Intel Mac OS X 10_15_6) AppleWebKit/605.1.15 (KHTML, like Gecko) Version/14.0.3 Safari/605.1.15"
79.16.246.62 - - [20/Jun/2021:21:39:15 +0200] "POST /module/insuredshipping/ajax?action=readState HTTP/1.0" 200 373 "https://www.fuzion.it/ordine" "Mozilla/5.0 (Macintosh; Intel Mac OS X 10_15_6) AppleWebKit/605.1.15 (KHTML, like Gecko) Version/14.0.3 Safari/605.1.15"
79.16.246.62 - - [20/Jun/2021:21:39:15 +0200] "POST /module/newsletterpro/ajax HTTP/1.0" 200 519 "https://www.fuzion.it/ordine" "Mozilla/5.0 (Macintosh; Intel Mac OS X 10_15_6) AppleWebKit/605.1.15 (KHTML, like Gecko) Version/14.0.3 Safari/605.1.15"
79.16.246.62 - - [20/Jun/2021:21:39:15 +0200] "GET /module/ps_checkout/token HTTP/1.0" 200 1016 "https://www.fuzion.it/ordine" "Mozilla/5.0 (Macintosh; Intel Mac OS X 10_15_6) AppleWebKit/605.1.15 (KHTML, like Gecko) Version/14.0.3 Safari/605.1.15"
114.119.140.56 - - [20/Jun/2021:21:39:23 +0200] "GET /kit-xenon-moto-slim-digital-64bit-35w/278-kit-xenon-moto-h7-slim-digital-64bit-35w-alta-qualita-.html HTTP/1.0" 200 141139 "-" "Mozilla/5.0 (Linux; Android 7.0;) AppleWebKit/537.36 (KHTML, like Gecko) Mobile Safari/537.36 (compatible; PetalBot;+https://webmaster.petalsearch.com/site/petalbot)"
79.12.56.212 - - [20/Jun/2021:21:39:40 +0200] "POST /ordine HTTP/1.0" 302 2788 "https://www.fuzion.it/ordine" "Mozilla/5.0 (Linux; Android 8.0.0; BAH2-L09) AppleWebKit/537.36 (KHTML, like Gecko) Chrome/91.0.4472.101 Safari/537.36"
79.16.246.62 - - [20/Jun/2021:21:39:41 +0200] "POST /module/ps_checkout/create HTTP/1.0" 200 551 "https://www.fuzion.it/ordine" "Mozilla/5.0 (Macintosh; Intel Mac OS X 10_15_6) AppleWebKit/605.1.15 (KHTML, like Gecko) Version/14.0.3 Safari/605.1.15"
79.12.56.212 - - [20/Jun/2021:21:39:48 +0200] "GET /ordine HTTP/1.0" 200 91726 "https://www.fuzion.it/ordine" "Mozilla/5.0 (Linux; Android 8.0.0; BAH2-L09) AppleWebKit/537.36 (KHTML, like Gecko) Chrome/91.0.4472.101 Safari/537.36"
79.12.56.212 - - [20/Jun/2021:21:39:51 +0200] "POST /module/newsletterpro/ajax HTTP/1.0" 200 519 "https://www.fuzion.it/ordine" "Mozilla/5.0 (Linux; Android 8.0.0; BAH2-L09) AppleWebKit/537.36 (KHTML, like Gecko) Chrome/91.0.4472.101 Safari/537.36"
5.168.138.74 - - [20/Jun/2021:21:40:01 +0200] "GET /module/newsletterpro/api?action=openedEmail&token=b1bea600d7f8a5312bae42ecdb85343c&email=ghelfi.carlo@alice.it HTTP/1.0" 200 1610 "-" "Mozilla/5.0 (iPhone; CPU iPhone OS 14_6 like Mac OS X) AppleWebKit/605.1.15 (KHTML, like Gecko) Mobile/15E148"
66.249.89.204 - - [20/Jun/2021:21:40:02 +0200] "GET /kit-xenon-canbus-64bit-55w/146-kit-xenon-h7-canbus-64bit-55w-alta-qualita-.html HTTP/1.0" 200 139643 "-" "Mozilla/5.0 (iPhone; CPU iPhone OS 9_1 like Mac OS X) AppleWebKit/601.1.46 (KHTML, like Gecko) Version/9.0 Mobile/13B143 Safari/601.1 (compatible; AdsBot-Google-Mobile; +http://www.google.com/mobile/adsbot.html)"
66.249.89.204 - - [20/Jun/2021:21:40:03 +0200] "GET /162-ricambi-xenon-veicoli-24volt-pro HTTP/1.0" 200 174839 "-" "Mozilla/5.0 (iPhone; CPU iPhone OS 9_1 like Mac OS X) AppleWebKit/601.1.46 (KHTML, like Gecko) Version/9.0 Mobile/13B143 Safari/601.1 (compatible; AdsBot-Google-Mobile; +http://www.google.com/mobile/adsbot.html)"
66.249.89.204 - - [20/Jun/2021:21:40:04 +0200] "GET /kit-xenon-canbus-64bit-55w/146-kit-xenon-h7-canbus-64bit-55w-alta-qualita-.html HTTP/1.0" 200 139643 "-" "Mozilla/5.0 (iPhone; CPU iPhone OS 9_1 like Mac OS X) AppleWebKit/601.1.46 (KHTML, like Gecko) Version/9.0 Mobile/13B143 Safari/601.1 (compatible; AdsBot-Google-Mobile; +http://www.google.com/mobile/adsbot.html)"
114.119.145.79 - - [20/Jun/2021:21:40:15 +0200] "GET /2-categorie?q=Categorie-KIT%2BXENON%2BCANBUS%2B64BIT%2B55W&page=23 HTTP/1.0" 200 184235 "-" "Mozilla/5.0 (Linux; Android 7.0;) AppleWebKit/537.36 (KHTML, like Gecko) Mobile Safari/537.36 (compatible; PetalBot;+https://webmaster.petalsearch.com/site/petalbot)"
5.168.138.74 - - [20/Jun/2021:21:40:17 +0200] "GET /module/newsletterpro/api?action=openedEmail&token=b1bea600d7f8a5312bae42ecdb85343c&email=ghelfi.carlo@alice.it HTTP/1.0" 200 1610 "-" "Mozilla/5.0 (iPhone; CPU iPhone OS 14_6 like Mac OS X) AppleWebKit/605.1.15 (KHTML, like Gecko) Mobile/15E148"
5.168.138.74 - - [20/Jun/2021:21:40:18 +0200] "GET /module/newsletterpro/api?action=openedEmail&token=b1bea600d7f8a5312bae42ecdb85343c&email=ghelfi.carlo@alice.it HTTP/1.0" 200 1610 "-" "Mozilla/5.0 (iPhone; CPU iPhone OS 14_6 like Mac OS X) AppleWebKit/605.1.15 (KHTML, like Gecko) Mobile/15E148"
66.135.195.17 - - [20/Jun/2021:21:40:23 +0200] "GET /2425/ebayfa12f0d.jpg HTTP/1.0" 200 255471 "http://www.ebay.com/" "Mozilla/4.0 (compatible; MSIE 4.01; Windows NT)"
66.135.195.20 - - [20/Jun/2021:21:40:23 +0200] "GET /1331/ebay9167a06.jpg HTTP/1.0" 200 60064 "http://www.ebay.com/" "Mozilla/4.0 (compatible; MSIE 4.01; Windows NT)"
66.135.195.17 - - [20/Jun/2021:21:40:23 +0200] "GET /1332/ebay16089f4.jpg HTTP/1.0" 200 78216 "http://www.ebay.com/" "Mozilla/4.0 (compatible; MSIE 4.01; Windows NT)"
79.16.246.62 - - [20/Jun/2021:21:40:15 +0200] "POST /module/ps_checkout/validate HTTP/1.0" 200 720 "https://www.fuzion.it/ordine" "Mozilla/5.0 (Macintosh; Intel Mac OS X 10_15_6) AppleWebKit/605.1.15 (KHTML, like Gecko) Version/14.0.3 Safari/605.1.15"
66.135.195.16 - - [20/Jun/2021:21:40:23 +0200] "GET /2422/ebay5e7392e.jpg HTTP/1.0" 200 309799 "http://www.ebay.com/" "Mozilla/4.0 (compatible; MSIE 4.01; Windows NT)"
66.135.195.16 - - [20/Jun/2021:21:40:23 +0200] "GET /2421/ebay9fdc610.jpg HTTP/1.0" 200 499540 "http://www.ebay.com/" "Mozilla/4.0 (compatible; MSIE 4.01; Windows NT)"
66.135.195.18 - - [20/Jun/2021:21:40:23 +0200] "GET /2424/ebaydc89340.jpg HTTP/1.0" 200 465539 "http://www.ebay.com/" "Mozilla/4.0 (compatible; MSIE 4.01; Windows NT)"
66.135.195.19 - - [20/Jun/2021:21:40:23 +0200] "GET /2423/ebayae1556f.jpg HTTP/1.0" 200 403363 "http://www.ebay.com/" "Mozilla/4.0 (compatible; MSIE 4.01; Windows NT)"
79.16.246.62 - - [20/Jun/2021:21:40:23 +0200] "GET /conferma-ordine?id_cart=5165&id_module=112&id_order=1649&key=59dfa7a5b993e542dda15bd3fa6313a1&paypal_order=1N89801309972334F&paypal_transaction=40011766J0412531L HTTP/1.0" 200 67078 "https://www.fuzion.it/ordine" "Mozilla/5.0 (Macintosh; Intel Mac OS X 10_15_6) AppleWebKit/605.1.15 (KHTML, like Gecko) Version/14.0.3 Safari/605.1.15"
79.16.246.62 - - [20/Jun/2021:21:40:24 +0200] "POST /module/newsletterpro/ajax HTTP/1.0" 200 519 "https://www.fuzion.it/conferma-ordine?id_cart=5165&id_module=112&id_order=1649&key=59dfa7a5b993e542dda15bd3fa6313a1&paypal_order=1N89801309972334F&paypal_transaction=40011766J0412531L" "Mozilla/5.0 (Macintosh; Intel Mac OS X 10_15_6) AppleWebKit/605.1.15 (KHTML, like Gecko) Version/14.0.3 Safari/605.1.15"
79.16.246.62 - - [20/Jun/2021:21:40:24 +0200] "GET /module/ps_googleanalytics/ajax?orderid=1649&customer=10463 HTTP/1.0" 200 433 "https://www.fuzion.it/conferma-ordine?id_cart=5165&id_module=112&id_order=1649&key=59dfa7a5b993e542dda15bd3fa6313a1&paypal_order=1N89801309972334F&paypal_transaction=40011766J0412531L" "Mozilla/5.0 (Macintosh; Intel Mac OS X 10_15_6) AppleWebKit/605.1.15 (KHTML, like Gecko) Version/14.0.3 Safari/605.1.15"
79.16.246.62 - - [20/Jun/2021:21:40:25 +0200] "POST /module/zonemegamenu/menuDropdownContent HTTP/1.0" 200 479 "https://www.fuzion.it/conferma-ordine?id_cart=5165&id_module=112&id_order=1649&key=59dfa7a5b993e542dda15bd3fa6313a1&paypal_order=1N89801309972334F&paypal_transaction=40011766J0412531L" "Mozilla/5.0 (Macintosh; Intel Mac OS X 10_15_6) AppleWebKit/605.1.15 (KHTML, like Gecko) Version/14.0.3 Safari/605.1.15"
79.16.246.62 - - [20/Jun/2021:21:40:26 +0200] "POST /module/zonethememanager/categoryTree HTTP/1.0" 200 10897 "https://www.fuzion.it/conferma-ordine?id_cart=5165&id_module=112&id_order=1649&key=59dfa7a5b993e542dda15bd3fa6313a1&paypal_order=1N89801309972334F&paypal_transaction=40011766J0412531L" "Mozilla/5.0 (Macintosh; Intel Mac OS X 10_15_6) AppleWebKit/605.1.15 (KHTML, like Gecko) Version/14.0.3 Safari/605.1.15"
35.195.228.149 - - [20/Jun/2021:21:40:27 +0200] "POST /module/ps_checkout/DispatchWebHook HTTP/1.0" 200 911 "-" "-"
35.195.228.149 - - [20/Jun/2021:21:41:05 +0200] "POST /module/ps_checkout/DispatchWebHook HTTP/1.0" 200 911 "-" "-"
79.12.56.212 - - [20/Jun/2021:21:41:12 +0200] "POST /ordine?id_address=0 HTTP/1.0" 302 476 "https://www.fuzion.it/ordine" "Mozilla/5.0 (Linux; Android 8.0.0; BAH2-L09) AppleWebKit/537.36 (KHTML, like Gecko) Chrome/91.0.4472.101 Safari/537.36"
79.12.56.212 - - [20/Jun/2021:21:41:12 +0200] "GET /ordine HTTP/1.0" 200 66686 "https://www.fuzion.it/ordine" "Mozilla/5.0 (Linux; Android 8.0.0; BAH2-L09) AppleWebKit/537.36 (KHTML, like Gecko) Chrome/91.0.4472.101 Safari/537.36"
79.12.56.212 - - [20/Jun/2021:21:41:15 +0200] "POST /module/insuredshipping/ajax?action=readState HTTP/1.0" 200 373 "https://www.fuzion.it/ordine" "Mozilla/5.0 (Linux; Android 8.0.0; BAH2-L09) AppleWebKit/537.36 (KHTML, like Gecko) Chrome/91.0.4472.101 Safari/537.36"
79.12.56.212 - - [20/Jun/2021:21:41:16 +0200] "POST /module/newsletterpro/ajax HTTP/1.0" 200 519 "https://www.fuzion.it/ordine" "Mozilla/5.0 (Linux; Android 8.0.0; BAH2-L09) AppleWebKit/537.36 (KHTML, like Gecko) Chrome/91.0.4472.101 Safari/537.36"
114.119.129.208 - - [20/Jun/2021:21:41:25 +0200] "GET /2-categorie?q=Categorie-KIT%2BLED%2BPER%2BAUTO%2BALTA%2BQUALITA%27&page=18 HTTP/1.0" 200 183600 "-" "Mozilla/5.0 (Linux; Android 7.0;) AppleWebKit/537.36 (KHTML, like Gecko) Mobile Safari/537.36 (compatible; PetalBot;+https://webmaster.petalsearch.com/site/petalbot)"
79.12.56.212 - - [20/Jun/2021:21:41:34 +0200] "POST /ordine HTTP/1.0" 302 476 "https://www.fuzion.it/ordine" "Mozilla/5.0 (Linux; Android 8.0.0; BAH2-L09) AppleWebKit/537.36 (KHTML, like Gecko) Chrome/91.0.4472.101 Safari/537.36"
79.12.56.212 - - [20/Jun/2021:21:41:34 +0200] "GET /ordine HTTP/1.0" 200 99529 "https://www.fuzion.it/ordine" "Mozilla/5.0 (Linux; Android 8.0.0; BAH2-L09) AppleWebKit/537.36 (KHTML, like Gecko) Chrome/91.0.4472.101 Safari/537.36"
79.12.56.212 - - [20/Jun/2021:21:41:52 +0200] "POST /module/insuredshipping/ajax?action=readState HTTP/1.0" 200 373 "https://www.fuzion.it/ordine" "Mozilla/5.0 (Linux; Android 8.0.0; BAH2-L09) AppleWebKit/537.36 (KHTML, like Gecko) Chrome/91.0.4472.101 Safari/537.36"
79.12.56.212 - - [20/Jun/2021:21:41:52 +0200] "POST /module/newsletterpro/ajax HTTP/1.0" 200 519 "https://www.fuzion.it/ordine" "Mozilla/5.0 (Linux; Android 8.0.0; BAH2-L09) AppleWebKit/537.36 (KHTML, like Gecko) Chrome/91.0.4472.101 Safari/537.36"
79.12.56.212 - - [20/Jun/2021:21:41:52 +0200] "GET /module/ps_checkout/token HTTP/1.0" 200 1016 "https://www.fuzion.it/ordine" "Mozilla/5.0 (Linux; Android 8.0.0; BAH2-L09) AppleWebKit/537.36 (KHTML, like Gecko) Chrome/91.0.4472.101 Safari/537.36"
79.12.56.212 - - [20/Jun/2021:21:42:21 +0200] "POST /module/ps_checkout/create HTTP/1.0" 200 551 "https://www.fuzion.it/ordine" "Mozilla/5.0 (Linux; Android 8.0.0; BAH2-L09) AppleWebKit/537.36 (KHTML, like Gecko) Chrome/91.0.4472.101 Safari/537.36"
66.249.93.114 - - [20/Jun/2021:21:42:24 +0200] "GET / HTTP/1.0" 200 390577 "-" "Mozilla/5.0 (X11; Linux x86_64) AppleWebKit/537.36 (KHTML, like Gecko) Chrome/49.0.2623.75 Safari/537.36 Google Favicon"
66.249.89.200 - - [20/Jun/2021:21:42:26 +0200] "GET /kit-led-moto-professionali/615-hb3-9005-kit-led-matrix-moto-50w-canbus-pro-fuzion.html HTTP/1.0" 200 149809 "-" "Mozilla/5.0 (iPhone; CPU iPhone OS 9_1 like Mac OS X) AppleWebKit/601.1.46 (KHTML, like Gecko) Version/9.0 Mobile/13B143 Safari/601.1 (compatible; AdsBot-Google-Mobile; +http://www.google.com/mobile/adsbot.html)"
66.249.89.200 - - [20/Jun/2021:21:42:28 +0200] "POST /module/newsletterpro/ajax HTTP/1.0" 200 519 "https://www.fuzion.it/led-interni-esterni-1224v/557-lampade-h16-5202-18-led-canbus-fuzion.html" "AdsBot-Google (+http://www.google.com/adsbot.html)"
66.249.89.200 - - [20/Jun/2021:21:42:29 +0200] "POST /module/zonethememanager/getFinalDate HTTP/1.0" 200 775 "https://www.fuzion.it/led-interni-esterni-1224v/557-lampade-h16-5202-18-led-canbus-fuzion.html" "AdsBot-Google (+http://www.google.com/adsbot.html)"
66.249.89.200 - - [20/Jun/2021:21:42:30 +0200] "POST /module/zonemegamenu/menuDropdownContent HTTP/1.0" 200 479 "https://www.fuzion.it/led-interni-esterni-1224v/557-lampade-h16-5202-18-led-canbus-fuzion.html" "AdsBot-Google (+http://www.google.com/adsbot.html)"
66.249.89.200 - - [20/Jun/2021:21:42:31 +0200] "POST /module/zonethememanager/categoryTree HTTP/1.0" 200 10897 "https://www.fuzion.it/led-interni-esterni-1224v/557-lampade-h16-5202-18-led-canbus-fuzion.html" "AdsBot-Google (+http://www.google.com/adsbot.html)"
79.16.246.62 - - [20/Jun/2021:21:42:41 +0200] "GET /ordine HTTP/1.0" 302 368 "https://www.fuzion.it/ordine" "Mozilla/5.0 (Macintosh; Intel Mac OS X 10_15_6) AppleWebKit/605.1.15 (KHTML, like Gecko) Version/14.0.3 Safari/605.1.15"
79.16.246.62 - - [20/Jun/2021:21:42:41 +0200] "GET /carrello HTTP/1.0" 503 8687 "https://www.fuzion.it/ordine" "Mozilla/5.0 (Macintosh; Intel Mac OS X 10_15_6) AppleWebKit/605.1.15 (KHTML, like Gecko) Version/14.0.3 Safari/605.1.15"
79.16.246.62 - - [20/Jun/2021:21:42:41 +0200] "GET /ordine HTTP/1.0" 302 368 "https://www.fuzion.it/ordine" "Mozilla/5.0 (Macintosh; Intel Mac OS X 10_15_6) AppleWebKit/605.1.15 (KHTML, like Gecko) Version/14.0.3 Safari/605.1.15"
79.16.246.62 - - [20/Jun/2021:21:42:42 +0200] "GET /ordine HTTP/1.0" 302 368 "https://www.fuzion.it/ordine" "Mozilla/5.0 (Macintosh; Intel Mac OS X 10_15_6) AppleWebKit/605.1.15 (KHTML, like Gecko) Version/14.0.3 Safari/605.1.15"
79.16.246.62 - - [20/Jun/2021:21:42:42 +0200] "GET /ordine HTTP/1.0" 302 368 "https://www.fuzion.it/carrello?action=show" "Mozilla/5.0 (Macintosh; Intel Mac OS X 10_15_6) AppleWebKit/605.1.15 (KHTML, like Gecko) Version/14.0.3 Safari/605.1.15"
79.16.246.62 - - [20/Jun/2021:21:42:42 +0200] "GET /carrello HTTP/1.0" 200 49560 "https://www.fuzion.it/carrello?action=show" "Mozilla/5.0 (Macintosh; Intel Mac OS X 10_15_6) AppleWebKit/605.1.15 (KHTML, like Gecko) Version/14.0.3 Safari/605.1.15"
79.16.246.62 - - [20/Jun/2021:21:42:43 +0200] "POST /module/newsletterpro/ajax HTTP/1.0" 200 519 "https://www.fuzion.it/carrello" "Mozilla/5.0 (Macintosh; Intel Mac OS X 10_15_6) AppleWebKit/605.1.15 (KHTML, like Gecko) Version/14.0.3 Safari/605.1.15"
79.16.246.62 - - [20/Jun/2021:21:42:44 +0200] "POST /module/zonemegamenu/menuDropdownContent HTTP/1.0" 200 479 "https://www.fuzion.it/carrello" "Mozilla/5.0 (Macintosh; Intel Mac OS X 10_15_6) AppleWebKit/605.1.15 (KHTML, like Gecko) Version/14.0.3 Safari/605.1.15"
79.16.246.62 - - [20/Jun/2021:21:42:44 +0200] "POST /module/zonethememanager/categoryTree HTTP/1.0" 200 10897 "https://www.fuzion.it/carrello" "Mozilla/5.0 (Macintosh; Intel Mac OS X 10_15_6) AppleWebKit/605.1.15 (KHTML, like Gecko) Version/14.0.3 Safari/605.1.15"
185.191.171.17 - - [20/Jun/2021:21:43:12 +0200] "GET /kit-xenon-slim-digital-64bit-35w/110-kit-xenon-h1-slim-digital-64bit-35w-alta-qualita-.html HTTP/1.0" 200 139153 "-" "Mozilla/5.0 (compatible; SemrushBot/7~bl; +http://www.semrush.com/bot.html)"
66.249.89.200 - - [20/Jun/2021:21:43:24 +0200] "POST /module/zonethememanager/categoryTree HTTP/1.0" 200 10897 "https://www.fuzion.it/ricambi-xenon-auto-alta-qualita-/331-kit-ricambio-lampade-xenon-h4-2-35w-alta-qualita-.html" "Mozilla/5.0 (iPhone; CPU iPhone OS 9_1 like Mac OS X) AppleWebKit/601.1.46 (KHTML, like Gecko) Version/9.0 Mobile/13B143 Safari/601.1 (compatible; AdsBot-Google-Mobile; +http://www.google.com/mobile/adsbot.html)"
114.119.148.208 - - [20/Jun/2021:21:44:00 +0200] "GET /2-categorie?q=Categorie-KIT%2BXENON%2BSLIM%2BDIGITAL%2B64BIT%2B55W&page=39 HTTP/1.0" 200 184042 "-" "Mozilla/5.0 (Linux; Android 7.0;) AppleWebKit/537.36 (KHTML, like Gecko) Mobile Safari/537.36 (compatible; PetalBot;+https://webmaster.petalsearch.com/site/petalbot)"
66.135.202.72 - - [20/Jun/2021:21:44:21 +0200] "GET /1167/ebay752faa5.jpg HTTP/1.0" 200 103588 "http://www.ebay.com/" "Mozilla/4.0 (compatible; MSIE 4.01; Windows NT)"
66.135.202.73 - - [20/Jun/2021:21:44:21 +0200] "GET /1169/ebay829ff61.jpg HTTP/1.0" 200 64574 "http://www.ebay.com/" "Mozilla/4.0 (compatible; MSIE 4.01; Windows NT)"
66.135.202.72 - - [20/Jun/2021:21:44:21 +0200] "GET /2069/ebayceb4b17.jpg HTTP/1.0" 200 114491 "http://www.ebay.com/" "Mozilla/4.0 (compatible; MSIE 4.01; Windows NT)"
66.135.202.75 - - [20/Jun/2021:21:44:22 +0200] "GET /2070/ebaye6e32bb.jpg HTTP/1.0" 200 119629 "http://www.ebay.com/" "Mozilla/4.0 (compatible; MSIE 4.01; Windows NT)"
66.135.202.71 - - [20/Jun/2021:21:44:22 +0200] "GET /2071/ebaycc602c4.jpg HTTP/1.0" 200 129451 "http://www.ebay.com/" "Mozilla/4.0 (compatible; MSIE 4.01; Windows NT)"
79.12.56.212 - - [20/Jun/2021:21:44:14 +0200] "POST /module/ps_checkout/validate HTTP/1.0" 200 720 "https://www.fuzion.it/ordine" "Mozilla/5.0 (Linux; Android 8.0.0; BAH2-L09) AppleWebKit/537.36 (KHTML, like Gecko) Chrome/91.0.4472.101 Safari/537.36"
79.12.56.212 - - [20/Jun/2021:21:44:22 +0200] "GET /conferma-ordine?id_cart=5178&id_module=112&id_order=1650&key=42b1749304a82290e34cc4ac3d6622be&paypal_order=983098974T0309843&paypal_transaction=8FW0406257251470G HTTP/1.0" 200 53396 "https://www.fuzion.it/ordine" "Mozilla/5.0 (Linux; Android 8.0.0; BAH2-L09) AppleWebKit/537.36 (KHTML, like Gecko) Chrome/91.0.4472.101 Safari/537.36"
79.12.56.212 - - [20/Jun/2021:21:44:24 +0200] "POST /module/newsletterpro/ajax HTTP/1.0" 200 519 "https://www.fuzion.it/conferma-ordine?id_cart=5178&id_module=112&id_order=1650&key=42b1749304a82290e34cc4ac3d6622be&paypal_order=983098974T0309843&paypal_transaction=8FW0406257251470G" "Mozilla/5.0 (Linux; Android 8.0.0; BAH2-L09) AppleWebKit/537.36 (KHTML, like Gecko) Chrome/91.0.4472.101 Safari/537.36"
79.12.56.212 - - [20/Jun/2021:21:44:25 +0200] "GET /module/ps_googleanalytics/ajax?orderid=1650&customer=10464 HTTP/1.0" 200 433 "https://www.fuzion.it/conferma-ordine?id_cart=5178&id_module=112&id_order=1650&key=42b1749304a82290e34cc4ac3d6622be&paypal_order=983098974T0309843&paypal_transaction=8FW0406257251470G" "Mozilla/5.0 (Linux; Android 8.0.0; BAH2-L09) AppleWebKit/537.36 (KHTML, like Gecko) Chrome/91.0.4472.101 Safari/537.36"
79.12.56.212 - - [20/Jun/2021:21:44:26 +0200] "POST /module/zonethememanager/categoryTree HTTP/1.0" 200 10897 "https://www.fuzion.it/conferma-ordine?id_cart=5178&id_module=112&id_order=1650&key=42b1749304a82290e34cc4ac3d6622be&paypal_order=983098974T0309843&paypal_transaction=8FW0406257251470G" "Mozilla/5.0 (Linux; Android 8.0.0; BAH2-L09) AppleWebKit/537.36 (KHTML, like Gecko) Chrome/91.0.4472.101 Safari/537.36"
151.57.17.146 - - [20/Jun/2021:21:44:26 +0200] "GET /kit-sensori-di-parcheggio/510-1664-kit-4-sensori-di-parcheggio-con-cicalino-pro-fuzion.html?gclid=CjwKCAjwzruGBhBAEiwAUqMR8BST0H-I1J8HfHxuFJcsDuoR3F3WdSYiLXQLl0KXvuqoE1mliJmiXxoCZTMQAvD_BwE HTTP/1.0" 200 179092 "https://www.google.com/" "Mozilla/5.0 (Linux; Android 8.0.0; PRA-LX1) AppleWebKit/537.36 (KHTML, like Gecko) Chrome/70.0.3538.110 Mobile Safari/537.36"
151.57.17.146 - - [20/Jun/2021:21:44:27 +0200] "GET /1202-medium_default/kit-4-sensori-di-parcheggio-con-cicalino-pro-fuzion.jpg HTTP/1.0" 200 34393 "https://www.fuzion.it/kit-sensori-di-parcheggio/510-1664-kit-4-sensori-di-parcheggio-con-cicalino-pro-fuzion.html?gclid=CjwKCAjwzruGBhBAEiwAUqMR8BST0H-I1J8HfHxuFJcsDuoR3F3WdSYiLXQLl0KXvuqoE1mliJmiXxoCZTMQAvD_BwE" "Mozilla/5.0 (Linux; Android 8.0.0; PRA-LX1) AppleWebKit/537.36 (KHTML, like Gecko) Chrome/70.0.3538.110 Mobile Safari/537.36"
151.57.17.146 - - [20/Jun/2021:21:44:27 +0200] "GET /1206-medium_default/kit-4-sensori-di-parcheggio-con-cicalino-pro-fuzion.jpg HTTP/1.0" 200 27088 "https://www.fuzion.it/kit-sensori-di-parcheggio/510-1664-kit-4-sensori-di-parcheggio-con-cicalino-pro-fuzion.html?gclid=CjwKCAjwzruGBhBAEiwAUqMR8BST0H-I1J8HfHxuFJcsDuoR3F3WdSYiLXQLl0KXvuqoE1mliJmiXxoCZTMQAvD_BwE" "Mozilla/5.0 (Linux; Android 8.0.0; PRA-LX1) AppleWebKit/537.36 (KHTML, like Gecko) Chrome/70.0.3538.110 Mobile Safari/537.36"
151.57.17.146 - - [20/Jun/2021:21:44:28 +0200] "GET /1204-medium_default/kit-4-sensori-di-parcheggio-con-cicalino-pro-fuzion.jpg HTTP/1.0" 200 27499 "https://www.fuzion.it/kit-sensori-di-parcheggio/510-1664-kit-4-sensori-di-parcheggio-con-cicalino-pro-fuzion.html?gclid=CjwKCAjwzruGBhBAEiwAUqMR8BST0H-I1J8HfHxuFJcsDuoR3F3WdSYiLXQLl0KXvuqoE1mliJmiXxoCZTMQAvD_BwE" "Mozilla/5.0 (Linux; Android 8.0.0; PRA-LX1) AppleWebKit/537.36 (KHTML, like Gecko) Chrome/70.0.3538.110 Mobile Safari/537.36"
151.57.17.146 - - [20/Jun/2021:21:44:28 +0200] "GET /1208-medium_default/kit-4-sensori-di-parcheggio-con-cicalino-pro-fuzion.jpg HTTP/1.0" 200 61621 "https://www.fuzion.it/kit-sensori-di-parcheggio/510-1664-kit-4-sensori-di-parcheggio-con-cicalino-pro-fuzion.html?gclid=CjwKCAjwzruGBhBAEiwAUqMR8BST0H-I1J8HfHxuFJcsDuoR3F3WdSYiLXQLl0KXvuqoE1mliJmiXxoCZTMQAvD_BwE" "Mozilla/5.0 (Linux; Android 8.0.0; PRA-LX1) AppleWebKit/537.36 (KHTML, like Gecko) Chrome/70.0.3538.110 Mobile Safari/537.36"
151.57.17.146 - - [20/Jun/2021:21:44:28 +0200] "GET /1203-medium_default/kit-4-sensori-di-parcheggio-con-cicalino-pro-fuzion.jpg HTTP/1.0" 200 27591 "https://www.fuzion.it/kit-sensori-di-parcheggio/510-1664-kit-4-sensori-di-parcheggio-con-cicalino-pro-fuzion.html?gclid=CjwKCAjwzruGBhBAEiwAUqMR8BST0H-I1J8HfHxuFJcsDuoR3F3WdSYiLXQLl0KXvuqoE1mliJmiXxoCZTMQAvD_BwE" "Mozilla/5.0 (Linux; Android 8.0.0; PRA-LX1) AppleWebKit/537.36 (KHTML, like Gecko) Chrome/70.0.3538.110 Mobile Safari/537.36"
151.57.17.146 - - [20/Jun/2021:21:44:28 +0200] "GET /1205-medium_default/kit-4-sensori-di-parcheggio-con-cicalino-pro-fuzion.jpg HTTP/1.0" 200 40053 "https://www.fuzion.it/kit-sensori-di-parcheggio/510-1664-kit-4-sensori-di-parcheggio-con-cicalino-pro-fuzion.html?gclid=CjwKCAjwzruGBhBAEiwAUqMR8BST0H-I1J8HfHxuFJcsDuoR3F3WdSYiLXQLl0KXvuqoE1mliJmiXxoCZTMQAvD_BwE" "Mozilla/5.0 (Linux; Android 8.0.0; PRA-LX1) AppleWebKit/537.36 (KHTML, like Gecko) Chrome/70.0.3538.110 Mobile Safari/537.36"
151.57.17.146 - - [20/Jun/2021:21:44:28 +0200] "GET /1202-home_default/kit-4-sensori-di-parcheggio-con-cicalino-pro-fuzion.jpg HTTP/1.0" 200 15352 "https://www.fuzion.it/kit-sensori-di-parcheggio/510-1664-kit-4-sensori-di-parcheggio-con-cicalino-pro-fuzion.html?gclid=CjwKCAjwzruGBhBAEiwAUqMR8BST0H-I1J8HfHxuFJcsDuoR3F3WdSYiLXQLl0KXvuqoE1mliJmiXxoCZTMQAvD_BwE" "Mozilla/5.0 (Linux; Android 8.0.0; PRA-LX1) AppleWebKit/537.36 (KHTML, like Gecko) Chrome/70.0.3538.110 Mobile Safari/537.36"
151.57.17.146 - - [20/Jun/2021:21:44:28 +0200] "GET /2918-medium_default/kit-4-sensori-di-parcheggio-con-cicalino-pro-fuzion.jpg HTTP/1.0" 200 251829 "https://www.fuzion.it/kit-sensori-di-parcheggio/510-1664-kit-4-sensori-di-parcheggio-con-cicalino-pro-fuzion.html?gclid=CjwKCAjwzruGBhBAEiwAUqMR8BST0H-I1J8HfHxuFJcsDuoR3F3WdSYiLXQLl0KXvuqoE1mliJmiXxoCZTMQAvD_BwE" "Mozilla/5.0 (Linux; Android 8.0.0; PRA-LX1) AppleWebKit/537.36 (KHTML, like Gecko) Chrome/70.0.3538.110 Mobile Safari/537.36"
151.57.17.146 - - [20/Jun/2021:21:44:28 +0200] "GET /2916-medium_default/kit-4-sensori-di-parcheggio-con-cicalino-pro-fuzion.jpg HTTP/1.0" 200 178177 "https://www.fuzion.it/kit-sensori-di-parcheggio/510-1664-kit-4-sensori-di-parcheggio-con-cicalino-pro-fuzion.html?gclid=CjwKCAjwzruGBhBAEiwAUqMR8BST0H-I1J8HfHxuFJcsDuoR3F3WdSYiLXQLl0KXvuqoE1mliJmiXxoCZTMQAvD_BwE" "Mozilla/5.0 (Linux; Android 8.0.0; PRA-LX1) AppleWebKit/537.36 (KHTML, like Gecko) Chrome/70.0.3538.110 Mobile Safari/537.36"
151.57.17.146 - - [20/Jun/2021:21:44:28 +0200] "GET /2917-medium_default/kit-4-sensori-di-parcheggio-con-cicalino-pro-fuzion.jpg HTTP/1.0" 200 265549 "https://www.fuzion.it/kit-sensori-di-parcheggio/510-1664-kit-4-sensori-di-parcheggio-con-cicalino-pro-fuzion.html?gclid=CjwKCAjwzruGBhBAEiwAUqMR8BST0H-I1J8HfHxuFJcsDuoR3F3WdSYiLXQLl0KXvuqoE1mliJmiXxoCZTMQAvD_BwE" "Mozilla/5.0 (Linux; Android 8.0.0; PRA-LX1) AppleWebKit/537.36 (KHTML, like Gecko) Chrome/70.0.3538.110 Mobile Safari/537.36"
151.57.17.146 - - [20/Jun/2021:21:44:30 +0200] "POST /module/newsletterpro/ajax HTTP/1.0" 200 519 "https://www.fuzion.it/kit-sensori-di-parcheggio/510-1664-kit-4-sensori-di-parcheggio-con-cicalino-pro-fuzion.html?gclid=CjwKCAjwzruGBhBAEiwAUqMR8BST0H-I1J8HfHxuFJcsDuoR3F3WdSYiLXQLl0KXvuqoE1mliJmiXxoCZTMQAvD_BwE" "Mozilla/5.0 (Linux; Android 8.0.0; PRA-LX1) AppleWebKit/537.36 (KHTML, like Gecko) Chrome/70.0.3538.110 Mobile Safari/537.36"
151.57.17.146 - - [20/Jun/2021:21:44:35 +0200] "POST /module/zonethememanager/getFinalDate HTTP/1.0" 200 775 "https://www.fuzion.it/kit-sensori-di-parcheggio/510-1664-kit-4-sensori-di-parcheggio-con-cicalino-pro-fuzion.html?gclid=CjwKCAjwzruGBhBAEiwAUqMR8BST0H-I1J8HfHxuFJcsDuoR3F3WdSYiLXQLl0KXvuqoE1mliJmiXxoCZTMQAvD_BwE" "Mozilla/5.0 (Linux; Android 8.0.0; PRA-LX1) AppleWebKit/537.36 (KHTML, like Gecko) Chrome/70.0.3538.110 Mobile Safari/537.36"
151.57.17.146 - - [20/Jun/2021:21:44:36 +0200] "POST /module/zonethememanager/categoryTree HTTP/1.0" 200 10897 "https://www.fuzion.it/kit-sensori-di-parcheggio/510-1664-kit-4-sensori-di-parcheggio-con-cicalino-pro-fuzion.html?gclid=CjwKCAjwzruGBhBAEiwAUqMR8BST0H-I1J8HfHxuFJcsDuoR3F3WdSYiLXQLl0KXvuqoE1mliJmiXxoCZTMQAvD_BwE" "Mozilla/5.0 (Linux; Android 8.0.0; PRA-LX1) AppleWebKit/537.36 (KHTML, like Gecko) Chrome/70.0.3538.110 Mobile Safari/537.36"
35.195.228.149 - - [20/Jun/2021:21:44:36 +0200] "POST /module/ps_checkout/DispatchWebHook HTTP/1.0" 200 911 "-" "-"
40.77.167.21 - - [20/Jun/2021:21:44:37 +0200] "GET /lampade-alogene-12volt/501-ba15s-p21w-1156-alogene-super-white-pro-effetto-xenon-hid-fuzion.html HTTP/1.0" 200 141224 "-" "Mozilla/5.0 (compatible; bingbot/2.0; +http://www.bing.com/bingbot.htm)"
114.119.145.79 - - [20/Jun/2021:21:44:48 +0200] "GET /ricambi-xenon-auto-professionali/392-kit-ricambio-lampade-xenon-d8s-oem-xenpro-fuzion-pro-quality.html HTTP/1.0" 200 148971 "-" "Mozilla/5.0 (Linux; Android 7.0;) AppleWebKit/537.36 (KHTML, like Gecko) Mobile Safari/537.36 (compatible; PetalBot;+https://webmaster.petalsearch.com/site/petalbot)"
35.195.228.149 - - [20/Jun/2021:21:44:53 +0200] "POST /module/ps_checkout/DispatchWebHook HTTP/1.0" 200 911 "-" "-"
79.12.56.212 - - [20/Jun/2021:21:45:16 +0200] "GET /ordine HTTP/1.0" 302 368 "https://www.fuzion.it/ordine" "Mozilla/5.0 (Linux; Android 8.0.0; BAH2-L09) AppleWebKit/537.36 (KHTML, like Gecko) Chrome/91.0.4472.101 Safari/537.36"
79.12.56.212 - - [20/Jun/2021:21:45:16 +0200] "GET /carrello HTTP/1.0" 302 393 "https://www.fuzion.it/ordine" "Mozilla/5.0 (Linux; Android 8.0.0; BAH2-L09) AppleWebKit/537.36 (KHTML, like Gecko) Chrome/91.0.4472.101 Safari/537.36"
79.12.56.212 - - [20/Jun/2021:21:45:16 +0200] "GET / HTTP/1.0" 200 292013 "https://www.fuzion.it/ordine" "Mozilla/5.0 (Linux; Android 8.0.0; BAH2-L09) AppleWebKit/537.36 (KHTML, like Gecko) Chrome/91.0.4472.101 Safari/537.36"
79.12.56.212 - - [20/Jun/2021:21:45:22 +0200] "GET / HTTP/1.0" 200 291771 "https://www.fuzion.it/ordine" "Mozilla/5.0 (Linux; Android 8.0.0; BAH2-L09) AppleWebKit/537.36 (KHTML, like Gecko) Chrome/91.0.4472.101 Safari/537.36"
79.12.56.212 - - [20/Jun/2021:21:45:25 +0200] "GET /1103-home_default/h15-alogene-super-white-pro-effetto-xenon-hid-fuzion.jpg HTTP/1.0" 200 13207 "https://www.fuzion.it/lampade-alogene-12volt/502-bay15d-p215w-1157-alogene-super-white-pro-effetto-xenon-hid-fuzion.html" "Mozilla/5.0 (Linux; Android 8.0.0; BAH2-L09) AppleWebKit/537.36 (KHTML, like Gecko) Chrome/91.0.4472.101 Safari/537.36"
79.12.56.212 - - [20/Jun/2021:21:45:25 +0200] "GET /1133-home_default/hir2-9012-alogene-super-white-pro-effetto-xenon-hid-fuzion.jpg HTTP/1.0" 200 11082 "https://www.fuzion.it/lampade-alogene-12volt/502-bay15d-p215w-1157-alogene-super-white-pro-effetto-xenon-hid-fuzion.html" "Mozilla/5.0 (Linux; Android 8.0.0; BAH2-L09) AppleWebKit/537.36 (KHTML, like Gecko) Chrome/91.0.4472.101 Safari/537.36"
79.12.56.212 - - [20/Jun/2021:21:45:25 +0200] "GET /2877-home_default/kit-ricambio-lampade-xenon-d2s-oem-xenpro-fuzion-pro-quality.jpg HTTP/1.0" 200 84248 "https://www.fuzion.it/" "Mozilla/5.0 (Linux; Android 8.0.0; BAH2-L09) AppleWebKit/537.36 (KHTML, like Gecko) Chrome/91.0.4472.101 Safari/537.36"
79.12.56.212 - - [20/Jun/2021:21:45:26 +0200] "GET /847-home_default/kit-ricambio-lampade-xenon-d5s-oem-xenpro-fuzion-pro-quality.jpg HTTP/1.0" 200 9013 "https://www.fuzion.it/" "Mozilla/5.0 (Linux; Android 8.0.0; BAH2-L09) AppleWebKit/537.36 (KHTML, like Gecko) Chrome/91.0.4472.101 Safari/537.36"
79.12.56.212 - - [20/Jun/2021:21:45:26 +0200] "GET /944-home_default/centralina-xenon-valeo-lad5g-12pin-alta-qualita-fuzion.jpg HTTP/1.0" 200 10495 "https://www.fuzion.it/" "Mozilla/5.0 (Linux; Android 8.0.0; BAH2-L09) AppleWebKit/537.36 (KHTML, like Gecko) Chrome/91.0.4472.101 Safari/537.36"
79.12.56.212 - - [20/Jun/2021:21:45:26 +0200] "GET /2904-home_default/kit-ricambio-lampade-xenon-d1s-hid-standard-fuzion.jpg HTTP/1.0" 200 77056 "https://www.fuzion.it/" "Mozilla/5.0 (Linux; Android 8.0.0; BAH2-L09) AppleWebKit/537.36 (KHTML, like Gecko) Chrome/91.0.4472.101 Safari/537.36"
79.12.56.212 - - [20/Jun/2021:21:45:26 +0200] "POST /module/newsletterpro/ajax HTTP/1.0" 200 519 "https://www.fuzion.it/" "Mozilla/5.0 (Linux; Android 8.0.0; BAH2-L09) AppleWebKit/537.36 (KHTML, like Gecko) Chrome/91.0.4472.101 Safari/537.36"
79.12.56.212 - - [20/Jun/2021:21:45:26 +0200] "POST /module/zonethememanager/getFinalDateMiniature HTTP/1.0" 200 21433 "https://www.fuzion.it/" "Mozilla/5.0 (Linux; Android 8.0.0; BAH2-L09) AppleWebKit/537.36 (KHTML, like Gecko) Chrome/91.0.4472.101 Safari/537.36"
79.12.56.212 - - [20/Jun/2021:21:45:29 +0200] "POST /module/zonethememanager/categoryTree HTTP/1.0" 200 10897 "https://www.fuzion.it/" "Mozilla/5.0 (Linux; Android 8.0.0; BAH2-L09) AppleWebKit/537.36 (KHTML, like Gecko) Chrome/91.0.4472.101 Safari/537.36"
114.119.145.79 - - [20/Jun/2021:21:46:21 +0200] "GET /101-ricambi-xenon-auto-alta-qualita-?page=3 HTTP/1.0" 503 57862 "-" "Mozilla/5.0 (Linux; Android 7.0;) AppleWebKit/537.36 (KHTML, like Gecko) Mobile Safari/537.36 (compatible; PetalBot;+https://webmaster.petalsearch.com/site/petalbot)"
17.121.115.188 - - [20/Jun/2021:21:47:12 +0200] "GET /191-retrocamere-e-frontecamere HTTP/1.0" 302 942 "-" "Mozilla/5.0 (Macintosh; Intel Mac OS X 10_15_5) AppleWebKit/605.1.15 (KHTML, like Gecko) Version/13.1.1 Safari/605.1.15 (Applebot/0.1; +http://www.apple.com/go/applebot)"
17.121.115.188 - - [20/Jun/2021:21:47:13 +0200] "GET /index.php?controller=404 HTTP/1.0" 404 48662 "-" "Mozilla/5.0 (Macintosh; Intel Mac OS X 10_15_5) AppleWebKit/605.1.15 (KHTML, like Gecko) Version/13.1.1 Safari/605.1.15 (Applebot/0.1; +http://www.apple.com/go/applebot)"
114.119.148.208 - - [20/Jun/2021:21:47:31 +0200] "GET /2-categorie?q=Categorie-LAMPADE%2BANGEL%2BEYES%2BLED%2BBMW&page=43 HTTP/1.0" 200 185088 "-" "Mozilla/5.0 (Linux; Android 7.0;) AppleWebKit/537.36 (KHTML, like Gecko) Mobile Safari/537.36 (compatible; PetalBot;+https://webmaster.petalsearch.com/site/petalbot)"
157.55.39.75 - - [20/Jun/2021:21:48:24 +0200] "GET /kit-led-moto-alta-qualita-/607-hb3-9005-kit-led-moto-36w-canbus-alta-qualita-fuzion.html HTTP/1.0" 200 150045 "-" "Mozilla/5.0 (compatible; bingbot/2.0; +http://www.bing.com/bingbot.htm)"
114.119.145.192 - - [20/Jun/2021:21:48:33 +0200] "GET /offerte?page=7 HTTP/1.0" 200 158077 "-" "Mozilla/5.0 (Linux; Android 7.0;) AppleWebKit/537.36 (KHTML, like Gecko) Mobile Safari/537.36 (compatible; PetalBot;+https://webmaster.petalsearch.com/site/petalbot)"
185.191.171.25 - - [20/Jun/2021:21:48:56 +0200] "GET /kit-xenon-digital-64bit-55w/69-219-kit-xenon-h10-digital-64bit-55w-alta-qualita-.html HTTP/1.0" 200 139571 "-" "Mozilla/5.0 (compatible; SemrushBot/7~bl; +http://www.semrush.com/bot.html)"
185.191.171.8 - - [20/Jun/2021:21:48:58 +0200] "GET /kit-xenon-digital-64bit-55w/69-kit-xenon-h10-digital-64bit-55w-alta-qualita-.html HTTP/1.0" 200 139524 "-" "Mozilla/5.0 (compatible; SemrushBot/7~bl; +http://www.semrush.com/bot.html)"
66.249.89.202 - - [20/Jun/2021:21:49:49 +0200] "GET /ricambi-xenon-veicoli-24volt-pro/397-kit-ricambio-lampade-xenon-h7-24v-xenpro-fuzion-pro-quality.html HTTP/1.0" 200 132931 "-" "AdsBot-Google (+http://www.google.com/adsbot.html)"
114.119.139.115 - - [20/Jun/2021:21:49:58 +0200] "GET /2-categorie?q=Categorie-LAMPADE%2BALOGENE%2B12VOLT&page=54 HTTP/1.0" 200 185222 "-" "Mozilla/5.0 (Linux; Android 7.0;) AppleWebKit/537.36 (KHTML, like Gecko) Mobile Safari/537.36 (compatible; PetalBot;+https://webmaster.petalsearch.com/site/petalbot)"
66.249.89.204 - - [20/Jun/2021:21:50:10 +0200] "POST /module/newsletterpro/ajax HTTP/1.0" 200 519 "https://www.fuzion.it/ricambi-xenon-veicoli-24volt-pro/397-kit-ricambio-lampade-xenon-h7-24v-xenpro-fuzion-pro-quality.html" "AdsBot-Google (+http://www.google.com/adsbot.html)"
66.249.89.200 - - [20/Jun/2021:21:50:18 +0200] "POST /module/zonethememanager/getFinalDate HTTP/1.0" 200 775 "https://www.fuzion.it/ricambi-xenon-veicoli-24volt-pro/397-kit-ricambio-lampade-xenon-h7-24v-xenpro-fuzion-pro-quality.html" "AdsBot-Google (+http://www.google.com/adsbot.html)"
157.55.39.88 - - [20/Jun/2021:21:50:19 +0200] "GET /kit-led-per-veicoli-24volt/519-h7-kit-led-matrix-50w-canbus-pro-fuzion.html HTTP/1.0" 200 176076 "-" "Mozilla/5.0 (compatible; bingbot/2.0; +http://www.bing.com/bingbot.htm)"
66.249.89.200 - - [20/Jun/2021:21:50:27 +0200] "POST /module/zonemegamenu/menuDropdownContent HTTP/1.0" 200 479 "https://www.fuzion.it/ricambi-xenon-veicoli-24volt-pro/397-kit-ricambio-lampade-xenon-h7-24v-xenpro-fuzion-pro-quality.html" "AdsBot-Google (+http://www.google.com/adsbot.html)"
